2a03:2880:f800:: - - [18/Jul/2026:01:54:51 -0400] "GET /ja/shopping/bufing/890840358878 HTTP/1.1" 404 21594 revealmyway.com "-" "Mozilla/5.0 (Windows NT 10.0; Win64; x64) AppleWebKit/537.36 (KHTML, like Gecko) Chrome/145.0.0.0 Safari/537.36 (compatible; meta-externalagent/1.1 (+https://developers.facebook.com/docs/sharing/webmasters/crawler))" "-"
74.7.241.0 - - [18/Jul/2026:01:54:54 -0400] "GET /?loknya=/proc/irq/56/megasas0-msix30 HTTP/1.1" 200 5211 coaches.revealmyway.com "https://coaches.revealmyway.com/?loknya=/proc/irq/56" "Mozilla/5.0 AppleWebKit/537.36 (KHTML, like Gecko; compatible; GPTBot/1.4; +https://openai.com/gptbot)" "-"
114.119.158.0 - - [18/Jul/2026:01:54:56 -0400] "GET /shop/trusts/slack/89037892647.shtml HTTP/1.1" 404 21594 revealmyway.com "https://www.revealmyway.com/sitemap-goods-4528.xml" "Mozilla/5.0 (Linux; Android 7.0;) AppleWebKit/537.36 (HTML, like Gecko) Mobile Safari/537.36 (compatible; PetalBot;+https://webmaster.petalsearch.com/site/petalbot)" "-"
2a03:2880:f800:: - - [18/Jul/2026:01:55:15 -0400] "GET /ja/shopping/thy/891053135679 HTTP/1.1" 404 21594 revealmyway.com "-" "Mozilla/5.0 (Windows NT 10.0; Win64; x64) AppleWebKit/537.36 (KHTML, like Gecko) Chrome/145.0.0.0 Safari/537.36 (compatible; meta-externalagent/1.1 (+https://developers.facebook.com/docs/sharing/webmasters/crawler))" "-"
74.7.241.0 - - [18/Jul/2026:01:55:37 -0400] "GET /?lokasie=/proc/irq/76/node&loknya=/proc/irq/76 HTTP/1.1" 200 4025 coaches.revealmyway.com "https://coaches.revealmyway.com/?loknya=/proc/irq/76" "Mozilla/5.0 AppleWebKit/537.36 (KHTML, like Gecko; compatible; GPTBot/1.4; +https://openai.com/gptbot)" "-"
2a03:2880:f800:: - - [18/Jul/2026:01:55:39 -0400] "GET /news-sitemap.xml HTTP/1.1" 404 21594 revealmyway.com "-" "Mozilla/5.0 (Windows NT 10.0; Win64; x64) AppleWebKit/537.36 (KHTML, like Gecko) Chrome/145.0.0.0 Safari/537.36 (compatible; meta-externalagent/1.1 (+https://developers.facebook.com/docs/sharing/webmasters/crawler))" "-"
114.119.159.0 - - [18/Jul/2026:01:55:55 -0400] "GET /shop/tripadvisor/straw/8889891083.shtml HTTP/1.1" 301 - www.revealmyway.com "https://www.revealmyway.com/sitemap-goods-6008.xml" "Mozilla/5.0 (Linux; Android 7.0;) AppleWebKit/537.36 (HTML, like Gecko) Mobile Safari/537.36 (compatible; PetalBot;+https://webmaster.petalsearch.com/site/petalbot)" "-"
114.119.159.0 - - [18/Jul/2026:01:55:57 -0400] "GET /shop/tripadvisor/straw/8889891083.shtml HTTP/1.1" 404 21594 revealmyway.com "https://www.revealmyway.com/sitemap-goods-6008.xml" "Mozilla/5.0 (Linux; Android 7.0;) AppleWebKit/537.36 (HTML, like Gecko) Mobile Safari/537.36 (compatible; PetalBot;+https://webmaster.petalsearch.com/site/petalbot)" "-"
2a03:2880:f800:: - - [18/Jul/2026:01:56:03 -0400] "GET /wp-includes/revisions.php?ja/shopping/perez/890371483797 HTTP/1.1" 403 1271 www.revealmyway.com "-" "Mozilla/5.0 (Windows NT 10.0; Win64; x64) AppleWebKit/537.36 (KHTML, like Gecko) Chrome/145.0.0.0 Safari/537.36 (compatible; meta-externalagent/1.1 (+https://developers.facebook.com/docs/sharing/webmasters/crawler))" "-"
74.7.241.0 - - [18/Jul/2026:01:56:14 -0400] "GET /?lokasie=/proc/irq/56/node&loknya=/proc/irq/56 HTTP/1.1" 200 4025 coaches.revealmyway.com "https://coaches.revealmyway.com/?loknya=/proc/irq/56" "Mozilla/5.0 AppleWebKit/537.36 (KHTML, like Gecko; compatible; GPTBot/1.4; +https://openai.com/gptbot)" "-"
2a03:2880:f800:: - - [18/Jul/2026:01:56:27 -0400] "GET /ja/shopping/tungsten/890828161698 HTTP/1.1" 404 21594 revealmyway.com "-" "Mozilla/5.0 (Macintosh; Intel Mac OS X 10_15_7) AppleWebKit/537.36 (KHTML, like Gecko) Chrome/145.0.0.0 Safari/537.36 (compatible; meta-externalagent/1.1 (+https://developers.facebook.com/docs/sharing/webmasters/crawler))" "-"
74.7.241.0 - - [18/Jul/2026:01:56:49 -0400] "GET /?lokasie=/proc/irq/27/node&loknya=/proc/irq/27 HTTP/1.1" 200 4025 coaches.revealmyway.com "https://coaches.revealmyway.com/?loknya=/proc/irq/27" "Mozilla/5.0 AppleWebKit/537.36 (KHTML, like Gecko; compatible; GPTBot/1.4; +https://openai.com/gptbot)" "-"
2a03:2880:f800:: - - [18/Jul/2026:01:56:52 -0400] "GET /ja/shopping/approaching/891074080462 HTTP/1.1" 404 21594 revealmyway.com "-" "Mozilla/5.0 (X11; Linux x86_64) AppleWebKit/537.36 (KHTML, like Gecko) Chrome/145.0.0.0 Safari/537.36 (compatible; meta-externalagent/1.1 (+https://developers.facebook.com/docs/sharing/webmasters/crawler))" "-"
162.55.103.0 - - [18/Jul/2026:01:57:00 -0400] "GET / HTTP/1.1" 200 27217 revealmyway.com "-" "Mozilla/5.0 (Windows NT 10.0; Win64; x64) AppleWebKit/537.36 (KHTML, like Gecko) Chrome/116.0.0.0 Safari/537.36" "-"
17.241.219.0 - - [18/Jul/2026:01:57:13 -0400] "GET /local-casinos-in-australia/ HTTP/1.1" 200 41828 coaches.revealmyway.com "-" "Mozilla/5.0 (Macintosh; Intel Mac OS X 10_15_7) AppleWebKit/605.1.15 (KHTML, like Gecko) Version/17.4 Safari/605.1.15 (Applebot/0.1; +http://www.apple.com/go/applebot)" "-"
2a03:2880:f800:: - - [18/Jul/2026:01:57:16 -0400] "GET /ja/shopping/committees/890742733415 HTTP/1.1" 404 21594 revealmyway.com "-" "Mozilla/5.0 (Windows NT 10.0; Win64; x64) AppleWebKit/537.36 (KHTML, like Gecko) Chrome/145.0.0.0 Safari/537.36 (compatible; meta-externalagent/1.1 (+https://developers.facebook.com/docs/sharing/webmasters/crawler))" "-"
114.119.154.0 - - [18/Jul/2026:01:57:18 -0400] "GET /shop/transgender/howto/88974705022.shtml HTTP/1.1" 301 - www.revealmyway.com "https://www.revealmyway.com/sitemap-goods-6683.xml" "Mozilla/5.0 (Linux; Android 7.0;) AppleWebKit/537.36 (HTML, like Gecko) Mobile Safari/537.36 (compatible; PetalBot;+https://webmaster.petalsearch.com/site/petalbot)" "-"
74.7.241.0 - - [18/Jul/2026:01:57:18 -0400] "GET /?lokasie=/proc/irq/36/node&loknya=/proc/irq/36 HTTP/1.1" 200 4025 coaches.revealmyway.com "https://coaches.revealmyway.com/?loknya=/proc/irq/36" "Mozilla/5.0 AppleWebKit/537.36 (KHTML, like Gecko; compatible; GPTBot/1.4; +https://openai.com/gptbot)" "-"
114.119.154.0 - - [18/Jul/2026:01:57:20 -0400] "GET /shop/transgender/howto/88974705022.shtml HTTP/1.1" 404 21594 revealmyway.com "https://www.revealmyway.com/sitemap-goods-6683.xml" "Mozilla/5.0 (Linux; Android 7.0;) AppleWebKit/537.36 (HTML, like Gecko) Mobile Safari/537.36 (compatible; PetalBot;+https://webmaster.petalsearch.com/site/petalbot)" "-"
2a03:2880:f800:: - - [18/Jul/2026:01:57:40 -0400] "GET /ja/shopping/drawers/891144566728 HTTP/1.1" 404 21594 revealmyway.com "-" "Mozilla/5.0 (Windows NT 10.0; Win64; x64) AppleWebKit/537.36 (KHTML, like Gecko) Chrome/145.0.0.0 Safari/537.36 (compatible; meta-externalagent/1.1 (+https://developers.facebook.com/docs/sharing/webmasters/crawler))" "-"
74.7.241.0 - - [18/Jul/2026:01:57:46 -0400] "GET /?lokasie=/proc/irq/69/node&loknya=/proc/irq/69 HTTP/1.1" 200 4025 coaches.revealmyway.com "https://coaches.revealmyway.com/?loknya=/proc/irq/69" "Mozilla/5.0 AppleWebKit/537.36 (KHTML, like Gecko; compatible; GPTBot/1.4; +https://openai.com/gptbot)" "-"
2a03:2880:f800:: - - [18/Jul/2026:01:58:04 -0400] "GET /ja/shopping/specials/890846192366 HTTP/1.1" 404 21594 revealmyway.com "-" "Mozilla/5.0 (Macintosh; Intel Mac OS X 10_15_7) AppleWebKit/537.36 (KHTML, like Gecko) Chrome/145.0.0.0 Safari/537.36 (compatible; meta-externalagent/1.1 (+https://developers.facebook.com/docs/sharing/webmasters/crawler))" "-"
74.7.241.0 - - [18/Jul/2026:01:58:10 -0400] "GET /?loknya=/proc/irq/96 HTTP/1.1" 200 12644 coaches.revealmyway.com "https://coaches.revealmyway.com/?loknya=/proc/irq" "Mozilla/5.0 AppleWebKit/537.36 (KHTML, like Gecko; compatible; GPTBot/1.4; +https://openai.com/gptbot)" "-"
2a03:2880:f800:: - - [18/Jul/2026:01:58:28 -0400] "GET /ja/shopping/nicotine/890882007877 HTTP/1.1" 404 21594 revealmyway.com "-" "Mozilla/5.0 (Windows NT 10.0; Win64; x64) AppleWebKit/537.36 (KHTML, like Gecko) Chrome/145.0.0.0 Safari/537.36 (compatible; meta-externalagent/1.1 (+https://developers.facebook.com/docs/sharing/webmasters/crawler))" "-"
74.7.241.0 - - [18/Jul/2026:01:58:33 -0400] "GET /?loknya=/proc/irq/36/ HTTP/1.1" 200 12612 coaches.revealmyway.com "https://coaches.revealmyway.com/?loknya=/proc/irq/36/megasas0-msix10" "Mozilla/5.0 AppleWebKit/537.36 (KHTML, like Gecko; compatible; GPTBot/1.4; +https://openai.com/gptbot)" "-"
114.119.152.0 - - [18/Jul/2026:01:58:42 -0400] "GET /shop/timestamp/customs/891025588963.shtml HTTP/1.1" 301 - www.revealmyway.com "https://www.revealmyway.com/sitemap-goods-4454.xml" "Mozilla/5.0 (Linux; Android 7.0;) AppleWebKit/537.36 (HTML, like Gecko) Mobile Safari/537.36 (compatible; PetalBot;+https://webmaster.petalsearch.com/site/petalbot)" "-"
114.119.152.0 - - [18/Jul/2026:01:58:44 -0400] "GET /shop/timestamp/customs/891025588963.shtml HTTP/1.1" 404 21594 revealmyway.com "https://www.revealmyway.com/sitemap-goods-4454.xml" "Mozilla/5.0 (Linux; Android 7.0;) AppleWebKit/537.36 (HTML, like Gecko) Mobile Safari/537.36 (compatible; PetalBot;+https://webmaster.petalsearch.com/site/petalbot)" "-"
66.249.64.0 - - [18/Jul/2026:01:58:48 -0400] "GET /?shop/mineral88974602815.shtml HTTP/1.1" 301 - revealmyway.com "-" "Mozilla/5.0 (Linux; Android 6.0.1; Nexus 5X Build/MMB29P) AppleWebKit/537.36 (KHTML, like Gecko) Chrome/150.0.7871.124 Mobile Safari/537.36 (compatible; Googlebot/2.1; +http://www.google.com/bot.html)" "-"
66.249.64.0 - - [18/Jul/2026:01:58:49 -0400] "GET /?shop%2Fmineral88974602815_shtml HTTP/1.1" 200 27217 revealmyway.com "-" "Mozilla/5.0 (Linux; Android 6.0.1; Nexus 5X Build/MMB29P) AppleWebKit/537.36 (KHTML, like Gecko) Chrome/150.0.7871.124 Mobile Safari/537.36 (compatible; Googlebot/2.1; +http://www.google.com/bot.html)" "-"
2a03:2880:f800:: - - [18/Jul/2026:01:58:52 -0400] "GET /ja/shopping/democratic/890952732914 HTTP/1.1" 404 21594 revealmyway.com "-" "Mozilla/5.0 (Windows NT 10.0; Win64; x64) AppleWebKit/537.36 (KHTML, like Gecko) Chrome/145.0.0.0 Safari/537.36 (compatible; meta-externalagent/1.1 (+https://developers.facebook.com/docs/sharing/webmasters/crawler))" "-"
74.7.241.0 - - [18/Jul/2026:01:58:53 -0400] "GET /?loknya=/proc/irq/83 HTTP/1.1" 200 12596 coaches.revealmyway.com "https://coaches.revealmyway.com/?loknya=/proc/irq" "Mozilla/5.0 AppleWebKit/537.36 (KHTML, like Gecko; compatible; GPTBot/1.4; +https://openai.com/gptbot)" "-"
74.7.241.0 - - [18/Jul/2026:01:59:11 -0400] "GET /?loknya=/proc/irq/39/ HTTP/1.1" 200 12612 coaches.revealmyway.com "https://coaches.revealmyway.com/?loknya=/proc/irq/39/megasas0-msix13" "Mozilla/5.0 AppleWebKit/537.36 (KHTML, like Gecko; compatible; GPTBot/1.4; +https://openai.com/gptbot)" "-"
2a03:2880:f800:: - - [18/Jul/2026:01:59:15 -0400] "GET /wp-includes/revisions.php?ja/shopping/blessing/89016780758 HTTP/1.1" 403 1271 www.revealmyway.com "-" "Mozilla/5.0 (Macintosh; Intel Mac OS X 10_15_7) AppleWebKit/537.36 (KHTML, like Gecko) Chrome/145.0.0.0 Safari/537.36 (compatible; meta-externalagent/1.1 (+https://developers.facebook.com/docs/sharing/webmasters/crawler))" "-"
2.75.155.0 - - [18/Jul/2026:01:59:23 -0400] "GET /ol/0/ HTTP/1.1" 404 21594 revealmyway.com "-" "Mozilla/5.0 (Macintosh; Intel Mac OS X 10_15_7) AppleWebKit/537.36 (KHTML, like Gecko) Chrome/99.0.4844.51 Safari/537.36" "-"
74.7.241.0 - - [18/Jul/2026:01:59:27 -0400] "GET /?loknya=/proc/irq/94 HTTP/1.1" 200 12596 coaches.revealmyway.com "https://coaches.revealmyway.com/?loknya=/proc/irq" "Mozilla/5.0 AppleWebKit/537.36 (KHTML, like Gecko; compatible; GPTBot/1.4; +https://openai.com/gptbot)" "-"
2a03:2880:f800:: - - [18/Jul/2026:01:59:40 -0400] "GET /ja/shopping/penetration/890730858630 HTTP/1.1" 404 21594 revealmyway.com "-" "Mozilla/5.0 (Windows NT 10.0; Win64; x64) AppleWebKit/537.36 (KHTML, like Gecko) Chrome/145.0.0.0 Safari/537.36 (compatible; meta-externalagent/1.1 (+https://developers.facebook.com/docs/sharing/webmasters/crawler))" "-"
74.7.241.0 - - [18/Jul/2026:01:59:41 -0400] "GET /?loknya=/proc/irq/56/ HTTP/1.1" 200 12612 coaches.revealmyway.com "https://coaches.revealmyway.com/?loknya=/proc/irq/56/megasas0-msix30" "Mozilla/5.0 AppleWebKit/537.36 (KHTML, like Gecko; compatible; GPTBot/1.4; +https://openai.com/gptbot)" "-"
74.7.241.0 - - [18/Jul/2026:01:59:54 -0400] "GET /?loknya=/proc/irq/44 HTTP/1.1" 429 267 coaches.revealmyway.com "https://coaches.revealmyway.com/?loknya=/proc/irq" "Mozilla/5.0 AppleWebKit/537.36 (KHTML, like Gecko; compatible; GPTBot/1.4; +https://openai.com/gptbot)" "-"
2a03:2880:f800:: - - [18/Jul/2026:02:00:04 -0400] "GET /ja/shopping/ballet/89087458554 HTTP/1.1" 404 21594 revealmyway.com "-" "Mozilla/5.0 (Windows NT 10.0; Win64; x64) AppleWebKit/537.36 (KHTML, like Gecko) Chrome/145.0.0.0 Safari/537.36 (compatible; meta-externalagent/1.1 (+https://developers.facebook.com/docs/sharing/webmasters/crawler))" "-"
74.7.241.0 - - [18/Jul/2026:02:00:05 -0400] "GET /?loknya=/proc/irq/93 HTTP/1.1" 429 267 coaches.revealmyway.com "https://coaches.revealmyway.com/?loknya=/proc/irq" "Mozilla/5.0 AppleWebKit/537.36 (KHTML, like Gecko; compatible; GPTBot/1.4; +https://openai.com/gptbot)" "-"
114.119.154.0 - - [18/Jul/2026:02:00:05 -0400] "GET /shop/tackles/trustee/89079582546.shtml HTTP/1.1" 301 - www.revealmyway.com "https://www.revealmyway.com/sitemap-goods-7217.xml" "Mozilla/5.0 (Linux; Android 7.0;) AppleWebKit/537.36 (HTML, like Gecko) Mobile Safari/537.36 (compatible; PetalBot;+https://webmaster.petalsearch.com/site/petalbot)" "-"
114.119.154.0 - - [18/Jul/2026:02:00:07 -0400] "GET /shop/tackles/trustee/89079582546.shtml HTTP/1.1" 404 21594 revealmyway.com "https://www.revealmyway.com/sitemap-goods-7217.xml" "Mozilla/5.0 (Linux; Android 7.0;) AppleWebKit/537.36 (HTML, like Gecko) Mobile Safari/537.36 (compatible; PetalBot;+https://webmaster.petalsearch.com/site/petalbot)" "-"
66.249.64.0 - - [18/Jul/2026:02:00:09 -0400] "GET /?shop/pricing890910495037.shtml HTTP/1.1" 301 - revealmyway.com "-" "Mozilla/5.0 (Linux; Android 6.0.1; Nexus 5X Build/MMB29P) AppleWebKit/537.36 (KHTML, like Gecko) Chrome/150.0.7871.124 Mobile Safari/537.36 (compatible; Googlebot/2.1; +http://www.google.com/bot.html)" "-"
66.249.64.0 - - [18/Jul/2026:02:00:10 -0400] "GET /?shop%2Fpricing890910495037_shtml HTTP/1.1" 200 27217 revealmyway.com "-" "Mozilla/5.0 (Linux; Android 6.0.1; Nexus 5X Build/MMB29P) AppleWebKit/537.36 (KHTML, like Gecko) Chrome/150.0.7871.124 Mobile Safari/537.36 (compatible; Googlebot/2.1; +http://www.google.com/bot.html)" "-"
2a03:2880:f800:: - - [18/Jul/2026:02:00:29 -0400] "GET /ja/shopping/backyard/89097600233 HTTP/1.1" 404 21594 revealmyway.com "-" "Mozilla/5.0 (Macintosh; Intel Mac OS X 10_15_7) AppleWebKit/537.36 (KHTML, like Gecko) Chrome/145.0.0.0 Safari/537.36 (compatible; meta-externalagent/1.1 (+https://developers.facebook.com/docs/sharing/webmasters/crawler))" "-"
74.7.241.0 - - [18/Jul/2026:02:00:39 -0400] "GET /?loknya=/proc/irq/87 HTTP/1.1" 429 267 coaches.revealmyway.com "https://coaches.revealmyway.com/?loknya=/proc/irq" "Mozilla/5.0 AppleWebKit/537.36 (KHTML, like Gecko; compatible; GPTBot/1.4; +https://openai.com/gptbot)" "-"
2a03:2880:f800:: - - [18/Jul/2026:02:00:52 -0400] "GET /ja/shopping/agreeing/890852283707 HTTP/1.1" 404 21594 revealmyway.com "-" "Mozilla/5.0 (Windows NT 10.0; Win64; x64) AppleWebKit/537.36 (KHTML, like Gecko) Chrome/145.0.0.0 Safari/537.36 (compatible; meta-externalagent/1.1 (+https://developers.facebook.com/docs/sharing/webmasters/crawler))" "-"
2a03:2880:f800:: - - [18/Jul/2026:02:01:17 -0400] "GET /ja/shopping/mentions/89105303916 HTTP/1.1" 404 21594 revealmyway.com "-" "Mozilla/5.0 (Macintosh; Intel Mac OS X 10_15_7) AppleWebKit/537.36 (KHTML, like Gecko) Chrome/145.0.0.0 Safari/537.36 (compatible; meta-externalagent/1.1 (+https://developers.facebook.com/docs/sharing/webmasters/crawler))" "-"
114.119.158.0 - - [18/Jul/2026:02:01:29 -0400] "GET /shop/supportive/aqueous/891355683042.shtml HTTP/1.1" 301 - www.revealmyway.com "https://www.revealmyway.com/sitemap-goods-7340.xml" "Mozilla/5.0 (Linux; Android 7.0;) AppleWebKit/537.36 (HTML, like Gecko) Mobile Safari/537.36 (compatible; PetalBot;+https://webmaster.petalsearch.com/site/petalbot)" "-"
114.119.158.0 - - [18/Jul/2026:02:01:31 -0400] "GET /shop/supportive/aqueous/891355683042.shtml HTTP/1.1" 404 21594 revealmyway.com "https://www.revealmyway.com/sitemap-goods-7340.xml" "Mozilla/5.0 (Linux; Android 7.0;) AppleWebKit/537.36 (HTML, like Gecko) Mobile Safari/537.36 (compatible; PetalBot;+https://webmaster.petalsearch.com/site/petalbot)" "-"
167.86.71.0 - - [18/Jul/2026:02:01:41 -0400] "GET /wp-admin/ HTTP/1.1" 302 - info.revealmyway.com "-" "Mozilla/5.0 (Windows NT 10.0; Win64; x64) AppleWebKit/537.36 (KHTML, like Gecko) Chrome/120.0.0.0 Safari/537.36" "-"
74.7.241.0 - - [18/Jul/2026:02:01:43 -0400] "GET /?loknya=/proc/irq/47 HTTP/1.1" 200 12588 coaches.revealmyway.com "https://coaches.revealmyway.com/?loknya=/proc/irq" "Mozilla/5.0 AppleWebKit/537.36 (KHTML, like Gecko; compatible; GPTBot/1.4; +https://openai.com/gptbot)" "-"
74.208.57.0 - - [18/Jul/2026:02:01:43 -0400] "POST /wp-cron.php?doing_wp_cron=1784354503.2729439735412597656250 HTTP/1.1" 200 - info.revealmyway.com "-" "WordPress/7.0.1; https://info.revealmyway.com" "-"
167.86.71.0 - - [18/Jul/2026:02:01:45 -0400] "GET /wp-admin/css/ HTTP/1.1" 403 1271 info.revealmyway.com "-" "Mozilla/5.0 (Windows NT 10.0; Win64; x64) AppleWebKit/537.36 (KHTML, like Gecko) Chrome/120.0.0.0 Safari/537.36" "-"
2a03:2880:f800:: - - [18/Jul/2026:02:01:46 -0400] "GET /ja/shopping/jury/890870075449 HTTP/1.1" 404 21594 revealmyway.com "-" "Mozilla/5.0 (Windows NT 10.0; Win64; x64) AppleWebKit/537.36 (KHTML, like Gecko) Chrome/145.0.0.0 Safari/537.36 (compatible; meta-externalagent/1.1 (+https://developers.facebook.com/docs/sharing/webmasters/crawler))" "-"
167.86.71.0 - - [18/Jul/2026:02:01:47 -0400] "GET /wp-admin/css/colors/ HTTP/1.1" 403 1271 info.revealmyway.com "-" "Mozilla/5.0 (Windows NT 10.0; Win64; x64) AppleWebKit/537.36 (KHTML, like Gecko) Chrome/120.0.0.0 Safari/537.36" "-"
167.86.71.0 - - [18/Jul/2026:02:01:48 -0400] "GET /wp-admin/css/colors/blue/ HTTP/1.1" 403 1271 info.revealmyway.com "-" "Mozilla/5.0 (Windows NT 10.0; Win64; x64) AppleWebKit/537.36 (KHTML, like Gecko) Chrome/120.0.0.0 Safari/537.36" "-"
167.86.71.0 - - [18/Jul/2026:02:01:49 -0400] "GET /wp-admin/includes/ HTTP/1.1" 403 1271 info.revealmyway.com "-" "Mozilla/5.0 (Windows NT 10.0; Win64; x64) AppleWebKit/537.36 (KHTML, like Gecko) Chrome/120.0.0.0 Safari/537.36" "-"
167.86.71.0 - - [18/Jul/2026:02:01:50 -0400] "GET /wp-admin/maint/ HTTP/1.1" 403 1271 info.revealmyway.com "-" "Mozilla/5.0 (Windows NT 10.0; Win64; x64) AppleWebKit/537.36 (KHTML, like Gecko) Chrome/120.0.0.0 Safari/537.36" "-"
167.86.71.0 - - [18/Jul/2026:02:01:51 -0400] "GET /wp-admin/js/ HTTP/1.1" 403 1271 info.revealmyway.com "-" "Mozilla/5.0 (Windows NT 10.0; Win64; x64) AppleWebKit/537.36 (KHTML, like Gecko) Chrome/120.0.0.0 Safari/537.36" "-"
167.86.71.0 - - [18/Jul/2026:02:01:52 -0400] "GET /wp-admin/js/widgets/ HTTP/1.1" 403 1271 info.revealmyway.com "-" "Mozilla/5.0 (Windows NT 10.0; Win64; x64) AppleWebKit/537.36 (KHTML, like Gecko) Chrome/120.0.0.0 Safari/537.36" "-"
167.86.71.0 - - [18/Jul/2026:02:01:53 -0400] "GET /wp-admin/images/ HTTP/1.1" 403 1271 info.revealmyway.com "-" "Mozilla/5.0 (Windows NT 10.0; Win64; x64) AppleWebKit/537.36 (KHTML, like Gecko) Chrome/120.0.0.0 Safari/537.36" "-"
167.86.71.0 - - [18/Jul/2026:02:01:53 -0400] "GET /wp-admin/network/ HTTP/1.1" 302 - info.revealmyway.com "-" "Mozilla/5.0 (Windows NT 10.0; Win64; x64) AppleWebKit/537.36 (KHTML, like Gecko) Chrome/120.0.0.0 Safari/537.36" "-"
167.86.71.0 - - [18/Jul/2026:02:01:56 -0400] "GET /wp-admin/user/ HTTP/1.1" 302 - info.revealmyway.com "-" "Mozilla/5.0 (Windows NT 10.0; Win64; x64) AppleWebKit/537.36 (KHTML, like Gecko) Chrome/120.0.0.0 Safari/537.36" "-"
167.86.71.0 - - [18/Jul/2026:02:02:01 -0400] "GET /wp-includes/ HTTP/1.1" 403 1271 info.revealmyway.com "-" "Mozilla/5.0 (Windows NT 10.0; Win64; x64) AppleWebKit/537.36 (KHTML, like Gecko) Chrome/120.0.0.0 Safari/537.36" "-"
167.86.71.0 - - [18/Jul/2026:02:02:02 -0400] "GET /wp-includes/Text/ HTTP/1.1" 403 1271 info.revealmyway.com "-" "Mozilla/5.0 (Windows NT 10.0; Win64; x64) AppleWebKit/537.36 (KHTML, like Gecko) Chrome/120.0.0.0 Safari/537.36" "-"
167.86.71.0 - - [18/Jul/2026:02:02:03 -0400] "GET /wp-includes/Text/Diff/ HTTP/1.1" 403 1271 info.revealmyway.com "-" "Mozilla/5.0 (Windows NT 10.0; Win64; x64) AppleWebKit/537.36 (KHTML, like Gecko) Chrome/120.0.0.0 Safari/537.36" "-"
167.86.71.0 - - [18/Jul/2026:02:02:04 -0400] "GET /wp-includes/css/ HTTP/1.1" 403 1271 info.revealmyway.com "-" "Mozilla/5.0 (Windows NT 10.0; Win64; x64) AppleWebKit/537.36 (KHTML, like Gecko) Chrome/120.0.0.0 Safari/537.36" "-"
167.86.71.0 - - [18/Jul/2026:02:02:05 -0400] "GET /wp-includes/css/dist/ HTTP/1.1" 403 1271 info.revealmyway.com "-" "Mozilla/5.0 (Windows NT 10.0; Win64; x64) AppleWebKit/537.36 (KHTML, like Gecko) Chrome/120.0.0.0 Safari/537.36" "-"
2a03:2880:f800:: - - [18/Jul/2026:02:02:05 -0400] "GET /ja/shopping/corn/891077035374 HTTP/1.1" 404 21594 revealmyway.com "-" "Mozilla/5.0 (Macintosh; Intel Mac OS X 10_15_7) AppleWebKit/537.36 (KHTML, like Gecko) Chrome/145.0.0.0 Safari/537.36 (compatible; meta-externalagent/1.1 (+https://developers.facebook.com/docs/sharing/webmasters/crawler))" "-"
167.86.71.0 - - [18/Jul/2026:02:02:06 -0400] "GET /wp-includes/fonts/ HTTP/1.1" 403 1271 info.revealmyway.com "-" "Mozilla/5.0 (Windows NT 10.0; Win64; x64) AppleWebKit/537.36 (KHTML, like Gecko) Chrome/120.0.0.0 Safari/537.36" "-"
167.86.71.0 - - [18/Jul/2026:02:02:07 -0400] "GET /wp-includes/ID3/ HTTP/1.1" 403 1271 info.revealmyway.com "-" "Mozilla/5.0 (Windows NT 10.0; Win64; x64) AppleWebKit/537.36 (KHTML, like Gecko) Chrome/120.0.0.0 Safari/537.36" "-"
167.86.71.0 - - [18/Jul/2026:02:02:08 -0400] "GET /wp-includes/sitemaps/ HTTP/1.1" 403 1271 info.revealmyway.com "-" "Mozilla/5.0 (Windows NT 10.0; Win64; x64) AppleWebKit/537.36 (KHTML, like Gecko) Chrome/120.0.0.0 Safari/537.36" "-"
167.86.71.0 - - [18/Jul/2026:02:02:08 -0400] "GET /wp-includes/sitemaps/providers/ HTTP/1.1" 403 1271 info.revealmyway.com "-" "Mozilla/5.0 (Windows NT 10.0; Win64; x64) AppleWebKit/537.36 (KHTML, like Gecko) Chrome/120.0.0.0 Safari/537.36" "-"
167.86.71.0 - - [18/Jul/2026:02:02:09 -0400] "GET /wp-includes/IXR/ HTTP/1.1" 403 1271 info.revealmyway.com "-" "Mozilla/5.0 (Windows NT 10.0; Win64; x64) AppleWebKit/537.36 (KHTML, like Gecko) Chrome/120.0.0.0 Safari/537.36" "-"
167.86.71.0 - - [18/Jul/2026:02:02:10 -0400] "GET /wp-includes/images/ HTTP/1.1" 403 1271 info.revealmyway.com "-" "Mozilla/5.0 (Windows NT 10.0; Win64; x64) AppleWebKit/537.36 (KHTML, like Gecko) Chrome/120.0.0.0 Safari/537.36" "-"
167.86.71.0 - - [18/Jul/2026:02:02:10 -0400] "GET /wp-includes/PHPMailer/ HTTP/1.1" 403 1271 info.revealmyway.com "-" "Mozilla/5.0 (Windows NT 10.0; Win64; x64) AppleWebKit/537.36 (KHTML, like Gecko) Chrome/120.0.0.0 Safari/537.36" "-"
167.86.71.0 - - [18/Jul/2026:02:02:11 -0400] "GET /wp-includes/pomo/ HTTP/1.1" 403 1271 info.revealmyway.com "-" "Mozilla/5.0 (Windows NT 10.0; Win64; x64) AppleWebKit/537.36 (KHTML, like Gecko) Chrome/120.0.0.0 Safari/537.36" "-"
167.86.71.0 - - [18/Jul/2026:02:02:12 -0400] "GET /wp-includes/blocks/ HTTP/1.1" 200 2 info.revealmyway.com "-" "Mozilla/5.0 (Windows NT 10.0; Win64; x64) AppleWebKit/537.36 (KHTML, like Gecko) Chrome/120.0.0.0 Safari/537.36" "-"
167.86.71.0 - - [18/Jul/2026:02:02:14 -0400] "GET /wp-includes/js/ HTTP/1.1" 403 1271 info.revealmyway.com "-" "Mozilla/5.0 (Windows NT 10.0; Win64; x64) AppleWebKit/537.36 (KHTML, like Gecko) Chrome/120.0.0.0 Safari/537.36" "-"
167.86.71.0 - - [18/Jul/2026:02:02:16 -0400] "GET /wp-includes/js/codemirror/ HTTP/1.1" 403 1271 info.revealmyway.com "-" "Mozilla/5.0 (Windows NT 10.0; Win64; x64) AppleWebKit/537.36 (KHTML, like Gecko) Chrome/120.0.0.0 Safari/537.36" "-"
167.86.71.0 - - [18/Jul/2026:02:02:17 -0400] "GET /wp-includes/js/plupload/ HTTP/1.1" 403 1271 info.revealmyway.com "-" "Mozilla/5.0 (Windows NT 10.0; Win64; x64) AppleWebKit/537.36 (KHTML, like Gecko) Chrome/120.0.0.0 Safari/537.36" "-"
167.86.71.0 - - [18/Jul/2026:02:02:18 -0400] "GET /wp-includes/widgets/ HTTP/1.1" 403 1271 info.revealmyway.com "-" "Mozilla/5.0 (Windows NT 10.0; Win64; x64) AppleWebKit/537.36 (KHTML, like Gecko) Chrome/120.0.0.0 Safari/537.36" "-"
167.86.71.0 - - [18/Jul/2026:02:02:18 -0400] "GET /wp-content/ HTTP/1.1" 403 1271 info.revealmyway.com "-" "Mozilla/5.0 (Windows NT 10.0; Win64; x64) AppleWebKit/537.36 (KHTML, like Gecko) Chrome/120.0.0.0 Safari/537.36" "-"
167.86.71.0 - - [18/Jul/2026:02:02:20 -0400] "GET /wp-content/languages/ HTTP/1.1" 403 1271 info.revealmyway.com "-" "Mozilla/5.0 (Windows NT 10.0; Win64; x64) AppleWebKit/537.36 (KHTML, like Gecko) Chrome/120.0.0.0 Safari/537.36" "-"
167.86.71.0 - - [18/Jul/2026:02:02:21 -0400] "GET /wp-content/IXR/ HTTP/1.1" 404 150346 info.revealmyway.com "-" "Mozilla/5.0 (Windows NT 10.0; Win64; x64) AppleWebKit/537.36 (KHTML, like Gecko) Chrome/120.0.0.0 Safari/537.36" "-"
167.86.71.0 - - [18/Jul/2026:02:02:22 -0400] "GET /wp-content/uploads/ HTTP/1.1" 403 1271 info.revealmyway.com "-" "Mozilla/5.0 (Windows NT 10.0; Win64; x64) AppleWebKit/537.36 (KHTML, like Gecko) Chrome/120.0.0.0 Safari/537.36" "-"
167.86.71.0 - - [18/Jul/2026:02:02:23 -0400] "GET /wp-content/upgrade/ HTTP/1.1" 403 1271 info.revealmyway.com "-" "Mozilla/5.0 (Windows NT 10.0; Win64; x64) AppleWebKit/537.36 (KHTML, like Gecko) Chrome/120.0.0.0 Safari/537.36" "-"
167.86.71.0 - - [18/Jul/2026:02:02:24 -0400] "GET /wp-content/plugins/ HTTP/1.1" 403 1271 info.revealmyway.com "-" "Mozilla/5.0 (Windows NT 10.0; Win64; x64) AppleWebKit/537.36 (KHTML, like Gecko) Chrome/120.0.0.0 Safari/537.36" "-"
167.86.71.0 - - [18/Jul/2026:02:02:26 -0400] "GET /wp-content/themes/ HTTP/1.1" 403 1271 info.revealmyway.com "-" "Mozilla/5.0 (Windows NT 10.0; Win64; x64) AppleWebKit/537.36 (KHTML, like Gecko) Chrome/120.0.0.0 Safari/537.36" "-"
167.86.71.0 - - [18/Jul/2026:02:02:27 -0400] "GET /.well-known/ HTTP/1.1" 404 150346 info.revealmyway.com "-" "Mozilla/5.0 (Windows NT 10.0; Win64; x64) AppleWebKit/537.36 (KHTML, like Gecko) Chrome/120.0.0.0 Safari/537.36" "-"
167.86.71.0 - - [18/Jul/2026:02:02:29 -0400] "GET /uploads/ HTTP/1.1" 404 150346 info.revealmyway.com "-" "Mozilla/5.0 (Windows NT 10.0; Win64; x64) AppleWebKit/537.36 (KHTML, like Gecko) Chrome/120.0.0.0 Safari/537.36" "-"
2a03:2880:f800:: - - [18/Jul/2026:02:02:29 -0400] "GET /ja/shopping/coupe/89073919745 HTTP/1.1" 404 21594 revealmyway.com "-" "Mozilla/5.0 (X11; Linux x86_64; rv:147.0) Gecko/20100101 Firefox/147.0 (compatible; meta-externalagent/1.1 (+https://developers.facebook.com/docs/sharing/webmasters/crawler))" "-"
167.86.71.0 - - [18/Jul/2026:02:02:31 -0400] "GET /files/ HTTP/1.1" 404 150346 info.revealmyway.com "-" "Mozilla/5.0 (Windows NT 10.0; Win64; x64) AppleWebKit/537.36 (KHTML, like Gecko) Chrome/120.0.0.0 Safari/537.36" "-"
167.86.71.0 - - [18/Jul/2026:02:02:32 -0400] "GET /file/ HTTP/1.1" 404 150346 info.revealmyway.com "-" "Mozilla/5.0 (Windows NT 10.0; Win64; x64) AppleWebKit/537.36 (KHTML, like Gecko) Chrome/120.0.0.0 Safari/537.36" "-"
167.86.71.0 - - [18/Jul/2026:02:02:34 -0400] "GET /images/ HTTP/1.1" 200 82467 info.revealmyway.com "-" "Mozilla/5.0 (Windows NT 10.0; Win64; x64) AppleWebKit/537.36 (KHTML, like Gecko) Chrome/120.0.0.0 Safari/537.36" "-"
167.86.71.0 - - [18/Jul/2026:02:02:37 -0400] "GET /admin/ HTTP/1.1" 302 - info.revealmyway.com "-" "Mozilla/5.0 (Windows NT 10.0; Win64; x64) AppleWebKit/537.36 (KHTML, like Gecko) Chrome/120.0.0.0 Safari/537.36" "-"
17.22.237.0 - - [18/Jul/2026:02:02:39 -0400] "GET /best-debit-card-casino-casino-tournament/ HTTP/1.1" 200 41827 coaches.revealmyway.com "-" "Mozilla/5.0 (Macintosh; Intel Mac OS X 10_15_7) AppleWebKit/605.1.15 (KHTML, like Gecko) Version/17.4 Safari/605.1.15 (Applebot/0.1; +http://www.apple.com/go/applebot)" "-"
167.86.71.0 - - [18/Jul/2026:02:02:44 -0400] "GET /cgi-bin/ HTTP/1.1" 404 1271 info.revealmyway.com "-" "Mozilla/5.0 (Windows NT 10.0; Win64; x64) AppleWebKit/537.36 (KHTML, like Gecko) Chrome/120.0.0.0 Safari/537.36" "-"
167.86.71.0 - - [18/Jul/2026:02:02:45 -0400] "GET /.tmb/ HTTP/1.1" 404 150346 info.revealmyway.com "-" "Mozilla/5.0 (Windows NT 10.0; Win64; x64) AppleWebKit/537.36 (KHTML, like Gecko) Chrome/120.0.0.0 Safari/537.36" "-"
74.7.241.0 - - [18/Jul/2026:02:02:47 -0400] "GET /?loknya=/proc/irq/54 HTTP/1.1" 200 12588 coaches.revealmyway.com "https://coaches.revealmyway.com/?loknya=/proc/irq" "Mozilla/5.0 AppleWebKit/537.36 (KHTML, like Gecko; compatible; GPTBot/1.4; +https://openai.com/gptbot)" "-"
2a03:2880:f800:: - - [18/Jul/2026:02:02:53 -0400] "GET /wp-includes/revisions.php?ja/shopping/nuclei/890511328548 HTTP/1.1" 403 1271 www.revealmyway.com "-" "Mozilla/5.0 (Macintosh; Intel Mac OS X 10_15_7) AppleWebKit/537.36 (KHTML, like Gecko) Chrome/145.0.0.0 Safari/537.36 (compatible; meta-externalagent/1.1 (+https://developers.facebook.com/docs/sharing/webmasters/crawler))" "-"
114.119.145.0 - - [18/Jul/2026:02:02:54 -0400] "GET /shop/supplied/ke/88995887686.shtml HTTP/1.1" 301 - www.revealmyway.com "https://www.revealmyway.com/sitemap-goods-6017.xml" "Mozilla/5.0 (Linux; Android 7.0;) AppleWebKit/537.36 (HTML, like Gecko) Mobile Safari/537.36 (compatible; PetalBot;+https://webmaster.petalsearch.com/site/petalbot)" "-"
114.119.145.0 - - [18/Jul/2026:02:02:56 -0400] "GET /shop/supplied/ke/88995887686.shtml HTTP/1.1" 404 21594 revealmyway.com "https://www.revealmyway.com/sitemap-goods-6017.xml" "Mozilla/5.0 (Linux; Android 7.0;) AppleWebKit/537.36 (HTML, like Gecko) Mobile Safari/537.36 (compatible; PetalBot;+https://webmaster.petalsearch.com/site/petalbot)" "-"
2a03:2880:f800:: - - [18/Jul/2026:02:03:17 -0400] "GET /ja/shopping/fulton/890940642415 HTTP/1.1" 429 267 revealmyway.com "-" "Mozilla/5.0 (Windows NT 10.0; Win64; x64) AppleWebKit/537.36 (KHTML, like Gecko) Chrome/145.0.0.0 Safari/537.36 (compatible; meta-externalagent/1.1 (+https://developers.facebook.com/docs/sharing/webmasters/crawler))" "-"
2a03:2880:f800:: - - [18/Jul/2026:02:03:41 -0400] "GET /ja/shopping/interfaces/89073634845 HTTP/1.1" 429 267 revealmyway.com "-" "Mozilla/5.0 (Windows NT 10.0; Win64; x64) AppleWebKit/537.36 (KHTML, like Gecko) Chrome/145.0.0.0 Safari/537.36 (compatible; meta-externalagent/1.1 (+https://developers.facebook.com/docs/sharing/webmasters/crawler))" "-"
74.7.241.0 - - [18/Jul/2026:02:03:42 -0400] "GET /?lokasie=/proc/irq/96/node&loknya=/proc/irq/96 HTTP/1.1" 200 4025 coaches.revealmyway.com "https://coaches.revealmyway.com/?loknya=/proc/irq/96" "Mozilla/5.0 AppleWebKit/537.36 (KHTML, like Gecko; compatible; GPTBot/1.4; +https://openai.com/gptbot)" "-"
2a03:2880:f800:: - - [18/Jul/2026:02:03:44 -0400] "GET /ja/shopping/centrally/89094645164 HTTP/1.1" 301 - www.revealmyway.com "-" "Mozilla/5.0 (Macintosh; Intel Mac OS X 10_15_7) AppleWebKit/537.36 (KHTML, like Gecko) Chrome/145.0.0.0 Safari/537.36 (compatible; meta-externalagent/1.1 (+https://developers.facebook.com/docs/sharing/webmasters/crawler))" "-"
2a03:2880:f800:: - - [18/Jul/2026:02:03:47 -0400] "GET /wp-includes/revisions.php?ja/shopping/undertake/89037778462 HTTP/1.1" 403 1271 www.revealmyway.com "-" "Mozilla/5.0 (Macintosh; Intel Mac OS X 10_15_7) AppleWebKit/537.36 (KHTML, like Gecko) Chrome/145.0.0.0 Safari/537.36 (compatible; meta-externalagent/1.1 (+https://developers.facebook.com/docs/sharing/webmasters/crawler))" "-"
2a03:2880:f800:: - - [18/Jul/2026:02:04:12 -0400] "GET /wp-includes/revisions.php?ja/shopping/america/890368629693 HTTP/1.1" 403 1271 www.revealmyway.com "-" "Mozilla/5.0 (Windows NT 10.0; Win64; x64) AppleWebKit/537.36 (KHTML, like Gecko) Chrome/145.0.0.0 Safari/537.36 (compatible; meta-externalagent/1.1 (+https://developers.facebook.com/docs/sharing/webmasters/crawler))" "-"
114.119.152.0 - - [18/Jul/2026:02:04:16 -0400] "GET /shop/sugababes/religious/88901481268.shtml HTTP/1.1" 301 - www.revealmyway.com "https://www.revealmyway.com/sitemap-goods-3575.xml" "Mozilla/5.0 (Linux; Android 7.0;) AppleWebKit/537.36 (HTML, like Gecko) Mobile Safari/537.36 (compatible; PetalBot;+https://webmaster.petalsearch.com/site/petalbot)" "-"
114.119.152.0 - - [18/Jul/2026:02:04:18 -0400] "GET /shop/sugababes/religious/88901481268.shtml HTTP/1.1" 404 21594 revealmyway.com "https://www.revealmyway.com/sitemap-goods-3575.xml" "Mozilla/5.0 (Linux; Android 7.0;) AppleWebKit/537.36 (HTML, like Gecko) Mobile Safari/537.36 (compatible; PetalBot;+https://webmaster.petalsearch.com/site/petalbot)" "-"
192.254.250.0 - - [18/Jul/2026:02:04:27 -0400] "GET /wp-login.php HTTP/1.1" 200 4669 revealmyway.com "-" "Mozilla/5.0 (Windows NT 10.0; Win64; x64) AppleWebKit/537.36 (KHTML, like Gecko) Chrome/133.0.0.0 Safari/537.36" "-"
74.7.241.0 - - [18/Jul/2026:02:04:31 -0400] "GET /?lokasie=/proc/irq/36//node&loknya=/proc/irq/36/ HTTP/1.1" 200 4026 coaches.revealmyway.com "https://coaches.revealmyway.com/?loknya=/proc/irq/36/" "Mozilla/5.0 AppleWebKit/537.36 (KHTML, like Gecko; compatible; GPTBot/1.4; +https://openai.com/gptbot)" "-"
2a03:2880:f800:: - - [18/Jul/2026:02:04:38 -0400] "GET /ja/shopping/corona/890882123875 HTTP/1.1" 404 21594 revealmyway.com "-" "Mozilla/5.0 (Windows NT 10.0; Win64; x64) AppleWebKit/537.36 (KHTML, like Gecko) Chrome/145.0.0.0 Safari/537.36 (compatible; meta-externalagent/1.1 (+https://developers.facebook.com/docs/sharing/webmasters/crawler))" "-"
192.254.250.0 - - [18/Jul/2026:02:04:39 -0400] "POST /wp-login.php HTTP/1.1" 200 5058 revealmyway.com "https://revealmyway.com/wp-login.php" "Mozilla/5.0 (Windows NT 10.0; Win64; x64) AppleWebKit/537.36 (KHTML, like Gecko) Chrome/133.0.0.0 Safari/537.36" "-"
43.163.80.0 - - [18/Jul/2026:02:04:46 -0400] "GET /?loknya=/ HTTP/1.1" 200 29677 coaches.revealmyway.com "-" "Mozilla/5.0 (iPhone; CPU iPhone OS 13_2_3 like Mac OS X) AppleWebKit/605.1.15 (KHTML, like Gecko) Version/13.0.3 Mobile/15E148 Safari/604.1" "-"
2a03:2880:f800:: - - [18/Jul/2026:02:05:04 -0400] "GET /ja/shopping/realised/890931903107 HTTP/1.1" 404 21594 revealmyway.com "-" "Mozilla/5.0 (Windows NT 10.0; Win64; x64) AppleWebKit/537.36 (KHTML, like Gecko) Chrome/145.0.0.0 Safari/537.36 (compatible; meta-externalagent/1.1 (+https://developers.facebook.com/docs/sharing/webmasters/crawler))" "-"
74.7.241.0 - - [18/Jul/2026:02:05:16 -0400] "GET /?lokasie=/proc/irq/83/node&loknya=/proc/irq/83 HTTP/1.1" 200 4025 coaches.revealmyway.com "https://coaches.revealmyway.com/?loknya=/proc/irq/83" "Mozilla/5.0 AppleWebKit/537.36 (KHTML, like Gecko; compatible; GPTBot/1.4; +https://openai.com/gptbot)" "-"
2a03:2880:f800:: - - [18/Jul/2026:02:05:30 -0400] "GET /ja/shopping/incur/89079987113 HTTP/1.1" 404 21594 revealmyway.com "-" "Mozilla/5.0 (X11; Linux x86_64) AppleWebKit/537.36 (KHTML, like Gecko) Chrome/145.0.0.0 Safari/537.36 (compatible; meta-externalagent/1.1 (+https://developers.facebook.com/docs/sharing/webmasters/crawler))" "-"
114.119.148.0 - - [18/Jul/2026:02:05:41 -0400] "GET /shop/substance/ruins/890867569468.shtml HTTP/1.1" 301 - www.revealmyway.com "https://www.revealmyway.com/sitemap-goods-7516.xml" "Mozilla/5.0 (Linux; Android 7.0;) AppleWebKit/537.36 (HTML, like Gecko) Mobile Safari/537.36 (compatible; PetalBot;+https://webmaster.petalsearch.com/site/petalbot)" "-"
114.119.148.0 - - [18/Jul/2026:02:05:43 -0400] "GET /shop/substance/ruins/890867569468.shtml HTTP/1.1" 404 21594 revealmyway.com "https://www.revealmyway.com/sitemap-goods-7516.xml" "Mozilla/5.0 (Linux; Android 7.0;) AppleWebKit/537.36 (HTML, like Gecko) Mobile Safari/537.36 (compatible; PetalBot;+https://webmaster.petalsearch.com/site/petalbot)" "-"
2a03:2880:f800:: - - [18/Jul/2026:02:05:56 -0400] "GET /ja/shopping/plea/89102342213 HTTP/1.1" 404 21594 revealmyway.com "-" "Mozilla/5.0 (Macintosh; Intel Mac OS X 10_15_7) AppleWebKit/537.36 (KHTML, like Gecko) Chrome/145.0.0.0 Safari/537.36 (compatible; meta-externalagent/1.1 (+https://developers.facebook.com/docs/sharing/webmasters/crawler))" "-"
74.7.241.0 - - [18/Jul/2026:02:05:58 -0400] "GET /?lokasie=/proc/irq/39//node&loknya=/proc/irq/39/ HTTP/1.1" 200 4026 coaches.revealmyway.com "https://coaches.revealmyway.com/?loknya=/proc/irq/39/" "Mozilla/5.0 AppleWebKit/537.36 (KHTML, like Gecko; compatible; GPTBot/1.4; +https://openai.com/gptbot)" "-"
2a03:2880:f800:: - - [18/Jul/2026:02:06:22 -0400] "GET /ja/shopping/customization/890873402199 HTTP/1.1" 404 21594 revealmyway.com "-" "Mozilla/5.0 (Windows NT 10.0; Win64; x64) AppleWebKit/537.36 (KHTML, like Gecko) Chrome/145.0.0.0 Safari/537.36 (compatible; meta-externalagent/1.1 (+https://developers.facebook.com/docs/sharing/webmasters/crawler))" "-"
41.62.151.0 - - [18/Jul/2026:02:06:35 -0400] "GET //simple.php HTTP/1.1" 200 41826 coaches.revealmyway.com "-" "Mozilla/5.0 (Windows NT 10.0; Win64; x64; rv:152.0) Gecko/20100101 Firefox/152.0" "-"
74.7.241.0 - - [18/Jul/2026:02:06:35 -0400] "GET /?lokasie=/proc/irq/94/node&loknya=/proc/irq/94 HTTP/1.1" 200 4025 coaches.revealmyway.com "https://coaches.revealmyway.com/?loknya=/proc/irq/94" "Mozilla/5.0 AppleWebKit/537.36 (KHTML, like Gecko; compatible; GPTBot/1.4; +https://openai.com/gptbot)" "-"
41.62.151.0 - - [18/Jul/2026:02:06:36 -0400] "GET /favicon.ico HTTP/1.1" 200 41826 coaches.revealmyway.com "https://coaches.revealmyway.com//simple.php" "Mozilla/5.0 (Windows NT 10.0; Win64; x64; rv:152.0) Gecko/20100101 Firefox/152.0" "-"
2a03:2880:f800:: - - [18/Jul/2026:02:06:47 -0400] "GET /ja/shopping/allocated/89073513810 HTTP/1.1" 404 21594 revealmyway.com "-" "Mozilla/5.0 (Windows NT 10.0; Win64; x64) AppleWebKit/537.36 (KHTML, like Gecko) Chrome/145.0.0.0 Safari/537.36 (compatible; meta-externalagent/1.1 (+https://developers.facebook.com/docs/sharing/webmasters/crawler))" "-"
114.119.148.0 - - [18/Jul/2026:02:07:03 -0400] "GET /shop/subjects/taxable/891211962985.shtml HTTP/1.1" 301 - www.revealmyway.com "https://www.revealmyway.com/sitemap-goods-7751.xml" "Mozilla/5.0 (Linux; Android 7.0;) AppleWebKit/537.36 (HTML, like Gecko) Mobile Safari/537.36 (compatible; PetalBot;+https://webmaster.petalsearch.com/site/petalbot)" "-"
114.119.148.0 - - [18/Jul/2026:02:07:04 -0400] "GET /shop/subjects/taxable/891211962985.shtml HTTP/1.1" 404 21594 revealmyway.com "https://www.revealmyway.com/sitemap-goods-7751.xml" "Mozilla/5.0 (Linux; Android 7.0;) AppleWebKit/537.36 (HTML, like Gecko) Mobile Safari/537.36 (compatible; PetalBot;+https://webmaster.petalsearch.com/site/petalbot)" "-"
41.62.151.0 - - [18/Jul/2026:02:07:07 -0400] "GET //qsdqqq.php HTTP/1.1" 200 41826 coaches.revealmyway.com "-" "Mozilla/5.0 (Windows NT 10.0; Win64; x64; rv:152.0) Gecko/20100101 Firefox/152.0" "-"
74.7.241.0 - - [18/Jul/2026:02:07:08 -0400] "GET /?lokasie=/proc/irq/56//node&loknya=/proc/irq/56/ HTTP/1.1" 200 4026 coaches.revealmyway.com "https://coaches.revealmyway.com/?loknya=/proc/irq/56/" "Mozilla/5.0 AppleWebKit/537.36 (KHTML, like Gecko; compatible; GPTBot/1.4; +https://openai.com/gptbot)" "-"
2a03:2880:f800:: - - [18/Jul/2026:02:07:14 -0400] "GET /ja/shopping/silky/890810168503 HTTP/1.1" 404 21594 revealmyway.com "-" "Mozilla/5.0 (Windows NT 10.0; Win64; x64) AppleWebKit/537.36 (KHTML, like Gecko) Chrome/145.0.0.0 Safari/537.36 Edg/145.0.0.0 (compatible; meta-externalagent/1.1 (+https://developers.facebook.com/docs/sharing/webmasters/crawler))" "-"
41.62.151.0 - - [18/Jul/2026:02:07:14 -0400] "GET //qsdqqq.php?loknya=/homepages/7/d147067425/htdocs/clickandbuilds/WordPress HTTP/1.1" 200 10416 coaches.revealmyway.com "https://coaches.revealmyway.com//qsdqqq.php" "Mozilla/5.0 (Windows NT 10.0; Win64; x64; rv:152.0) Gecko/20100101 Firefox/152.0" "-"
41.62.151.0 - - [18/Jul/2026:02:07:18 -0400] "GET //qsdqqq.php?loknya=/homepages/7/d147067425/htdocs/clickandbuilds HTTP/1.1" 200 7727 coaches.revealmyway.com "https://coaches.revealmyway.com//qsdqqq.php?loknya=/homepages/7/d147067425/htdocs/clickandbuilds/WordPress" "Mozilla/5.0 (Windows NT 10.0; Win64; x64; rv:152.0) Gecko/20100101 Firefox/152.0" "-"
41.62.151.0 - - [18/Jul/2026:02:07:20 -0400] "GET //qsdqqq.php?loknya=/homepages/7/d147067425/htdocs HTTP/1.1" 200 72148 coaches.revealmyway.com "https://coaches.revealmyway.com//qsdqqq.php?loknya=/homepages/7/d147067425/htdocs/clickandbuilds" "Mozilla/5.0 (Windows NT 10.0; Win64; x64; rv:152.0) Gecko/20100101 Firefox/152.0" "-"
74.7.241.0 - - [18/Jul/2026:02:07:37 -0400] "GET /?loknya=/proc/irq/70 HTTP/1.1" 200 12592 coaches.revealmyway.com "https://coaches.revealmyway.com/?loknya=/proc/irq" "Mozilla/5.0 AppleWebKit/537.36 (KHTML, like Gecko; compatible; GPTBot/1.4; +https://openai.com/gptbot)" "-"
2a03:2880:f800:: - - [18/Jul/2026:02:07:40 -0400] "GET /ja/shopping/necessity/890651438823 HTTP/1.1" 404 21594 revealmyway.com "-" "Mozilla/5.0 (Windows NT 10.0; Win64; x64) AppleWebKit/537.36 (KHTML, like Gecko) Chrome/144.0.0.0 Safari/537.36 Edg/144.0.0.0 (compatible; meta-externalagent/1.1 (+https://developers.facebook.com/docs/sharing/webmasters/crawler))" "-"
41.62.151.0 - - [18/Jul/2026:02:07:42 -0400] "GET //qsdqqq.php?loknya=/homepages/7/d147067425 HTTP/1.1" 200 23039 coaches.revealmyway.com "https://coaches.revealmyway.com//qsdqqq.php?loknya=/homepages/7/d147067425/htdocs" "Mozilla/5.0 (Windows NT 10.0; Win64; x64; rv:152.0) Gecko/20100101 Firefox/152.0" "-"
41.62.151.0 - - [18/Jul/2026:02:07:45 -0400] "GET //qsdqqq.php?lokasie=/homepages/7/d147067425/htpasswd&loknya=/homepages/7/d147067425 HTTP/1.1" 200 4070 coaches.revealmyway.com "https://coaches.revealmyway.com//qsdqqq.php?loknya=/homepages/7/d147067425" "Mozilla/5.0 (Windows NT 10.0; Win64; x64; rv:152.0) Gecko/20100101 Firefox/152.0" "-"
41.62.151.0 - - [18/Jul/2026:02:07:49 -0400] "GET //qsdqqq.php?loknya=/homepages/7/d147067425 HTTP/1.1" 200 23039 coaches.revealmyway.com "https://coaches.revealmyway.com//qsdqqq.php?lokasie=/homepages/7/d147067425/htpasswd&loknya=/homepages/7/d147067425" "Mozilla/5.0 (Windows NT 10.0; Win64; x64; rv:152.0) Gecko/20100101 Firefox/152.0" "-"
41.62.151.0 - - [18/Jul/2026:02:07:49 -0400] "GET //qsdqqq.php?loknya=/homepages/7 HTTP/1.1" 200 28844 coaches.revealmyway.com "https://coaches.revealmyway.com//qsdqqq.php?loknya=/homepages/7/d147067425" "Mozilla/5.0 (Windows NT 10.0; Win64; x64; rv:152.0) Gecko/20100101 Firefox/152.0" "-"
41.62.151.0 - - [18/Jul/2026:02:07:51 -0400] "GET //qsdqqq.php?loknya=/homepages HTTP/1.1" 200 58049 coaches.revealmyway.com "https://coaches.revealmyway.com//qsdqqq.php?loknya=/homepages/7" "Mozilla/5.0 (Windows NT 10.0; Win64; x64; rv:152.0) Gecko/20100101 Firefox/152.0" "-"
41.62.151.0 - - [18/Jul/2026:02:08:01 -0400] "GET //qsdqqq.php HTTP/1.1" 200 41826 coaches.revealmyway.com "-" "Mozilla/5.0 (Windows NT 10.0; Win64; x64; rv:152.0) Gecko/20100101 Firefox/152.0" "-"
74.7.241.0 - - [18/Jul/2026:02:08:03 -0400] "GET /?loknya=/proc/irq/52 HTTP/1.1" 200 12588 coaches.revealmyway.com "https://coaches.revealmyway.com/?loknya=/proc/irq" "Mozilla/5.0 AppleWebKit/537.36 (KHTML, like Gecko; compatible; GPTBot/1.4; +https://openai.com/gptbot)" "-"
2a03:2880:f800:: - - [18/Jul/2026:02:08:05 -0400] "GET /casino-250-free-spins-on-registration/ HTTP/1.1" 200 41833 coaches.revealmyway.com "-" "Mozilla/5.0 (Macintosh; Intel Mac OS X 10_15_7) AppleWebKit/537.36 (KHTML, like Gecko) Chrome/145.0.0.0 Safari/537.36 (compatible; meta-externalagent/1.1 (+https://developers.facebook.com/docs/sharing/webmasters/crawler))" "-"
41.62.151.0 - - [18/Jul/2026:02:08:16 -0400] "POST //qsdqqq.php HTTP/1.1" 200 41877 coaches.revealmyway.com "https://coaches.revealmyway.com//qsdqqq.php" "Mozilla/5.0 (Windows NT 10.0; Win64; x64; rv:152.0) Gecko/20100101 Firefox/152.0" "-"
41.62.151.0 - - [18/Jul/2026:02:08:22 -0400] "GET //qsdqqq.php?loknya=/homepages/7/d147067425/htdocs/clickandbuilds/WordPress/MyCMS-backup/wp-admin HTTP/1.1" 200 166642 coaches.revealmyway.com "https://coaches.revealmyway.com//qsdqqq.php" "Mozilla/5.0 (Windows NT 10.0; Win64; x64; rv:152.0) Gecko/20100101 Firefox/152.0" "-"
114.119.139.0 - - [18/Jul/2026:02:08:27 -0400] "GET /shop/strategies/organizers/89079864880.shtml HTTP/1.1" 301 - www.revealmyway.com "https://www.revealmyway.com/sitemap-goods-4824.xml" "Mozilla/5.0 (Linux; Android 7.0;) AppleWebKit/537.36 (HTML, like Gecko) Mobile Safari/537.36 (compatible; PetalBot;+https://webmaster.petalsearch.com/site/petalbot)" "-"
74.7.241.0 - - [18/Jul/2026:02:08:28 -0400] "GET /?loknya=/proc/irq/34 HTTP/1.1" 200 12584 coaches.revealmyway.com "https://coaches.revealmyway.com/?loknya=/proc/irq" "Mozilla/5.0 AppleWebKit/537.36 (KHTML, like Gecko; compatible; GPTBot/1.4; +https://openai.com/gptbot)" "-"
114.119.139.0 - - [18/Jul/2026:02:08:29 -0400] "GET /shop/strategies/organizers/89079864880.shtml HTTP/1.1" 404 21594 revealmyway.com "https://www.revealmyway.com/sitemap-goods-4824.xml" "Mozilla/5.0 (Linux; Android 7.0;) AppleWebKit/537.36 (HTML, like Gecko) Mobile Safari/537.36 (compatible; PetalBot;+https://webmaster.petalsearch.com/site/petalbot)" "-"
41.62.151.0 - - [18/Jul/2026:02:08:29 -0400] "POST //qsdqqq.php?loknya=/homepages/7/d147067425/htdocs/clickandbuilds/WordPress/MyCMS-backup/wp-admin HTTP/1.1" 200 166693 coaches.revealmyway.com "https://coaches.revealmyway.com//qsdqqq.php?loknya=/homepages/7/d147067425/htdocs/clickandbuilds/WordPress/MyCMS-backup/wp-admin" "Mozilla/5.0 (Windows NT 10.0; Win64; x64; rv:152.0) Gecko/20100101 Firefox/152.0" "-"
2a03:2880:f800:: - - [18/Jul/2026:02:08:31 -0400] "GET /ja/shopping/onsite/890952942119 HTTP/1.1" 404 21594 revealmyway.com "-" "Mozilla/5.0 (Windows NT 10.0; Win64; x64) AppleWebKit/537.36 (KHTML, like Gecko) Chrome/145.0.0.0 Safari/537.36 (compatible; meta-externalagent/1.1 (+https://developers.facebook.com/docs/sharing/webmasters/crawler))" "-"
74.7.241.0 - - [18/Jul/2026:02:08:50 -0400] "GET /?loknya=/proc/irq/47/megasas0-msix21 HTTP/1.1" 200 5211 coaches.revealmyway.com "https://coaches.revealmyway.com/?loknya=/proc/irq/47" "Mozilla/5.0 AppleWebKit/537.36 (KHTML, like Gecko; compatible; GPTBot/1.4; +https://openai.com/gptbot)" "-"
2a03:2880:f800:: - - [18/Jul/2026:02:08:52 -0400] "GET /ja/shopping/baby/891177730185 HTTP/1.1" 404 21594 revealmyway.com "-" "Mozilla/5.0 (X11; Linux x86_64) AppleWebKit/537.36 (KHTML, like Gecko) Chrome/145.0.0.0 Safari/537.36 (compatible; meta-externalagent/1.1 (+https://developers.facebook.com/docs/sharing/webmasters/crawler))" "-"
40.77.167.0 - - [18/Jul/2026:02:09:04 -0400] "GET /shop/learner/orders/88995737268.shtml HTTP/1.1" 301 - www.revealmyway.com "-" "Mozilla/5.0 AppleWebKit/537.36 (KHTML, like Gecko; compatible; bingbot/2.0; +http://www.bing.com/bingbot.htm) Chrome/116.0.1938.76 Safari/537.36" "-"
74.7.241.0 - - [18/Jul/2026:02:09:09 -0400] "GET /?loknya=/proc/irq/54/megasas0-msix28 HTTP/1.1" 200 5211 coaches.revealmyway.com "https://coaches.revealmyway.com/?loknya=/proc/irq/54" "Mozilla/5.0 AppleWebKit/537.36 (KHTML, like Gecko; compatible; GPTBot/1.4; +https://openai.com/gptbot)" "-"
2a03:2880:f800:: - - [18/Jul/2026:02:09:12 -0400] "GET /ja/shopping/recommends/890852076480 HTTP/1.1" 404 21594 revealmyway.com "-" "Mozilla/5.0 (Macintosh; Intel Mac OS X 10_15_7) AppleWebKit/537.36 (KHTML, like Gecko) Chrome/145.0.0.0 Safari/537.36 (compatible; meta-externalagent/1.1 (+https://developers.facebook.com/docs/sharing/webmasters/crawler))" "-"
74.7.241.0 - - [18/Jul/2026:02:09:28 -0400] "GET /?lokasie=/proc/irq/54/node&loknya=/proc/irq/54 HTTP/1.1" 200 4025 coaches.revealmyway.com "https://coaches.revealmyway.com/?loknya=/proc/irq/54" "Mozilla/5.0 AppleWebKit/537.36 (KHTML, like Gecko; compatible; GPTBot/1.4; +https://openai.com/gptbot)" "-"
2a03:2880:f800:: - - [18/Jul/2026:02:09:33 -0400] "GET /ja/shopping/congress/890846211578 HTTP/1.1" 404 21594 revealmyway.com "-" "Mozilla/5.0 (Macintosh; Intel Mac OS X 10_15_7) AppleWebKit/537.36 (KHTML, like Gecko) Chrome/145.0.0.0 Safari/537.36 (compatible; meta-externalagent/1.1 (+https://developers.facebook.com/docs/sharing/webmasters/crawler))" "-"
66.249.64.0 - - [18/Jul/2026:02:09:43 -0400] "GET /?shop/acknowledges891613906992.shtml HTTP/1.1" 301 - revealmyway.com "-" "Mozilla/5.0 (Linux; Android 6.0.1; Nexus 5X Build/MMB29P) AppleWebKit/537.36 (KHTML, like Gecko) Chrome/150.0.7871.124 Mobile Safari/537.36 (compatible; Googlebot/2.1; +http://www.google.com/bot.html)" "-"
74.7.241.0 - - [18/Jul/2026:02:09:44 -0400] "GET /?lokasie=/proc/irq/47/node&loknya=/proc/irq/47 HTTP/1.1" 200 4025 coaches.revealmyway.com "https://coaches.revealmyway.com/?loknya=/proc/irq/47" "Mozilla/5.0 AppleWebKit/537.36 (KHTML, like Gecko; compatible; GPTBot/1.4; +https://openai.com/gptbot)" "-"
66.249.64.0 - - [18/Jul/2026:02:09:44 -0400] "GET /?shop%2Facknowledges891613906992_shtml HTTP/1.1" 200 27217 revealmyway.com "-" "Mozilla/5.0 (Linux; Android 6.0.1; Nexus 5X Build/MMB29P) AppleWebKit/537.36 (KHTML, like Gecko) Chrome/150.0.7871.124 Mobile Safari/537.36 (compatible; Googlebot/2.1; +http://www.google.com/bot.html)" "-"
114.119.139.0 - - [18/Jul/2026:02:09:50 -0400] "GET /shop/stout/assuming/890322072615.shtml HTTP/1.1" 301 - www.revealmyway.com "https://www.revealmyway.com/sitemap-goods-7118.xml" "Mozilla/5.0 (Linux; Android 7.0;) AppleWebKit/537.36 (HTML, like Gecko) Mobile Safari/537.36 (compatible; PetalBot;+https://webmaster.petalsearch.com/site/petalbot)" "-"
114.119.139.0 - - [18/Jul/2026:02:09:52 -0400] "GET /shop/stout/assuming/890322072615.shtml HTTP/1.1" 404 21594 revealmyway.com "https://www.revealmyway.com/sitemap-goods-7118.xml" "Mozilla/5.0 (Linux; Android 7.0;) AppleWebKit/537.36 (HTML, like Gecko) Mobile Safari/537.36 (compatible; PetalBot;+https://webmaster.petalsearch.com/site/petalbot)" "-"
2a03:2880:f800:: - - [18/Jul/2026:02:09:54 -0400] "GET /ja/shopping/prentice/89084323984 HTTP/1.1" 301 - www.revealmyway.com "-" "Mozilla/5.0 (Macintosh; Intel Mac OS X 10_15_7) AppleWebKit/537.36 (KHTML, like Gecko) Chrome/145.0.0.0 Safari/537.36 (compatible; meta-externalagent/1.1 (+https://developers.facebook.com/docs/sharing/webmasters/crawler))" "-"
