2a03:2880:f800:: - - [18/Jul/2026:04:46:48 -0400] "GET /ja/shopping/lob/890852405360 HTTP/1.1" 404 21594 revealmyway.com "-" "Mozilla/5.0 (Windows NT 10.0; Win64; x64) AppleWebKit/537.36 (KHTML, like Gecko) Chrome/145.0.0.0 Safari/537.36 (compatible; meta-externalagent/1.1 (+https://developers.facebook.com/docs/sharing/webmasters/crawler))" "-"
142.44.225.0 - - [18/Jul/2026:04:46:50 -0400] "GET /wp-sitemap.xml HTTP/1.1" 200 537 revealmyway.com "-" "Mozilla/5.0 (compatible; AhrefsBot/7.0; +http://ahrefs.com/robot/)" "-"
51.161.37.0 - - [18/Jul/2026:04:46:51 -0400] "GET /wp-sitemap-posts-post-1.xml HTTP/1.1" 200 307 revealmyway.com "-" "Mozilla/5.0 (compatible; AhrefsBot/7.0; +http://ahrefs.com/robot/)" "-"
142.44.225.0 - - [18/Jul/2026:04:46:53 -0400] "GET /wp-sitemap-posts-page-1.xml HTTP/1.1" 200 281 revealmyway.com "-" "Mozilla/5.0 (compatible; AhrefsBot/7.0; +http://ahrefs.com/robot/)" "-"
54.39.203.0 - - [18/Jul/2026:04:46:55 -0400] "GET /wp-sitemap-taxonomies-category-1.xml HTTP/1.1" 200 260 revealmyway.com "-" "Mozilla/5.0 (compatible; AhrefsBot/7.0; +http://ahrefs.com/robot/)" "-"
51.222.168.0 - - [18/Jul/2026:04:46:57 -0400] "GET /wp-sitemap-users-1.xml HTTP/1.1" 200 250 revealmyway.com "-" "Mozilla/5.0 (compatible; AhrefsBot/7.0; +http://ahrefs.com/robot/)" "-"
114.119.145.0 - - [18/Jul/2026:04:47:14 -0400] "GET /shop/inter/incidental/88974430739.shtml HTTP/1.1" 301 - www.revealmyway.com "https://www.revealmyway.com/sitemap-goods-5499.xml" "Mozilla/5.0 (Linux; Android 7.0;) AppleWebKit/537.36 (HTML, like Gecko) Mobile Safari/537.36 (compatible; PetalBot;+https://webmaster.petalsearch.com/site/petalbot)" "-"
74.7.241.0 - - [18/Jul/2026:04:47:15 -0400] "GET /?lokasie=/kunden/bin/zstdgrep&loknya=/kunden/bin HTTP/1.1" 200 8331 coaches.revealmyway.com "https://coaches.revealmyway.com/?loknya=/kunden/bin" "Mozilla/5.0 AppleWebKit/537.36 (KHTML, like Gecko; compatible; GPTBot/1.4; +https://openai.com/gptbot)" "-"
114.119.145.0 - - [18/Jul/2026:04:47:16 -0400] "GET /shop/inter/incidental/88974430739.shtml HTTP/1.1" 404 21594 revealmyway.com "https://www.revealmyway.com/sitemap-goods-5499.xml" "Mozilla/5.0 (Linux; Android 7.0;) AppleWebKit/537.36 (HTML, like Gecko) Mobile Safari/537.36 (compatible; PetalBot;+https://webmaster.petalsearch.com/site/petalbot)" "-"
2a03:2880:f800:: - - [18/Jul/2026:04:47:34 -0400] "GET /ja/shopping/asia/890745830991 HTTP/1.1" 404 21594 revealmyway.com "-" "Mozilla/5.0 (Windows NT 10.0; Win64; x64) AppleWebKit/537.36 (KHTML, like Gecko) Chrome/145.0.0.0 Safari/537.36 (compatible; meta-externalagent/1.1 (+https://developers.facebook.com/docs/sharing/webmasters/crawler))" "-"
74.7.241.0 - - [18/Jul/2026:04:47:45 -0400] "GET /?lokasie=/kunden/bin/ppmtogif&loknya=/kunden/bin HTTP/1.1" 200 32890 coaches.revealmyway.com "https://coaches.revealmyway.com/?loknya=/kunden/bin" "Mozilla/5.0 AppleWebKit/537.36 (KHTML, like Gecko; compatible; GPTBot/1.4; +https://openai.com/gptbot)" "-"
74.7.241.0 - - [18/Jul/2026:04:48:13 -0400] "GET /?lokasie=/kunden/bin/pgmhist&loknya=/kunden/bin HTTP/1.1" 200 19553 coaches.revealmyway.com "https://coaches.revealmyway.com/?loknya=/kunden/bin" "Mozilla/5.0 AppleWebKit/537.36 (KHTML, like Gecko; compatible; GPTBot/1.4; +https://openai.com/gptbot)" "-"
2a03:2880:f800:: - - [18/Jul/2026:04:48:19 -0400] "GET /wp-includes/revisions.php?ja/shopping/thee/89037376060 HTTP/1.1" 403 1271 www.revealmyway.com "-" "Mozilla/5.0 (Windows NT 10.0; Win64; x64) AppleWebKit/537.36 (KHTML, like Gecko) Chrome/145.0.0.0 Safari/537.36 (compatible; meta-externalagent/1.1 (+https://developers.facebook.com/docs/sharing/webmasters/crawler))" "-"
40.77.167.0 - - [18/Jul/2026:04:48:31 -0400] "GET /header.php?shops/scripture/889040280200 HTTP/1.1" 404 21594 revealmyway.com "-" "Mozilla/5.0 AppleWebKit/537.36 (KHTML, like Gecko; compatible; bingbot/2.0; +http://www.bing.com/bingbot.htm) Chrome/116.0.1938.76 Safari/537.36" "-"
74.7.241.0 - - [18/Jul/2026:04:48:37 -0400] "GET /?lokasie=/kunden/bin/pamstretch&loknya=/kunden/bin HTTP/1.1" 200 21464 coaches.revealmyway.com "https://coaches.revealmyway.com/?loknya=/kunden/bin" "Mozilla/5.0 AppleWebKit/537.36 (KHTML, like Gecko; compatible; GPTBot/1.4; +https://openai.com/gptbot)" "-"
114.119.158.0 - - [18/Jul/2026:04:48:37 -0400] "GET /shop/insufficient/fertile/89079852944.shtml HTTP/1.1" 301 - www.revealmyway.com "https://www.revealmyway.com/sitemap-goods-7661.xml" "Mozilla/5.0 (Linux; Android 7.0;) AppleWebKit/537.36 (HTML, like Gecko) Mobile Safari/537.36 (compatible; PetalBot;+https://webmaster.petalsearch.com/site/petalbot)" "-"
114.119.158.0 - - [18/Jul/2026:04:48:38 -0400] "GET /shop/insufficient/fertile/89079852944.shtml HTTP/1.1" 404 21594 revealmyway.com "https://www.revealmyway.com/sitemap-goods-7661.xml" "Mozilla/5.0 (Linux; Android 7.0;) AppleWebKit/537.36 (HTML, like Gecko) Mobile Safari/537.36 (compatible; PetalBot;+https://webmaster.petalsearch.com/site/petalbot)" "-"
74.7.241.0 - - [18/Jul/2026:04:48:58 -0400] "GET /?lokasie=/kunden/bin/ppmtopcx&loknya=/kunden/bin HTTP/1.1" 200 26386 coaches.revealmyway.com "https://coaches.revealmyway.com/?loknya=/kunden/bin" "Mozilla/5.0 AppleWebKit/537.36 (KHTML, like Gecko; compatible; GPTBot/1.4; +https://openai.com/gptbot)" "-"
2a03:2880:f800:: - - [18/Jul/2026:04:49:05 -0400] "GET /wp-includes/revisions.php?ja/shopping/phelps/890469028588 HTTP/1.1" 403 1271 www.revealmyway.com "-" "Mozilla/5.0 (Macintosh; Intel Mac OS X 10_15_7) AppleWebKit/537.36 (KHTML, like Gecko) Chrome/145.0.0.0 Safari/537.36 (compatible; meta-externalagent/1.1 (+https://developers.facebook.com/docs/sharing/webmasters/crawler))" "-"
74.7.241.0 - - [18/Jul/2026:04:49:19 -0400] "GET /?lokasie=/kunden/bin/pbmtomgr&loknya=/kunden/bin HTTP/1.1" 200 19555 coaches.revealmyway.com "https://coaches.revealmyway.com/?loknya=/kunden/bin" "Mozilla/5.0 AppleWebKit/537.36 (KHTML, like Gecko; compatible; GPTBot/1.4; +https://openai.com/gptbot)" "-"
74.7.241.0 - - [18/Jul/2026:04:49:37 -0400] "GET /?lokasie=/kunden/bin/ncftpbatch&loknya=/kunden/bin HTTP/1.1" 200 334925 coaches.revealmyway.com "https://coaches.revealmyway.com/?loknya=/kunden/bin" "Mozilla/5.0 AppleWebKit/537.36 (KHTML, like Gecko; compatible; GPTBot/1.4; +https://openai.com/gptbot)" "-"
2a03:2880:f800:: - - [18/Jul/2026:04:49:50 -0400] "GET /deposit-25-get-bonus-online-bingo-australia/ HTTP/1.1" 200 41833 coaches.revealmyway.com "-" "Mozilla/5.0 (Windows NT 10.0; Win64; x64) AppleWebKit/537.36 (KHTML, like Gecko) Chrome/145.0.0.0 Safari/537.36 (compatible; meta-externalagent/1.1 (+https://developers.facebook.com/docs/sharing/webmasters/crawler))" "-"
74.7.241.0 - - [18/Jul/2026:04:49:53 -0400] "GET /?lokasie=/proc/softirqs&loknya=/proc HTTP/1.1" 200 19595 coaches.revealmyway.com "https://coaches.revealmyway.com/?loknya=/proc" "Mozilla/5.0 AppleWebKit/537.36 (KHTML, like Gecko; compatible; GPTBot/1.4; +https://openai.com/gptbot)" "-"
114.119.132.0 - - [18/Jul/2026:04:50:01 -0400] "GET /shop/instructional/tra/891513466681.shtml HTTP/1.1" 301 - www.revealmyway.com "https://www.revealmyway.com/sitemap-goods-5277.xml" "Mozilla/5.0 (Linux; Android 7.0;) AppleWebKit/537.36 (HTML, like Gecko) Mobile Safari/537.36 (compatible; PetalBot;+https://webmaster.petalsearch.com/site/petalbot)" "-"
74.208.57.0 - - [18/Jul/2026:04:50:02 -0400] "POST /wp-cron.php?doing_wp_cron=1784364602.2259819507598876953125 HTTP/1.1" 200 - revealmyway.com "-" "WordPress/7.0; https://revealmyway.com" "-"
114.119.132.0 - - [18/Jul/2026:04:50:04 -0400] "GET /shop/instructional/tra/891513466681.shtml HTTP/1.1" 404 21594 revealmyway.com "https://www.revealmyway.com/sitemap-goods-5277.xml" "Mozilla/5.0 (Linux; Android 7.0;) AppleWebKit/537.36 (HTML, like Gecko) Mobile Safari/537.36 (compatible; PetalBot;+https://webmaster.petalsearch.com/site/petalbot)" "-"
74.7.241.0 - - [18/Jul/2026:04:50:08 -0400] "GET /?lokasie=/sbin/tzconfig&loknya=/sbin HTTP/1.1" 200 4072 coaches.revealmyway.com "https://coaches.revealmyway.com/?loknya=/sbin" "Mozilla/5.0 AppleWebKit/537.36 (KHTML, like Gecko; compatible; GPTBot/1.4; +https://openai.com/gptbot)" "-"
74.7.241.0 - - [18/Jul/2026:04:50:21 -0400] "GET /?lokasie=/sbin/delgroup&loknya=/sbin HTTP/1.1" 200 21420 coaches.revealmyway.com "https://coaches.revealmyway.com/?loknya=/sbin" "Mozilla/5.0 AppleWebKit/537.36 (KHTML, like Gecko; compatible; GPTBot/1.4; +https://openai.com/gptbot)" "-"
74.7.241.0 - - [18/Jul/2026:04:50:33 -0400] "GET /?lokasie=/sbin/shutdown&loknya=/sbin HTTP/1.1" 200 56951 coaches.revealmyway.com "https://coaches.revealmyway.com/?loknya=/sbin" "Mozilla/5.0 AppleWebKit/537.36 (KHTML, like Gecko; compatible; GPTBot/1.4; +https://openai.com/gptbot)" "-"
2a03:2880:f800:: - - [18/Jul/2026:04:50:35 -0400] "GET /wp-includes/revisions.php?ja/shopping/nmr/890572406000 HTTP/1.1" 403 1271 www.revealmyway.com "-" "Mozilla/5.0 (Macintosh; Intel Mac OS X 10_15_7) AppleWebKit/537.36 (KHTML, like Gecko) Chrome/145.0.0.0 Safari/537.36 (compatible; meta-externalagent/1.1 (+https://developers.facebook.com/docs/sharing/webmasters/crawler))" "-"
74.7.241.0 - - [18/Jul/2026:04:50:43 -0400] "GET /?lokasie=/sbin/setquota&loknya=/sbin HTTP/1.1" 200 145298 coaches.revealmyway.com "https://coaches.revealmyway.com/?loknya=/sbin" "Mozilla/5.0 AppleWebKit/537.36 (KHTML, like Gecko; compatible; GPTBot/1.4; +https://openai.com/gptbot)" "-"
74.7.241.0 - - [18/Jul/2026:04:50:52 -0400] "GET /?lokasie=/proc/userinfo&loknya=/proc HTTP/1.1" 200 3946 coaches.revealmyway.com "https://coaches.revealmyway.com/?loknya=/proc" "Mozilla/5.0 AppleWebKit/537.36 (KHTML, like Gecko; compatible; GPTBot/1.4; +https://openai.com/gptbot)" "-"
74.7.241.0 - - [18/Jul/2026:04:51:01 -0400] "GET /?lokasie=/sbin/chpasswd&loknya=/sbin HTTP/1.1" 200 85739 coaches.revealmyway.com "https://coaches.revealmyway.com/?loknya=/sbin" "Mozilla/5.0 AppleWebKit/537.36 (KHTML, like Gecko; compatible; GPTBot/1.4; +https://openai.com/gptbot)" "-"
2a03:2880:f800:: - - [18/Jul/2026:04:51:06 -0400] "GET /wp-includes/revisions.php?ja/shopping/globalisation/890368906893 HTTP/1.1" 403 1271 www.revealmyway.com "-" "Mozilla/5.0 (Macintosh; Intel Mac OS X 10_15_7) AppleWebKit/537.36 (KHTML, like Gecko) Chrome/145.0.0.0 Safari/537.36 (compatible; meta-externalagent/1.1 (+https://developers.facebook.com/docs/sharing/webmasters/crawler))" "-"
74.7.241.0 - - [18/Jul/2026:04:51:09 -0400] "GET /?lokasie=/sbin/pwunconv&loknya=/sbin HTTP/1.1" 429 267 coaches.revealmyway.com "https://coaches.revealmyway.com/?loknya=/sbin" "Mozilla/5.0 AppleWebKit/537.36 (KHTML, like Gecko; compatible; GPTBot/1.4; +https://openai.com/gptbot)" "-"
66.249.64.0 - - [18/Jul/2026:04:51:16 -0400] "GET /?shop/suck891011056179.shtml HTTP/1.1" 301 - revealmyway.com "-" "Mozilla/5.0 (Linux; Android 6.0.1; Nexus 5X Build/MMB29P) AppleWebKit/537.36 (KHTML, like Gecko) Chrome/150.0.7871.124 Mobile Safari/537.36 (compatible; Googlebot/2.1; +http://www.google.com/bot.html)" "-"
74.7.241.0 - - [18/Jul/2026:04:51:16 -0400] "GET /?lokasie=/proc/slabinfo&loknya=/proc HTTP/1.1" 429 267 coaches.revealmyway.com "https://coaches.revealmyway.com/?loknya=/proc" "Mozilla/5.0 AppleWebKit/537.36 (KHTML, like Gecko; compatible; GPTBot/1.4; +https://openai.com/gptbot)" "-"
66.249.64.0 - - [18/Jul/2026:04:51:17 -0400] "GET /?shop%2Fsuck891011056179_shtml HTTP/1.1" 200 27217 revealmyway.com "-" "Mozilla/5.0 (Linux; Android 6.0.1; Nexus 5X Build/MMB29P) AppleWebKit/537.36 (KHTML, like Gecko) Chrome/150.0.7871.124 Mobile Safari/537.36 (compatible; Googlebot/2.1; +http://www.google.com/bot.html)" "-"
2a03:2880:300:: - - [18/Jul/2026:04:51:22 -0400] "GET / HTTP/1.1" 200 27217 revealmyway.com "-" "facebookexternalhit/1.1 (+http://www.facebook.com/externalhit_uatext.php)" "-"
114.119.152.0 - - [18/Jul/2026:04:51:25 -0400] "GET /shop/inspectors/style/890178429778.shtml HTTP/1.1" 301 - www.revealmyway.com "https://www.revealmyway.com/sitemap-goods-7751.xml" "Mozilla/5.0 (Linux; Android 7.0;) AppleWebKit/537.36 (HTML, like Gecko) Mobile Safari/537.36 (compatible; PetalBot;+https://webmaster.petalsearch.com/site/petalbot)" "-"
114.119.152.0 - - [18/Jul/2026:04:51:26 -0400] "GET /shop/inspectors/style/890178429778.shtml HTTP/1.1" 404 21594 revealmyway.com "https://www.revealmyway.com/sitemap-goods-7751.xml" "Mozilla/5.0 (Linux; Android 7.0;) AppleWebKit/537.36 (HTML, like Gecko) Mobile Safari/537.36 (compatible; PetalBot;+https://webmaster.petalsearch.com/site/petalbot)" "-"
43.167.157.0 - - [18/Jul/2026:04:51:27 -0400] "GET /?loknya=/homepages/7/d148962042 HTTP/1.1" 200 18962 coaches.revealmyway.com "-" "Mozilla/5.0 (iPhone; CPU iPhone OS 13_2_3 like Mac OS X) AppleWebKit/605.1.15 (KHTML, like Gecko) Version/13.0.3 Mobile/15E148 Safari/604.1" "-"
74.7.241.0 - - [18/Jul/2026:04:51:37 -0400] "GET /?lokasie=/proc/zoneinfo&loknya=/proc HTTP/1.1" 429 267 coaches.revealmyway.com "https://coaches.revealmyway.com/?loknya=/proc" "Mozilla/5.0 AppleWebKit/537.36 (KHTML, like Gecko; compatible; GPTBot/1.4; +https://openai.com/gptbot)" "-"
2a03:2880:f800:: - - [18/Jul/2026:04:51:38 -0400] "GET /wp-includes/revisions.php?ja/shopping/hug/890210223087 HTTP/1.1" 403 1271 www.revealmyway.com "-" "Mozilla/5.0 (Macintosh; Intel Mac OS X 10_15_7) AppleWebKit/537.36 (KHTML, like Gecko) Chrome/145.0.0.0 Safari/537.36 (compatible; meta-externalagent/1.1 (+https://developers.facebook.com/docs/sharing/webmasters/crawler))" "-"
2a03:2880:f800:: - - [18/Jul/2026:04:52:09 -0400] "GET /ja/shopping/mips/891032385142 HTTP/1.1" 404 21594 revealmyway.com "-" "Mozilla/5.0 (Windows NT 10.0; Win64; x64) AppleWebKit/537.36 (KHTML, like Gecko) Chrome/145.0.0.0 Safari/537.36 (compatible; meta-externalagent/1.1 (+https://developers.facebook.com/docs/sharing/webmasters/crawler))" "-"
74.7.241.0 - - [18/Jul/2026:04:52:36 -0400] "GET /?lokasie=/sbin/poweroff&loknya=/sbin HTTP/1.1" 200 56951 coaches.revealmyway.com "https://coaches.revealmyway.com/?loknya=/sbin" "Mozilla/5.0 AppleWebKit/537.36 (KHTML, like Gecko; compatible; GPTBot/1.4; +https://openai.com/gptbot)" "-"
2a03:2880:f800:: - - [18/Jul/2026:04:52:40 -0400] "GET /ja/shopping/ultra/89079552978 HTTP/1.1" 404 21594 revealmyway.com "-" "Mozilla/5.0 (Macintosh; Intel Mac OS X 10_15_7) AppleWebKit/537.36 (KHTML, like Gecko) Chrome/145.0.0.0 Safari/537.36 (compatible; meta-externalagent/1.1 (+https://developers.facebook.com/docs/sharing/webmasters/crawler))" "-"
114.119.148.0 - - [18/Jul/2026:04:52:49 -0400] "GET /shop/insert/fibers/88974849630.shtml HTTP/1.1" 301 - www.revealmyway.com "https://www.revealmyway.com/sitemap-goods-5268.xml" "Mozilla/5.0 (Linux; Android 7.0;) AppleWebKit/537.36 (HTML, like Gecko) Mobile Safari/537.36 (compatible; PetalBot;+https://webmaster.petalsearch.com/site/petalbot)" "-"
17.22.237.0 - - [18/Jul/2026:04:52:49 -0400] "GET /letslucky-casino-instant-withdrawal-au/ HTTP/1.1" 200 41826 coaches.revealmyway.com "-" "Mozilla/5.0 (Macintosh; Intel Mac OS X 10_15_7) AppleWebKit/605.1.15 (KHTML, like Gecko) Version/17.4 Safari/605.1.15 (Applebot/0.1; +http://www.apple.com/go/applebot)" "-"
114.119.148.0 - - [18/Jul/2026:04:52:50 -0400] "GET /shop/insert/fibers/88974849630.shtml HTTP/1.1" 404 21594 revealmyway.com "https://www.revealmyway.com/sitemap-goods-5268.xml" "Mozilla/5.0 (Linux; Android 7.0;) AppleWebKit/537.36 (HTML, like Gecko) Mobile Safari/537.36 (compatible; PetalBot;+https://webmaster.petalsearch.com/site/petalbot)" "-"
2a03:2880:f800:: - - [18/Jul/2026:04:53:11 -0400] "GET /wp-includes/revisions.php?ja/shopping/jw/890472019807 HTTP/1.1" 403 1271 www.revealmyway.com "-" "Mozilla/5.0 (Macintosh; Intel Mac OS X 10_15_7) AppleWebKit/537.36 (KHTML, like Gecko) Chrome/145.0.0.0 Safari/537.36 (compatible; meta-externalagent/1.1 (+https://developers.facebook.com/docs/sharing/webmasters/crawler))" "-"
40.77.167.0 - - [18/Jul/2026:04:53:11 -0400] "GET /shop/stamps/insurer/891312605059.shtml HTTP/1.1" 301 - www.revealmyway.com "-" "Mozilla/5.0 AppleWebKit/537.36 (KHTML, like Gecko; compatible; bingbot/2.0; +http://www.bing.com/bingbot.htm) Chrome/116.0.1938.76 Safari/537.36" "-"
74.7.241.0 - - [18/Jul/2026:04:53:38 -0400] "GET /?lokasie=/sbin/quotaoff&loknya=/sbin HTTP/1.1" 200 124758 coaches.revealmyway.com "https://coaches.revealmyway.com/?loknya=/sbin" "Mozilla/5.0 AppleWebKit/537.36 (KHTML, like Gecko; compatible; GPTBot/1.4; +https://openai.com/gptbot)" "-"
2a03:2880:f800:: - - [18/Jul/2026:04:53:43 -0400] "GET /wp-includes/revisions.php?ja/shopping/uzbekistan/890170417552 HTTP/1.1" 403 1271 www.revealmyway.com "-" "Mozilla/5.0 (Macintosh; Intel Mac OS X 10_15_7) AppleWebKit/537.36 (KHTML, like Gecko) Chrome/145.0.0.0 Safari/537.36 (compatible; meta-externalagent/1.1 (+https://developers.facebook.com/docs/sharing/webmasters/crawler))" "-"
114.119.152.0 - - [18/Jul/2026:04:54:12 -0400] "GET /shop/inhabitants/supplies/89079774678.shtml HTTP/1.1" 301 - www.revealmyway.com "https://www.revealmyway.com/sitemap-goods-6165.xml" "Mozilla/5.0 (Linux; Android 7.0;) AppleWebKit/537.36 (HTML, like Gecko) Mobile Safari/537.36 (compatible; PetalBot;+https://webmaster.petalsearch.com/site/petalbot)" "-"
114.119.152.0 - - [18/Jul/2026:04:54:13 -0400] "GET /shop/inhabitants/supplies/89079774678.shtml HTTP/1.1" 404 21594 revealmyway.com "https://www.revealmyway.com/sitemap-goods-6165.xml" "Mozilla/5.0 (Linux; Android 7.0;) AppleWebKit/537.36 (HTML, like Gecko) Mobile Safari/537.36 (compatible; PetalBot;+https://webmaster.petalsearch.com/site/petalbot)" "-"
2a03:2880:f800:: - - [18/Jul/2026:04:54:15 -0400] "GET /ja/shopping/uptown/89094708599 HTTP/1.1" 301 - www.revealmyway.com "-" "Mozilla/5.0 (Windows NT 10.0; Win64; x64) AppleWebKit/537.36 (KHTML, like Gecko) Chrome/145.0.0.0 Safari/537.36 (compatible; meta-externalagent/1.1 (+https://developers.facebook.com/docs/sharing/webmasters/crawler))" "-"
74.7.241.0 - - [18/Jul/2026:04:54:37 -0400] "GET /?lokasie=/sbin/filefrag&loknya=/sbin HTTP/1.1" 200 27364 coaches.revealmyway.com "https://coaches.revealmyway.com/?loknya=/sbin" "Mozilla/5.0 AppleWebKit/537.36 (KHTML, like Gecko; compatible; GPTBot/1.4; +https://openai.com/gptbot)" "-"
2a03:2880:f800:: - - [18/Jul/2026:04:54:45 -0400] "GET /ja/shopping/hiding/89084480194 HTTP/1.1" 404 21594 revealmyway.com "-" "Mozilla/5.0 (Macintosh; Intel Mac OS X 10_15_7) AppleWebKit/537.36 (KHTML, like Gecko) Chrome/145.0.0.0 Safari/537.36 (compatible; meta-externalagent/1.1 (+https://developers.facebook.com/docs/sharing/webmasters/crawler))" "-"
17.246.15.0 - - [18/Jul/2026:04:54:55 -0400] "GET /aud33-casino-instant-withdrawal-au/ HTTP/1.1" 200 41826 coaches.revealmyway.com "-" "Mozilla/5.0 (Macintosh; Intel Mac OS X 10_15_7) AppleWebKit/605.1.15 (KHTML, like Gecko) Version/17.4 Safari/605.1.15 (Applebot/0.1; +http://www.apple.com/go/applebot)" "-"
2a03:2880:f800:: - - [18/Jul/2026:04:55:12 -0400] "GET /ja/shopping/reductions/890870459291 HTTP/1.1" 404 21594 revealmyway.com "-" "Mozilla/5.0 (Windows NT 10.0; Win64; x64) AppleWebKit/537.36 (KHTML, like Gecko) Chrome/145.0.0.0 Safari/537.36 (compatible; meta-externalagent/1.1 (+https://developers.facebook.com/docs/sharing/webmasters/crawler))" "-"
74.7.241.0 - - [18/Jul/2026:04:55:26 -0400] "GET /?lokasie=/sbin/xqmstats&loknya=/sbin HTTP/1.1" 200 21304 coaches.revealmyway.com "https://coaches.revealmyway.com/?loknya=/sbin" "Mozilla/5.0 AppleWebKit/537.36 (KHTML, like Gecko; compatible; GPTBot/1.4; +https://openai.com/gptbot)" "-"
114.119.132.0 - - [18/Jul/2026:04:55:36 -0400] "GET /shop/indulgence/counting/88922045894.shtml HTTP/1.1" 301 - www.revealmyway.com "https://www.revealmyway.com/sitemap-goods-3566.xml" "Mozilla/5.0 (Linux; Android 7.0;) AppleWebKit/537.36 (HTML, like Gecko) Mobile Safari/537.36 (compatible; PetalBot;+https://webmaster.petalsearch.com/site/petalbot)" "-"
114.119.132.0 - - [18/Jul/2026:04:55:37 -0400] "GET /shop/indulgence/counting/88922045894.shtml HTTP/1.1" 404 21594 revealmyway.com "https://www.revealmyway.com/sitemap-goods-3566.xml" "Mozilla/5.0 (Linux; Android 7.0;) AppleWebKit/537.36 (HTML, like Gecko) Mobile Safari/537.36 (compatible; PetalBot;+https://webmaster.petalsearch.com/site/petalbot)" "-"
2a03:2880:f800:: - - [18/Jul/2026:04:55:39 -0400] "GET /ja/shopping/lu/89079539318 HTTP/1.1" 404 21594 revealmyway.com "-" "Mozilla/5.0 (Macintosh; Intel Mac OS X 10.15; rv:147.0) Gecko/20100101 Firefox/147.0 (compatible; meta-externalagent/1.1 (+https://developers.facebook.com/docs/sharing/webmasters/crawler))" "-"
216.73.216.0 - - [18/Jul/2026:04:55:48 -0400] "GET /robots.txt HTTP/1.1" 200 121 info.revealmyway.com "-" "Mozilla/5.0 AppleWebKit/537.36 (KHTML, like Gecko; compatible; ClaudeBot/1.0; +claudebot@anthropic.com)" "-"
74.208.57.0 - - [18/Jul/2026:04:55:49 -0400] "POST /wp-cron.php?doing_wp_cron=1784364949.1610629558563232421875 HTTP/1.1" 200 - info.revealmyway.com "-" "WordPress/7.0.1; https://info.revealmyway.com" "-"
216.73.216.0 - - [18/Jul/2026:04:55:49 -0400] "GET /wp-sitemap.xml HTTP/1.1" 200 562 info.revealmyway.com "-" "Mozilla/5.0 AppleWebKit/537.36 (KHTML, like Gecko; compatible; ClaudeBot/1.0; +claudebot@anthropic.com)" "-"
2a03:2880:f800:: - - [18/Jul/2026:04:56:06 -0400] "GET /ja/shopping/eg/89063030369 HTTP/1.1" 301 - www.revealmyway.com "-" "Mozilla/5.0 (Macintosh; Intel Mac OS X 10_15_7) AppleWebKit/537.36 (KHTML, like Gecko) Chrome/145.0.0.0 Safari/537.36 (compatible; meta-externalagent/1.1 (+https://developers.facebook.com/docs/sharing/webmasters/crawler))" "-"
74.7.241.0 - - [18/Jul/2026:04:56:10 -0400] "GET /?lokasie=/sbin/addgroup&loknya=/sbin HTTP/1.1" 200 56951 coaches.revealmyway.com "https://coaches.revealmyway.com/?loknya=/sbin" "Mozilla/5.0 AppleWebKit/537.36 (KHTML, like Gecko; compatible; GPTBot/1.4; +https://openai.com/gptbot)" "-"
17.22.245.0 - - [18/Jul/2026:04:56:25 -0400] "GET /free-bonus-no-deposit-new-australia-casino/ HTTP/1.1" 200 41825 coaches.revealmyway.com "-" "Mozilla/5.0 (Macintosh; Intel Mac OS X 10_15_7) AppleWebKit/605.1.15 (KHTML, like Gecko) Version/17.4 Safari/605.1.15 (Applebot/0.1; +http://www.apple.com/go/applebot)" "-"
2a03:2880:f800:: - - [18/Jul/2026:04:56:33 -0400] "GET /ja/shopping/reliable/8907573156 HTTP/1.1" 404 21594 revealmyway.com "-" "Mozilla/5.0 (Macintosh; Intel Mac OS X 10_15_7) AppleWebKit/537.36 (KHTML, like Gecko) Chrome/145.0.0.0 Safari/537.36 (compatible; meta-externalagent/1.1 (+https://developers.facebook.com/docs/sharing/webmasters/crawler))" "-"
74.7.241.0 - - [18/Jul/2026:04:56:53 -0400] "GET /?lokasie=/sbin/ldattach&loknya=/sbin HTTP/1.1" 200 50545 coaches.revealmyway.com "https://coaches.revealmyway.com/?loknya=/sbin" "Mozilla/5.0 AppleWebKit/537.36 (KHTML, like Gecko; compatible; GPTBot/1.4; +https://openai.com/gptbot)" "-"
2a03:2880:f800:: - - [18/Jul/2026:04:56:57 -0400] "GET /ja/shopping/meant/89076933522 HTTP/1.1" 404 21594 revealmyway.com "-" "Mozilla/5.0 (Windows NT 10.0; Win64; x64) AppleWebKit/537.36 (KHTML, like Gecko) Chrome/145.0.0.0 Safari/537.36 Edg/145.0.0.0 (compatible; meta-externalagent/1.1 (+https://developers.facebook.com/docs/sharing/webmasters/crawler))" "-"
114.119.132.0 - - [18/Jul/2026:04:57:01 -0400] "GET /shop/independent/reagan/89037485508.shtml HTTP/1.1" 301 - www.revealmyway.com "https://www.revealmyway.com/sitemap-goods-7209.xml" "Mozilla/5.0 (Linux; Android 7.0;) AppleWebKit/537.36 (HTML, like Gecko) Mobile Safari/537.36 (compatible; PetalBot;+https://webmaster.petalsearch.com/site/petalbot)" "-"
114.119.132.0 - - [18/Jul/2026:04:57:02 -0400] "GET /shop/independent/reagan/89037485508.shtml HTTP/1.1" 404 21594 revealmyway.com "https://www.revealmyway.com/sitemap-goods-7209.xml" "Mozilla/5.0 (Linux; Android 7.0;) AppleWebKit/537.36 (HTML, like Gecko) Mobile Safari/537.36 (compatible; PetalBot;+https://webmaster.petalsearch.com/site/petalbot)" "-"
2a03:2880:f800:: - - [18/Jul/2026:04:57:21 -0400] "GET /ja/shopping/pulse/891071173357 HTTP/1.1" 404 21594 revealmyway.com "-" "Mozilla/5.0 (Windows NT 10.0; Win64; x64) AppleWebKit/537.36 (KHTML, like Gecko) Chrome/145.0.0.0 Safari/537.36 (compatible; meta-externalagent/1.1 (+https://developers.facebook.com/docs/sharing/webmasters/crawler))" "-"
74.7.241.0 - - [18/Jul/2026:04:57:31 -0400] "GET /?lokasie=/sbin/fdformat&loknya=/sbin HTTP/1.1" 200 56951 coaches.revealmyway.com "https://coaches.revealmyway.com/?loknya=/sbin" "Mozilla/5.0 AppleWebKit/537.36 (KHTML, like Gecko; compatible; GPTBot/1.4; +https://openai.com/gptbot)" "-"
2a03:2880:f800:: - - [18/Jul/2026:04:57:44 -0400] "GET /wp-includes/revisions.php?ja/shopping/lets/890170613503 HTTP/1.1" 403 1271 www.revealmyway.com "-" "Mozilla/5.0 (Windows NT 10.0; Win64; x64) AppleWebKit/537.36 (KHTML, like Gecko) Chrome/145.0.0.0 Safari/537.36 (compatible; meta-externalagent/1.1 (+https://developers.facebook.com/docs/sharing/webmasters/crawler))" "-"
74.7.241.0 - - [18/Jul/2026:04:58:04 -0400] "GET /?lokasie=/sbin/groupdel&loknya=/sbin HTTP/1.1" 200 56951 coaches.revealmyway.com "https://coaches.revealmyway.com/?loknya=/sbin" "Mozilla/5.0 AppleWebKit/537.36 (KHTML, like Gecko; compatible; GPTBot/1.4; +https://openai.com/gptbot)" "-"
2a03:2880:f800:: - - [18/Jul/2026:04:58:08 -0400] "GET /ja/shopping/liberty/891014293683 HTTP/1.1" 404 21594 revealmyway.com "-" "Mozilla/5.0 (Windows NT 10.0; Win64; x64) AppleWebKit/537.36 (KHTML, like Gecko) Chrome/145.0.0.0 Safari/537.36 (compatible; meta-externalagent/1.1 (+https://developers.facebook.com/docs/sharing/webmasters/crawler))" "-"
114.119.148.0 - - [18/Jul/2026:04:58:23 -0400] "GET /shop/incorrect/horton/89048090931.shtml HTTP/1.1" 301 - www.revealmyway.com "https://www.revealmyway.com/sitemap-goods-4389.xml" "Mozilla/5.0 (Linux; Android 7.0;) AppleWebKit/537.36 (HTML, like Gecko) Mobile Safari/537.36 (compatible; PetalBot;+https://webmaster.petalsearch.com/site/petalbot)" "-"
114.119.148.0 - - [18/Jul/2026:04:58:25 -0400] "GET /shop/incorrect/horton/89048090931.shtml HTTP/1.1" 404 21594 revealmyway.com "https://www.revealmyway.com/sitemap-goods-4389.xml" "Mozilla/5.0 (Linux; Android 7.0;) AppleWebKit/537.36 (HTML, like Gecko) Mobile Safari/537.36 (compatible; PetalBot;+https://webmaster.petalsearch.com/site/petalbot)" "-"
2a03:2880:f800:: - - [18/Jul/2026:04:58:32 -0400] "GET /ja/shopping/beard/890681082919 HTTP/1.1" 404 21594 revealmyway.com "-" "Mozilla/5.0 (X11; Linux x86_64) AppleWebKit/537.36 (KHTML, like Gecko) Chrome/145.0.0.0 Safari/537.36 (compatible; meta-externalagent/1.1 (+https://developers.facebook.com/docs/sharing/webmasters/crawler))" "-"
74.7.241.0 - - [18/Jul/2026:04:58:33 -0400] "GET /?lokasie=/sbin/modprobe&loknya=/sbin HTTP/1.1" 200 56951 coaches.revealmyway.com "https://coaches.revealmyway.com/?loknya=/sbin" "Mozilla/5.0 AppleWebKit/537.36 (KHTML, like Gecko; compatible; GPTBot/1.4; +https://openai.com/gptbot)" "-"
17.22.253.0 - - [18/Jul/2026:04:58:50 -0400] "GET /gambling-safe-australia/ HTTP/1.1" 200 41827 coaches.revealmyway.com "-" "Mozilla/5.0 (Macintosh; Intel Mac OS X 10_15_7) AppleWebKit/605.1.15 (KHTML, like Gecko) Version/17.4 Safari/605.1.15 (Applebot/0.1; +http://www.apple.com/go/applebot)" "-"
2a03:2880:f800:: - - [18/Jul/2026:04:58:56 -0400] "GET /ja/shopping/rats/891029476403 HTTP/1.1" 404 21594 revealmyway.com "-" "Mozilla/5.0 (Macintosh; Intel Mac OS X 10_15_7) AppleWebKit/537.36 (KHTML, like Gecko) Chrome/145.0.0.0 Safari/537.36 (compatible; meta-externalagent/1.1 (+https://developers.facebook.com/docs/sharing/webmasters/crawler))" "-"
43.130.102.0 - - [18/Jul/2026:04:58:59 -0400] "GET /?loknya=/homepages/7/d148901459 HTTP/1.1" 200 20330 coaches.revealmyway.com "-" "Mozilla/5.0 (iPhone; CPU iPhone OS 13_2_3 like Mac OS X) AppleWebKit/605.1.15 (KHTML, like Gecko) Version/13.0.3 Mobile/15E148 Safari/604.1" "-"
74.7.241.0 - - [18/Jul/2026:04:59:00 -0400] "GET /?lokasie=/sbin/ldconfig&loknya=/sbin HTTP/1.1" 200 1566617 coaches.revealmyway.com "https://coaches.revealmyway.com/?loknya=/sbin" "Mozilla/5.0 AppleWebKit/537.36 (KHTML, like Gecko; compatible; GPTBot/1.4; +https://openai.com/gptbot)" "-"
2a03:2880:f800:: - - [18/Jul/2026:04:59:19 -0400] "GET /ja/shopping/requisite/891174725906 HTTP/1.1" 404 21594 revealmyway.com "-" "Mozilla/5.0 (Macintosh; Intel Mac OS X 10_15_7) AppleWebKit/537.36 (KHTML, like Gecko) Chrome/145.0.0.0 Safari/537.36 (compatible; meta-externalagent/1.1 (+https://developers.facebook.com/docs/sharing/webmasters/crawler))" "-"
74.7.241.0 - - [18/Jul/2026:04:59:23 -0400] "GET /?lokasie=/sbin/repquota&loknya=/sbin HTTP/1.1" 200 127616 coaches.revealmyway.com "https://coaches.revealmyway.com/?loknya=/sbin" "Mozilla/5.0 AppleWebKit/537.36 (KHTML, like Gecko; compatible; GPTBot/1.4; +https://openai.com/gptbot)" "-"
2a03:2880:f800:: - - [18/Jul/2026:04:59:43 -0400] "GET /ja/shopping/arising/890681135302 HTTP/1.1" 404 21594 revealmyway.com "-" "Mozilla/5.0 (Windows NT 10.0; Win64; x64) AppleWebKit/537.36 (KHTML, like Gecko) Chrome/145.0.0.0 Safari/537.36 (compatible; meta-externalagent/1.1 (+https://developers.facebook.com/docs/sharing/webmasters/crawler))" "-"
74.7.241.0 - - [18/Jul/2026:04:59:46 -0400] "GET /?lokasie=/sbin/groupadd&loknya=/sbin HTTP/1.1" 200 56951 coaches.revealmyway.com "https://coaches.revealmyway.com/?loknya=/sbin" "Mozilla/5.0 AppleWebKit/537.36 (KHTML, like Gecko; compatible; GPTBot/1.4; +https://openai.com/gptbot)" "-"
114.119.159.0 - - [18/Jul/2026:04:59:47 -0400] "GET /shop/impairment/re/88964337298.shtml HTTP/1.1" 301 - www.revealmyway.com "https://www.revealmyway.com/sitemap-goods-7653.xml" "Mozilla/5.0 (Linux; Android 7.0;) AppleWebKit/537.36 (HTML, like Gecko) Mobile Safari/537.36 (compatible; PetalBot;+https://webmaster.petalsearch.com/site/petalbot)" "-"
114.119.159.0 - - [18/Jul/2026:04:59:49 -0400] "GET /shop/impairment/re/88964337298.shtml HTTP/1.1" 404 21594 revealmyway.com "https://www.revealmyway.com/sitemap-goods-7653.xml" "Mozilla/5.0 (Linux; Android 7.0;) AppleWebKit/537.36 (HTML, like Gecko) Mobile Safari/537.36 (compatible; PetalBot;+https://webmaster.petalsearch.com/site/petalbot)" "-"
74.7.241.0 - - [18/Jul/2026:05:00:06 -0400] "GET /?lokasie=/lib/aspell/en-variant_1.rws&loknya=/lib/aspell HTTP/1.1" 200 116655 coaches.revealmyway.com "https://coaches.revealmyway.com/?loknya=/lib/aspell" "Mozilla/5.0 AppleWebKit/537.36 (KHTML, like Gecko; compatible; GPTBot/1.4; +https://openai.com/gptbot)" "-"
2a03:2880:f800:: - - [18/Jul/2026:05:00:07 -0400] "GET /ja/shopping/escapes/8906107713 HTTP/1.1" 404 21594 revealmyway.com "-" "Mozilla/5.0 (Macintosh; Intel Mac OS X 10_15_7) AppleWebKit/537.36 (KHTML, like Gecko) Chrome/145.0.0.0 Safari/537.36 (compatible; meta-externalagent/1.1 (+https://developers.facebook.com/docs/sharing/webmasters/crawler))" "-"
74.7.241.0 - - [18/Jul/2026:05:00:24 -0400] "GET /?lokasie=/lib/aspell/en-variant_2.rws&loknya=/lib/aspell HTTP/1.1" 200 127562 coaches.revealmyway.com "https://coaches.revealmyway.com/?loknya=/lib/aspell" "Mozilla/5.0 AppleWebKit/537.36 (KHTML, like Gecko; compatible; GPTBot/1.4; +https://openai.com/gptbot)" "-"
2a03:2880:f800:: - - [18/Jul/2026:05:00:31 -0400] "GET /ja/shopping/estrogen/89066084864 HTTP/1.1" 301 - www.revealmyway.com "-" "Mozilla/5.0 (Windows NT 10.0; Win64; x64) AppleWebKit/537.36 (KHTML, like Gecko) Chrome/145.0.0.0 Safari/537.36 (compatible; meta-externalagent/1.1 (+https://developers.facebook.com/docs/sharing/webmasters/crawler))" "-"
74.7.241.0 - - [18/Jul/2026:05:00:40 -0400] "GET /?lokasie=/lib/aspell/en-variant_0.rws&loknya=/lib/aspell HTTP/1.1" 200 51204 coaches.revealmyway.com "https://coaches.revealmyway.com/?loknya=/lib/aspell" "Mozilla/5.0 AppleWebKit/537.36 (KHTML, like Gecko; compatible; GPTBot/1.4; +https://openai.com/gptbot)" "-"
74.7.241.0 - - [18/Jul/2026:05:00:54 -0400] "GET /?lokasie=/kunden/etc/passwd-&loknya=/kunden/etc HTTP/1.1" 200 5536 coaches.revealmyway.com "https://coaches.revealmyway.com/?loknya=/kunden/etc" "Mozilla/5.0 AppleWebKit/537.36 (KHTML, like Gecko; compatible; GPTBot/1.4; +https://openai.com/gptbot)" "-"
2a03:2880:f800:: - - [18/Jul/2026:05:00:54 -0400] "GET /ja/shopping/brunei/89094818504 HTTP/1.1" 301 - www.revealmyway.com "-" "Mozilla/5.0 (X11; Linux x86_64) AppleWebKit/537.36 (KHTML, like Gecko) Chrome/145.0.0.0 Safari/537.36 (compatible; meta-externalagent/1.1 (+https://developers.facebook.com/docs/sharing/webmasters/crawler))" "-"
74.7.241.0 - - [18/Jul/2026:05:01:08 -0400] "GET /?lokasie=/kunden/bin/apt-get&loknya=/kunden/bin HTTP/1.1" 429 267 coaches.revealmyway.com "https://coaches.revealmyway.com/?loknya=/kunden/bin" "Mozilla/5.0 AppleWebKit/537.36 (KHTML, like Gecko; compatible; GPTBot/1.4; +https://openai.com/gptbot)" "-"
114.119.148.0 - - [18/Jul/2026:05:01:11 -0400] "GET /shop/imitation/estonia/889231106531.shtml HTTP/1.1" 301 - www.revealmyway.com "https://www.revealmyway.com/sitemap-goods-3073.xml" "Mozilla/5.0 (Linux; Android 7.0;) AppleWebKit/537.36 (HTML, like Gecko) Mobile Safari/537.36 (compatible; PetalBot;+https://webmaster.petalsearch.com/site/petalbot)" "-"
114.119.148.0 - - [18/Jul/2026:05:01:12 -0400] "GET /shop/imitation/estonia/889231106531.shtml HTTP/1.1" 404 21594 revealmyway.com "https://www.revealmyway.com/sitemap-goods-3073.xml" "Mozilla/5.0 (Linux; Android 7.0;) AppleWebKit/537.36 (HTML, like Gecko) Mobile Safari/537.36 (compatible; PetalBot;+https://webmaster.petalsearch.com/site/petalbot)" "-"
17.241.227.0 - - [18/Jul/2026:05:01:13 -0400] "GET /minimum-15-deposit-cashtocode-casino-australia/ HTTP/1.1" 429 267 coaches.revealmyway.com "-" "Mozilla/5.0 (Macintosh; Intel Mac OS X 10_15_7) AppleWebKit/605.1.15 (KHTML, like Gecko) Version/17.4 Safari/605.1.15 (Applebot/0.1; +http://www.apple.com/go/applebot)" "-"
2a03:2880:f800:: - - [18/Jul/2026:05:01:16 -0400] "GET /ja/shopping/johnston/890748819403 HTTP/1.1" 404 21594 revealmyway.com "-" "Mozilla/5.0 (Windows NT 10.0; Win64; x64) AppleWebKit/537.36 (KHTML, like Gecko) Chrome/145.0.0.0 Safari/537.36 (compatible; meta-externalagent/1.1 (+https://developers.facebook.com/docs/sharing/webmasters/crawler))" "-"
74.7.241.0 - - [18/Jul/2026:05:01:19 -0400] "GET /?lokasie=/etc/groff/man.local&loknya=/etc/groff HTTP/1.1" 429 267 coaches.revealmyway.com "https://coaches.revealmyway.com/?loknya=/etc/groff" "Mozilla/5.0 AppleWebKit/537.36 (KHTML, like Gecko; compatible; GPTBot/1.4; +https://openai.com/gptbot)" "-"
66.249.64.0 - - [18/Jul/2026:05:01:27 -0400] "GET /?shop/syndicate88985303021.shtml HTTP/1.1" 301 - revealmyway.com "-" "Mozilla/5.0 (Linux; Android 6.0.1; Nexus 5X Build/MMB29P) AppleWebKit/537.36 (KHTML, like Gecko) Chrome/150.0.7871.124 Mobile Safari/537.36 (compatible; Googlebot/2.1; +http://www.google.com/bot.html)" "-"
66.249.64.0 - - [18/Jul/2026:05:01:27 -0400] "GET /?shop%2Fsyndicate88985303021_shtml HTTP/1.1" 200 27217 revealmyway.com "-" "Mozilla/5.0 (Linux; Android 6.0.1; Nexus 5X Build/MMB29P) AppleWebKit/537.36 (KHTML, like Gecko) Chrome/150.0.7871.124 Mobile Safari/537.36 (compatible; Googlebot/2.1; +http://www.google.com/bot.html)" "-"
2a03:2880:f800:: - - [18/Jul/2026:05:01:36 -0400] "GET /ja/shopping/appliance/89063016209 HTTP/1.1" 404 21594 revealmyway.com "-" "Mozilla/5.0 (Windows NT 10.0; Win64; x64) AppleWebKit/537.36 (KHTML, like Gecko) Chrome/145.0.0.0 Safari/537.36 (compatible; meta-externalagent/1.1 (+https://developers.facebook.com/docs/sharing/webmasters/crawler))" "-"
17.246.15.0 - - [18/Jul/2026:05:01:50 -0400] "GET /best-way-to-advertise-online-casino/ HTTP/1.1" 429 267 coaches.revealmyway.com "-" "Mozilla/5.0 (Macintosh; Intel Mac OS X 10_15_7) AppleWebKit/605.1.15 (KHTML, like Gecko) Version/17.4 Safari/605.1.15 (Applebot/0.1; +http://www.apple.com/go/applebot)" "-"
2a03:2880:f800:: - - [18/Jul/2026:05:01:54 -0400] "GET /ja/shopping/vendor/891032292257 HTTP/1.1" 404 21594 revealmyway.com "-" "Mozilla/5.0 (Windows NT 10.0; Win64; x64) AppleWebKit/537.36 (KHTML, like Gecko) Chrome/145.0.0.0 Safari/537.36 (compatible; meta-externalagent/1.1 (+https://developers.facebook.com/docs/sharing/webmasters/crawler))" "-"
74.7.241.0 - - [18/Jul/2026:05:01:55 -0400] "GET /?lokasie=/kunden/bin/c99&loknya=/kunden/bin HTTP/1.1" 429 267 coaches.revealmyway.com "https://coaches.revealmyway.com/?loknya=/kunden/bin" "Mozilla/5.0 AppleWebKit/537.36 (KHTML, like Gecko; compatible; GPTBot/1.4; +https://openai.com/gptbot)" "-"
2a03:2880:f800:: - - [18/Jul/2026:05:02:13 -0400] "GET /ja/shopping/username/890952791579 HTTP/1.1" 404 21594 revealmyway.com "-" "Mozilla/5.0 (X11; Linux x86_64) AppleWebKit/537.36 (KHTML, like Gecko) Chrome/145.0.0.0 Safari/537.36 (compatible; meta-externalagent/1.1 (+https://developers.facebook.com/docs/sharing/webmasters/crawler))" "-"
2a03:2880:f800:: - - [18/Jul/2026:05:02:33 -0400] "GET /ja/shopping/sdl/89112508838 HTTP/1.1" 404 21594 revealmyway.com "-" "Mozilla/5.0 (Macintosh; Intel Mac OS X 10_15_7) AppleWebKit/537.36 (KHTML, like Gecko) Chrome/145.0.0.0 Safari/537.36 (compatible; meta-externalagent/1.1 (+https://developers.facebook.com/docs/sharing/webmasters/crawler))" "-"
114.119.148.0 - - [18/Jul/2026:05:02:34 -0400] "GET /shop/households/rpc/891011127928.shtml HTTP/1.1" 301 - www.revealmyway.com "https://www.revealmyway.com/sitemap-goods-7598.xml" "Mozilla/5.0 (Linux; Android 7.0;) AppleWebKit/537.36 (HTML, like Gecko) Mobile Safari/537.36 (compatible; PetalBot;+https://webmaster.petalsearch.com/site/petalbot)" "-"
114.119.148.0 - - [18/Jul/2026:05:02:35 -0400] "GET /shop/households/rpc/891011127928.shtml HTTP/1.1" 404 21594 revealmyway.com "https://www.revealmyway.com/sitemap-goods-7598.xml" "Mozilla/5.0 (Linux; Android 7.0;) AppleWebKit/537.36 (HTML, like Gecko) Mobile Safari/537.36 (compatible; PetalBot;+https://webmaster.petalsearch.com/site/petalbot)" "-"
2a03:2880:f800:: - - [18/Jul/2026:05:02:52 -0400] "GET /ja/shopping/guests/8906112696 HTTP/1.1" 404 21594 revealmyway.com "-" "Mozilla/5.0 (Windows NT 10.0; Win64; x64) AppleWebKit/537.36 (KHTML, like Gecko) Chrome/145.0.0.0 Safari/537.36 Edg/145.0.0.0 (compatible; meta-externalagent/1.1 (+https://developers.facebook.com/docs/sharing/webmasters/crawler))" "-"
74.7.241.0 - - [18/Jul/2026:05:02:57 -0400] "GET /?lokasie=/lib/aspell/english-wo_accents.alias&loknya=/lib/aspell HTTP/1.1" 200 4100 coaches.revealmyway.com "https://coaches.revealmyway.com/?loknya=/lib/aspell" "Mozilla/5.0 AppleWebKit/537.36 (KHTML, like Gecko; compatible; GPTBot/1.4; +https://openai.com/gptbot)" "-"
207.46.13.0 - - [18/Jul/2026:05:02:57 -0400] "GET /shop/indo/lightning/89027262821.shtml HTTP/1.1" 301 - www.revealmyway.com "-" "Mozilla/5.0 AppleWebKit/537.36 (KHTML, like Gecko; compatible; bingbot/2.0; +http://www.bing.com/bingbot.htm) Chrome/116.0.1938.76 Safari/537.36" "-"
114.119.158.0 - - [18/Jul/2026:05:03:05 -0400] "GET /robots.txt HTTP/1.1" 301 - www.revealmyway.com "https://www.revealmyway.com/robots.txt" "Mozilla/5.0 (compatible;PetalBot;+https://webmaster.petalsearch.com/site/petalbot)" "-"
114.119.158.0 - - [18/Jul/2026:05:03:07 -0400] "GET /robots.txt HTTP/1.1" 200 116 revealmyway.com "https://www.revealmyway.com/robots.txt" "Mozilla/5.0 (compatible;PetalBot;+https://webmaster.petalsearch.com/site/petalbot)" "-"
2a03:2880:f800:: - - [18/Jul/2026:05:03:11 -0400] "GET /wp-includes/revisions.php?ja/shopping/tomb/89058300885 HTTP/1.1" 403 1271 www.revealmyway.com "-" "Mozilla/5.0 (Macintosh; Intel Mac OS X 10_15_7) AppleWebKit/537.36 (KHTML, like Gecko) Chrome/145.0.0.0 Safari/537.36 (compatible; meta-externalagent/1.1 (+https://developers.facebook.com/docs/sharing/webmasters/crawler))" "-"
2a03:2880:f800:: - - [18/Jul/2026:05:03:31 -0400] "GET /ja/shopping/mov/890940962912 HTTP/1.1" 404 21594 revealmyway.com "-" "Mozilla/5.0 (X11; Linux x86_64) AppleWebKit/537.36 (KHTML, like Gecko) Chrome/145.0.0.0 Safari/537.36 (compatible; meta-externalagent/1.1 (+https://developers.facebook.com/docs/sharing/webmasters/crawler))" "-"
2a03:2880:f800:: - - [18/Jul/2026:05:03:50 -0400] "GET /ja/shopping/corps/890973934874 HTTP/1.1" 404 21594 revealmyway.com "-" "Mozilla/5.0 (Macintosh; Intel Mac OS X 10_15_7) AppleWebKit/537.36 (KHTML, like Gecko) Chrome/145.0.0.0 Safari/537.36 (compatible; meta-externalagent/1.1 (+https://developers.facebook.com/docs/sharing/webmasters/crawler))" "-"
74.7.241.0 - - [18/Jul/2026:05:03:57 -0400] "GET /?lokasie=/lib/aspell/american-wo_accents.alias&loknya=/lib/aspell HTTP/1.1" 200 4104 coaches.revealmyway.com "https://coaches.revealmyway.com/?loknya=/lib/aspell" "Mozilla/5.0 AppleWebKit/537.36 (KHTML, like Gecko; compatible; GPTBot/1.4; +https://openai.com/gptbot)" "-"
114.119.154.0 - - [18/Jul/2026:05:03:58 -0400] "GET /shop/hormones/estimates/88922101247.shtml HTTP/1.1" 301 - www.revealmyway.com "https://www.revealmyway.com/sitemap-goods-4750.xml" "Mozilla/5.0 (Linux; Android 7.0;) AppleWebKit/537.36 (HTML, like Gecko) Mobile Safari/537.36 (compatible; PetalBot;+https://webmaster.petalsearch.com/site/petalbot)" "-"
114.119.154.0 - - [18/Jul/2026:05:04:00 -0400] "GET /shop/hormones/estimates/88922101247.shtml HTTP/1.1" 404 21594 revealmyway.com "https://www.revealmyway.com/sitemap-goods-4750.xml" "Mozilla/5.0 (Linux; Android 7.0;) AppleWebKit/537.36 (HTML, like Gecko) Mobile Safari/537.36 (compatible; PetalBot;+https://webmaster.petalsearch.com/site/petalbot)" "-"
2a03:2880:f800:: - - [18/Jul/2026:05:04:09 -0400] "GET /ja/shopping/exploitation/891138941067 HTTP/1.1" 404 21594 revealmyway.com "-" "Mozilla/5.0 (Macintosh; Intel Mac OS X 10_15_7) AppleWebKit/537.36 (KHTML, like Gecko) Chrome/145.0.0.0 Safari/537.36 (compatible; meta-externalagent/1.1 (+https://developers.facebook.com/docs/sharing/webmasters/crawler))" "-"
2a03:2880:f800:: - - [18/Jul/2026:05:04:28 -0400] "GET /wp-includes/revisions.php?ja/shopping/savings/89016771548 HTTP/1.1" 403 1271 www.revealmyway.com "-" "Mozilla/5.0 (Macintosh; Intel Mac OS X 10_15_7) AppleWebKit/537.36 (KHTML, like Gecko) Chrome/145.0.0.0 Safari/537.36 (compatible; meta-externalagent/1.1 (+https://developers.facebook.com/docs/sharing/webmasters/crawler))" "-"
2a03:2880:f800:: - - [18/Jul/2026:05:04:47 -0400] "GET /ja/shopping/fresh/89066311603 HTTP/1.1" 404 21594 revealmyway.com "-" "Mozilla/5.0 (X11; Linux x86_64) AppleWebKit/537.36 (KHTML, like Gecko) Chrome/145.0.0.0 Safari/537.36 (compatible; meta-externalagent/1.1 (+https://developers.facebook.com/docs/sharing/webmasters/crawler))" "-"
74.7.241.0 - - [18/Jul/2026:05:04:55 -0400] "GET /?lokasie=/lib/aspell/american-w_accents.alias&loknya=/lib/aspell HTTP/1.1" 200 4102 coaches.revealmyway.com "https://coaches.revealmyway.com/?loknya=/lib/aspell" "Mozilla/5.0 AppleWebKit/537.36 (KHTML, like Gecko; compatible; GPTBot/1.4; +https://openai.com/gptbot)" "-"
2a03:2880:f800:: - - [18/Jul/2026:05:05:07 -0400] "GET /wp-includes/revisions.php?ja/shopping/goa/890469221563 HTTP/1.1" 403 1271 www.revealmyway.com "-" "Mozilla/5.0 (Windows NT 10.0; Win64; x64) AppleWebKit/537.36 (KHTML, like Gecko) Chrome/145.0.0.0 Safari/537.36 (compatible; meta-externalagent/1.1 (+https://developers.facebook.com/docs/sharing/webmasters/crawler))" "-"
43.153.119.0 - - [18/Jul/2026:05:05:22 -0400] "GET /?loknya=/homepages/7/d147018686 HTTP/1.1" 200 20333 coaches.revealmyway.com "-" "Mozilla/5.0 (iPhone; CPU iPhone OS 13_2_3 like Mac OS X) AppleWebKit/605.1.15 (KHTML, like Gecko) Version/13.0.3 Mobile/15E148 Safari/604.1" "-"
114.119.139.0 - - [18/Jul/2026:05:05:22 -0400] "GET /shop/tues/spears/88964323097.shtml HTTP/1.1" 301 - www.revealmyway.com "https://www.revealmyway.com/sitemap-goods-6822.xml" "Mozilla/5.0 (Linux; Android 8.0.0; SM-G955U Build/R16NW) AppleWebKit/537.36 (KHTML, like Gecko) Chrome/148.0.0.0 Mobile Safari/537.36" "-"
114.119.139.0 - - [18/Jul/2026:05:05:23 -0400] "GET /shop/tues/spears/88964323097.shtml HTTP/1.1" 404 21594 revealmyway.com "https://www.revealmyway.com/sitemap-goods-6822.xml" "Mozilla/5.0 (Linux; Android 8.0.0; SM-G955U Build/R16NW) AppleWebKit/537.36 (KHTML, like Gecko) Chrome/148.0.0.0 Mobile Safari/537.36" "-"
2a03:2880:f800:: - - [18/Jul/2026:05:05:26 -0400] "GET /wp-includes/revisions.php?ja/shopping/hank/89019382043 HTTP/1.1" 403 1271 www.revealmyway.com "-" "Mozilla/5.0 (Macintosh; Intel Mac OS X 10_15_7) AppleWebKit/537.36 (KHTML, like Gecko) Chrome/145.0.0.0 Safari/537.36 (compatible; meta-externalagent/1.1 (+https://developers.facebook.com/docs/sharing/webmasters/crawler))" "-"
2a03:2880:f800:: - - [18/Jul/2026:05:05:45 -0400] "GET /ja/shopping/collage/891150905949 HTTP/1.1" 404 21594 revealmyway.com "-" "Mozilla/5.0 (Windows NT 10.0; Win64; x64) AppleWebKit/537.36 (KHTML, like Gecko) Chrome/145.0.0.0 Safari/537.36 (compatible; meta-externalagent/1.1 (+https://developers.facebook.com/docs/sharing/webmasters/crawler))" "-"
74.7.241.0 - - [18/Jul/2026:05:05:47 -0400] "GET /?lokasie=/lib/aspell/australian-w_accents.alias&loknya=/lib/aspell HTTP/1.1" 200 4104 coaches.revealmyway.com "https://coaches.revealmyway.com/?loknya=/lib/aspell" "Mozilla/5.0 AppleWebKit/537.36 (KHTML, like Gecko; compatible; GPTBot/1.4; +https://openai.com/gptbot)" "-"
34.230.124.0 - - [18/Jul/2026:05:05:55 -0400] "GET /location/south-america/?loknya=/sys HTTP/1.1" 200 5011 coaches.revealmyway.com "-" "Mozilla/5.0 AppleWebKit/537.36 (KHTML, like Gecko; compatible; Amazonbot/0.1; +https://developer.amazon.com/support/amazonbot) Chrome/119.0.6045.214 Safari/537.36" "-"
3.223.181.0 - - [18/Jul/2026:05:05:59 -0400] "GET /list-tags/life-coach/?loknya=/bin HTTP/1.1" 200 1597686 coaches.revealmyway.com "-" "Mozilla/5.0 AppleWebKit/537.36 (KHTML, like Gecko; compatible; Amazonbot/0.1; +https://developer.amazon.com/support/amazonbot) Chrome/119.0.6045.214 Safari/537.36" "-"
3.215.59.0 - - [18/Jul/2026:05:06:03 -0400] "GET /location/middle-east/?loknya=/run HTTP/1.1" 200 10763 coaches.revealmyway.com "-" "Mozilla/5.0 AppleWebKit/537.36 (KHTML, like Gecko; compatible; Amazonbot/0.1; +https://developer.amazon.com/support/amazonbot) Chrome/119.0.6045.214 Safari/537.36" "-"
2a03:2880:f800:: - - [18/Jul/2026:05:06:04 -0400] "GET /ja/shopping/fats/891153524305 HTTP/1.1" 404 21594 revealmyway.com "-" "Mozilla/5.0 (Macintosh; Intel Mac OS X 10_15_7) AppleWebKit/537.36 (KHTML, like Gecko) Chrome/145.0.0.0 Safari/537.36 (compatible; meta-externalagent/1.1 (+https://developers.facebook.com/docs/sharing/webmasters/crawler))" "-"
3.218.103.0 - - [18/Jul/2026:05:06:08 -0400] "GET /location/south-america/?loknya=/mnt HTTP/1.1" 200 6989 coaches.revealmyway.com "-" "Mozilla/5.0 AppleWebKit/537.36 (KHTML, like Gecko; compatible; Amazonbot/0.1; +https://developer.amazon.com/support/amazonbot) Chrome/119.0.6045.214 Safari/537.36" "-"
3.220.148.0 - - [18/Jul/2026:05:06:12 -0400] "GET /contact-us/embed/?loknya=/dev HTTP/1.1" 200 9026 coaches.revealmyway.com "-" "Mozilla/5.0 AppleWebKit/537.36 (KHTML, like Gecko; compatible; Amazonbot/0.1; +https://developer.amazon.com/support/amazonbot) Chrome/119.0.6045.214 Safari/537.36" "-"
44.209.89.0 - - [18/Jul/2026:05:06:16 -0400] "GET /location/south-america/?loknya=/lib64 HTTP/1.1" 200 6322 coaches.revealmyway.com "-" "Mozilla/5.0 AppleWebKit/537.36 (KHTML, like Gecko; compatible; Amazonbot/0.1; +https://developer.amazon.com/support/amazonbot) Chrome/119.0.6045.214 Safari/537.36" "-"
54.85.7.0 - - [18/Jul/2026:05:06:19 -0400] "GET /listing/elyse-ann-beller/?loknya=/homepages/1 HTTP/1.1" 200 32975 coaches.revealmyway.com "-" "Mozilla/5.0 AppleWebKit/537.36 (KHTML, like Gecko; compatible; Amazonbot/0.1; +https://developer.amazon.com/support/amazonbot) Chrome/119.0.6045.214 Safari/537.36" "-"
3.232.82.0 - - [18/Jul/2026:05:06:23 -0400] "GET /list-tags/life-coach/?loknya=/homepages/7/d147067425/htdocs/clickandbuilds/WordPress/MyCMS2 HTTP/1.1" 200 53505 coaches.revealmyway.com "-" "Mozilla/5.0 AppleWebKit/537.36 (KHTML, like Gecko; compatible; Amazonbot/0.1; +https://developer.amazon.com/support/amazonbot) Chrome/119.0.6045.214 Safari/537.36" "-"
2a03:2880:f800:: - - [18/Jul/2026:05:06:23 -0400] "GET /ja/shopping/cam/89073832713 HTTP/1.1" 404 21594 revealmyway.com "-" "Mozilla/5.0 (Windows NT 10.0; Win64; x64) AppleWebKit/537.36 (KHTML, like Gecko) Chrome/145.0.0.0 Safari/537.36 (compatible; meta-externalagent/1.1 (+https://developers.facebook.com/docs/sharing/webmasters/crawler))" "-"
52.6.232.0 - - [18/Jul/2026:05:06:27 -0400] "GET /list-tags/well-being/?loknya=/homepages/3 HTTP/1.1" 200 30910 coaches.revealmyway.com "-" "Mozilla/5.0 AppleWebKit/537.36 (KHTML, like Gecko; compatible; Amazonbot/0.1; +https://developer.amazon.com/support/amazonbot) Chrome/119.0.6045.214 Safari/537.36" "-"
3.225.9.0 - - [18/Jul/2026:05:06:31 -0400] "GET /location/middle-east/?loknya=/homepages/7/d147067425/htdocs/clickandbuilds/WordPress/MyCMS-backup/wp-includes/theme-compat HTTP/1.1" 200 20903 coaches.revealmyway.com "-" "Mozilla/5.0 AppleWebKit/537.36 (KHTML, like Gecko; compatible; Amazonbot/0.1; +https://developer.amazon.com/support/amazonbot) Chrome/119.0.6045.214 Safari/537.36" "-"
74.7.241.0 - - [18/Jul/2026:05:06:34 -0400] "GET /?lokasie=/kunden/bin/aptitude-run-state-bundle&loknya=/kunden/bin HTTP/1.1" 200 7361 coaches.revealmyway.com "https://coaches.revealmyway.com/?loknya=/kunden/bin" "Mozilla/5.0 AppleWebKit/537.36 (KHTML, like Gecko; compatible; GPTBot/1.4; +https://openai.com/gptbot)" "-"
98.83.178.0 - - [18/Jul/2026:05:06:34 -0400] "GET /contact-us/embed/?loknya=/homepages/0 HTTP/1.1" 200 23679 coaches.revealmyway.com "-" "Mozilla/5.0 AppleWebKit/537.36 (KHTML, like Gecko; compatible; Amazonbot/0.1; +https://developer.amazon.com/support/amazonbot) Chrome/119.0.6045.214 Safari/537.36" "-"
34.225.138.0 - - [18/Jul/2026:05:06:39 -0400] "GET /location/middle-east/?lokasie=/homepages/7/d147067425/htdocs/clickandbuilds/WordPress/MyCMS-backup/wp-includes/ms-deprecated.php&loknya=/homepages/7/d147067425/htdocs/clickandbuilds/WordPress/MyCMS-backup/wp-includes HTTP/1.1" 200 28722 coaches.revealmyway.com "-" "Mozilla/5.0 AppleWebKit/537.36 (KHTML, like Gecko; compatible; Amazonbot/0.1; +https://developer.amazon.com/support/amazonbot) Chrome/119.0.6045.214 Safari/537.36" "-"
