114.119.152.0 - - [18/Jul/2026:06:45:46 -0400] "GET /shop/deviant/martini/89016471127.shtml HTTP/1.1" 404 21594 revealmyway.com "https://www.revealmyway.com/sitemap-goods-7283.xml" "Mozilla/5.0 (Linux; Android 7.0;) AppleWebKit/537.36 (HTML, like Gecko) Mobile Safari/537.36 (compatible; PetalBot;+https://webmaster.petalsearch.com/site/petalbot)" "-"
74.7.241.0 - - [18/Jul/2026:06:45:54 -0400] "GET /?loknya=/usr/lib/ruby/2.7.0/webrick HTTP/1.1" 200 35729 coaches.revealmyway.com "https://coaches.revealmyway.com/?loknya=/usr/lib/ruby/2.7.0" "Mozilla/5.0 AppleWebKit/537.36 (KHTML, like Gecko; compatible; GPTBot/1.4; +https://openai.com/gptbot)" "-"
2a03:2880:f800:: - - [18/Jul/2026:06:45:58 -0400] "GET /wp-includes/revisions.php?ja/shopping/benign/89009107093 HTTP/1.1" 403 1271 www.revealmyway.com "-" "Mozilla/5.0 (Windows NT 10.0; Win64; x64) AppleWebKit/537.36 (KHTML, like Gecko) Chrome/145.0.0.0 Safari/537.36 (compatible; meta-externalagent/1.1 (+https://developers.facebook.com/docs/sharing/webmasters/crawler))" "-"
74.7.241.0 - - [18/Jul/2026:06:46:15 -0400] "GET /?loknya=/usr/lib/ruby/2.7.0/optparse HTTP/1.1" 200 14658 coaches.revealmyway.com "https://coaches.revealmyway.com/?loknya=/usr/lib/ruby/2.7.0" "Mozilla/5.0 AppleWebKit/537.36 (KHTML, like Gecko; compatible; GPTBot/1.4; +https://openai.com/gptbot)" "-"
2a03:2880:f800:: - - [18/Jul/2026:06:46:22 -0400] "GET /wp-includes/revisions.php?ja/shopping/bookmark/890271151967 HTTP/1.1" 403 1271 www.revealmyway.com "-" "Mozilla/5.0 (Windows NT 10.0; Win64; x64) AppleWebKit/537.36 (KHTML, like Gecko) Chrome/145.0.0.0 Safari/537.36 (compatible; meta-externalagent/1.1 (+https://developers.facebook.com/docs/sharing/webmasters/crawler))" "-"
74.7.241.0 - - [18/Jul/2026:06:46:35 -0400] "GET /?lokasie=/usr/lib/ruby/2.7.0/net/http/generic_request.rb&loknya=/usr/lib/ruby/2.7.0/net/http HTTP/1.1" 200 14781 coaches.revealmyway.com "https://coaches.revealmyway.com/?loknya=/usr/lib/ruby/2.7.0/net/http" "Mozilla/5.0 AppleWebKit/537.36 (KHTML, like Gecko; compatible; GPTBot/1.4; +https://openai.com/gptbot)" "-"
2a03:2880:f800:: - - [18/Jul/2026:06:46:45 -0400] "GET /ja/shopping/pixar/891071225882 HTTP/1.1" 404 21594 revealmyway.com "-" "Mozilla/5.0 (Macintosh; Intel Mac OS X 10_15_7) AppleWebKit/537.36 (KHTML, like Gecko) Chrome/145.0.0.0 Safari/537.36 (compatible; meta-externalagent/1.1 (+https://developers.facebook.com/docs/sharing/webmasters/crawler))" "-"
74.7.241.0 - - [18/Jul/2026:06:46:53 -0400] "GET /?lokasie=/usr/lib/ruby/2.7.0/net/http/responses.rb&loknya=/usr/lib/ruby/2.7.0/net/http HTTP/1.1" 200 15289 coaches.revealmyway.com "https://coaches.revealmyway.com/?loknya=/usr/lib/ruby/2.7.0/net/http" "Mozilla/5.0 AppleWebKit/537.36 (KHTML, like Gecko; compatible; GPTBot/1.4; +https://openai.com/gptbot)" "-"
114.119.154.0 - - [18/Jul/2026:06:47:07 -0400] "GET /shop/determining/kite/89048368913.shtml HTTP/1.1" 301 - www.revealmyway.com "https://www.revealmyway.com/sitemap-goods-3871.xml" "Mozilla/5.0 (Linux; Android 7.0;) AppleWebKit/537.36 (HTML, like Gecko) Mobile Safari/537.36 (compatible; PetalBot;+https://webmaster.petalsearch.com/site/petalbot)" "-"
2a03:2880:f800:: - - [18/Jul/2026:06:47:08 -0400] "GET /ja/shopping/advise/891111676607 HTTP/1.1" 404 21594 revealmyway.com "-" "Mozilla/5.0 (Macintosh; Intel Mac OS X 10_15_7) AppleWebKit/537.36 (KHTML, like Gecko) Chrome/145.0.0.0 Safari/537.36 (compatible; meta-externalagent/1.1 (+https://developers.facebook.com/docs/sharing/webmasters/crawler))" "-"
114.119.154.0 - - [18/Jul/2026:06:47:08 -0400] "GET /shop/determining/kite/89048368913.shtml HTTP/1.1" 404 21594 revealmyway.com "https://www.revealmyway.com/sitemap-goods-3871.xml" "Mozilla/5.0 (Linux; Android 7.0;) AppleWebKit/537.36 (HTML, like Gecko) Mobile Safari/537.36 (compatible; PetalBot;+https://webmaster.petalsearch.com/site/petalbot)" "-"
74.7.241.0 - - [18/Jul/2026:06:47:09 -0400] "GET /?lokasie=/usr/lib/ruby/2.7.0/net/http/response.rb&loknya=/usr/lib/ruby/2.7.0/net/http HTTP/1.1" 200 15465 coaches.revealmyway.com "https://coaches.revealmyway.com/?loknya=/usr/lib/ruby/2.7.0/net/http" "Mozilla/5.0 AppleWebKit/537.36 (KHTML, like Gecko; compatible; GPTBot/1.4; +https://openai.com/gptbot)" "-"
66.249.64.0 - - [18/Jul/2026:06:47:23 -0400] "GET /?shop/tonight8888123529.shtml HTTP/1.1" 301 - revealmyway.com "-" "Mozilla/5.0 (Linux; Android 6.0.1; Nexus 5X Build/MMB29P) AppleWebKit/537.36 (KHTML, like Gecko) Chrome/150.0.7871.124 Mobile Safari/537.36 (compatible; Googlebot/2.1; +http://www.google.com/bot.html)" "-"
74.7.241.0 - - [18/Jul/2026:06:47:24 -0400] "GET /?lokasie=/usr/lib/ruby/2.7.0/net/http/requests.rb&loknya=/usr/lib/ruby/2.7.0/net/http HTTP/1.1" 200 7376 coaches.revealmyway.com "https://coaches.revealmyway.com/?loknya=/usr/lib/ruby/2.7.0/net/http" "Mozilla/5.0 AppleWebKit/537.36 (KHTML, like Gecko; compatible; GPTBot/1.4; +https://openai.com/gptbot)" "-"
66.249.64.0 - - [18/Jul/2026:06:47:24 -0400] "GET /?shop%2Ftonight8888123529_shtml HTTP/1.1" 200 27217 revealmyway.com "-" "Mozilla/5.0 (Linux; Android 6.0.1; Nexus 5X Build/MMB29P) AppleWebKit/537.36 (KHTML, like Gecko) Chrome/150.0.7871.124 Mobile Safari/537.36 (compatible; Googlebot/2.1; +http://www.google.com/bot.html)" "-"
2a03:2880:f800:: - - [18/Jul/2026:06:47:31 -0400] "GET /ja/shopping/tolerated/890937748953 HTTP/1.1" 404 21594 revealmyway.com "-" "Mozilla/5.0 (Macintosh; Intel Mac OS X 10_15_7) AppleWebKit/537.36 (KHTML, like Gecko) Chrome/145.0.0.0 Safari/537.36 (compatible; meta-externalagent/1.1 (+https://developers.facebook.com/docs/sharing/webmasters/crawler))" "-"
74.7.241.0 - - [18/Jul/2026:06:47:37 -0400] "GET /?lokasie=/usr/lib/ruby/2.7.0/net/http/request.rb&loknya=/usr/lib/ruby/2.7.0/net/http HTTP/1.1" 200 4948 coaches.revealmyway.com "https://coaches.revealmyway.com/?loknya=/usr/lib/ruby/2.7.0/net/http" "Mozilla/5.0 AppleWebKit/537.36 (KHTML, like Gecko; compatible; GPTBot/1.4; +https://openai.com/gptbot)" "-"
170.106.35.0 - - [18/Jul/2026:06:47:47 -0400] "GET /?loknya=/homepages/38 HTTP/1.1" 200 43423 coaches.revealmyway.com "-" "Mozilla/5.0 (iPhone; CPU iPhone OS 13_2_3 like Mac OS X) AppleWebKit/605.1.15 (KHTML, like Gecko) Version/13.0.3 Mobile/15E148 Safari/604.1" "-"
74.7.241.0 - - [18/Jul/2026:06:47:49 -0400] "GET /?lokasie=/usr/lib/ruby/2.7.0/net/http/header.rb&loknya=/usr/lib/ruby/2.7.0/net/http HTTP/1.1" 200 21999 coaches.revealmyway.com "https://coaches.revealmyway.com/?loknya=/usr/lib/ruby/2.7.0/net/http" "Mozilla/5.0 AppleWebKit/537.36 (KHTML, like Gecko; compatible; GPTBot/1.4; +https://openai.com/gptbot)" "-"
2a03:2880:f800:: - - [18/Jul/2026:06:47:54 -0400] "GET /ja/shopping/usda/891056358724 HTTP/1.1" 404 21594 revealmyway.com "-" "Mozilla/5.0 (Windows NT 10.0; Win64; x64) AppleWebKit/537.36 (KHTML, like Gecko) Chrome/145.0.0.0 Safari/537.36 (compatible; meta-externalagent/1.1 (+https://developers.facebook.com/docs/sharing/webmasters/crawler))" "-"
74.7.241.0 - - [18/Jul/2026:06:47:59 -0400] "GET /?lokasie=/usr/lib/ruby/2.7.0/net/http/status.rb&loknya=/usr/lib/ruby/2.7.0/net/http HTTP/1.1" 200 7343 coaches.revealmyway.com "https://coaches.revealmyway.com/?loknya=/usr/lib/ruby/2.7.0/net/http" "Mozilla/5.0 AppleWebKit/537.36 (KHTML, like Gecko; compatible; GPTBot/1.4; +https://openai.com/gptbot)" "-"
74.7.241.0 - - [18/Jul/2026:06:48:09 -0400] "GET /?lokasie=/usr/lib/ruby/2.7.0/net/pop/version.rb&loknya=/usr/lib/ruby/2.7.0/net/pop HTTP/1.1" 429 267 coaches.revealmyway.com "https://coaches.revealmyway.com/?loknya=/usr/lib/ruby/2.7.0/net/pop" "Mozilla/5.0 AppleWebKit/537.36 (KHTML, like Gecko; compatible; GPTBot/1.4; +https://openai.com/gptbot)" "-"
2a03:2880:f800:: - - [18/Jul/2026:06:48:17 -0400] "GET /ja/shopping/binding/89087311951 HTTP/1.1" 404 21594 revealmyway.com "-" "Mozilla/5.0 (Windows NT 10.0; Win64; x64) AppleWebKit/537.36 (KHTML, like Gecko) Chrome/145.0.0.0 Safari/537.36 (compatible; meta-externalagent/1.1 (+https://developers.facebook.com/docs/sharing/webmasters/crawler))" "-"
74.7.241.0 - - [18/Jul/2026:06:48:17 -0400] "GET /?lokasie=/usr/lib/ruby/2.7.0/net/smtp/version.rb&loknya=/usr/lib/ruby/2.7.0/net/smtp HTTP/1.1" 429 267 coaches.revealmyway.com "https://coaches.revealmyway.com/?loknya=/usr/lib/ruby/2.7.0/net/smtp" "Mozilla/5.0 AppleWebKit/537.36 (KHTML, like Gecko; compatible; GPTBot/1.4; +https://openai.com/gptbot)" "-"
114.119.148.0 - - [18/Jul/2026:06:48:31 -0400] "GET /shop/desktop/liner/88964148101.shtml HTTP/1.1" 301 - www.revealmyway.com "https://www.revealmyway.com/sitemap-goods-7661.xml" "Mozilla/5.0 (Linux; Android 7.0;) AppleWebKit/537.36 (HTML, like Gecko) Mobile Safari/537.36 (compatible; PetalBot;+https://webmaster.petalsearch.com/site/petalbot)" "-"
114.119.148.0 - - [18/Jul/2026:06:48:32 -0400] "GET /shop/desktop/liner/88964148101.shtml HTTP/1.1" 404 21594 revealmyway.com "https://www.revealmyway.com/sitemap-goods-7661.xml" "Mozilla/5.0 (Linux; Android 7.0;) AppleWebKit/537.36 (HTML, like Gecko) Mobile Safari/537.36 (compatible; PetalBot;+https://webmaster.petalsearch.com/site/petalbot)" "-"
2a03:2880:f800:: - - [18/Jul/2026:06:48:40 -0400] "GET /ja/shopping/grid/890828393282 HTTP/1.1" 404 21594 revealmyway.com "-" "Mozilla/5.0 (Macintosh; Intel Mac OS X 10_15_7) AppleWebKit/537.36 (KHTML, like Gecko) Chrome/145.0.0.0 Safari/537.36 (compatible; meta-externalagent/1.1 (+https://developers.facebook.com/docs/sharing/webmasters/crawler))" "-"
74.7.241.0 - - [18/Jul/2026:06:48:43 -0400] "GET /?loknya=/lib/diet/ HTTP/1.1" 429 267 coaches.revealmyway.com "https://coaches.revealmyway.com/?loknya=/lib/diet/bin" "Mozilla/5.0 AppleWebKit/537.36 (KHTML, like Gecko; compatible; GPTBot/1.4; +https://openai.com/gptbot)" "-"
2a03:2880:f800:: - - [18/Jul/2026:06:49:03 -0400] "GET /ja/shopping/calorie/890730564297 HTTP/1.1" 404 21594 revealmyway.com "-" "Mozilla/5.0 (Windows NT 10.0; Win64; x64) AppleWebKit/537.36 (KHTML, like Gecko) Chrome/145.0.0.0 Safari/537.36 (compatible; meta-externalagent/1.1 (+https://developers.facebook.com/docs/sharing/webmasters/crawler))" "-"
2a03:2880:f800:: - - [18/Jul/2026:06:49:40 -0400] "GET /ja/shopping/fern/89105087364 HTTP/1.1" 301 - www.revealmyway.com "-" "Mozilla/5.0 (Windows NT 10.0; Win64; x64) AppleWebKit/537.36 (KHTML, like Gecko) Chrome/145.0.0.0 Safari/537.36 (compatible; meta-externalagent/1.1 (+https://developers.facebook.com/docs/sharing/webmasters/crawler))" "-"
74.208.57.0 - - [18/Jul/2026:06:49:41 -0400] "POST /wp-cron.php?doing_wp_cron=1784371781.1375169754028320312500 HTTP/1.1" 200 - revealmyway.com "-" "WordPress/7.0; https://revealmyway.com" "-"
74.7.241.0 - - [18/Jul/2026:06:49:43 -0400] "GET /?lokasie=/usr/lib/ruby/2.7.0/net/http/exceptions.rb&loknya=/usr/lib/ruby/2.7.0/net/http HTTP/1.1" 200 5097 coaches.revealmyway.com "https://coaches.revealmyway.com/?loknya=/usr/lib/ruby/2.7.0/net/http" "Mozilla/5.0 AppleWebKit/537.36 (KHTML, like Gecko; compatible; GPTBot/1.4; +https://openai.com/gptbot)" "-"
2a03:2880:f800:: - - [18/Jul/2026:06:49:49 -0400] "GET /ja/shopping/pack/890828291087 HTTP/1.1" 404 21594 revealmyway.com "-" "Mozilla/5.0 (Macintosh; Intel Mac OS X 10_15_7) AppleWebKit/537.36 (KHTML, like Gecko) Chrome/145.0.0.0 Safari/537.36 (compatible; meta-externalagent/1.1 (+https://developers.facebook.com/docs/sharing/webmasters/crawler))" "-"
114.119.139.0 - - [18/Jul/2026:06:49:54 -0400] "GET /shop/departmental/distorted/89006394842.shtml HTTP/1.1" 301 - www.revealmyway.com "https://www.revealmyway.com/sitemap-goods-4306.xml" "Mozilla/5.0 (Linux; Android 7.0;) AppleWebKit/537.36 (HTML, like Gecko) Mobile Safari/537.36 (compatible; PetalBot;+https://webmaster.petalsearch.com/site/petalbot)" "-"
114.119.139.0 - - [18/Jul/2026:06:49:55 -0400] "GET /shop/departmental/distorted/89006394842.shtml HTTP/1.1" 404 21594 revealmyway.com "https://www.revealmyway.com/sitemap-goods-4306.xml" "Mozilla/5.0 (Linux; Android 7.0;) AppleWebKit/537.36 (HTML, like Gecko) Mobile Safari/537.36 (compatible; PetalBot;+https://webmaster.petalsearch.com/site/petalbot)" "-"
2a03:2880:f800:: - - [18/Jul/2026:06:50:15 -0400] "GET /ja/shopping/slater/89073689349 HTTP/1.1" 404 21594 revealmyway.com "-" "Mozilla/5.0 (Windows NT 10.0; Win64; x64) AppleWebKit/537.36 (KHTML, like Gecko) Chrome/145.0.0.0 Safari/537.36 (compatible; meta-externalagent/1.1 (+https://developers.facebook.com/docs/sharing/webmasters/crawler))" "-"
2a03:2880:f800:: - - [18/Jul/2026:06:50:36 -0400] "GET /ja/shopping/colours/89084456372 HTTP/1.1" 404 21594 revealmyway.com "-" "Mozilla/5.0 (X11; Linux x86_64) AppleWebKit/537.36 (KHTML, like Gecko) Chrome/145.0.0.0 Safari/537.36 (compatible; meta-externalagent/1.1 (+https://developers.facebook.com/docs/sharing/webmasters/crawler))" "-"
74.7.241.0 - - [18/Jul/2026:06:50:45 -0400] "GET /?lokasie=/usr/lib/ruby/2.7.0/net/http/backward.rb&loknya=/usr/lib/ruby/2.7.0/net/http HTTP/1.1" 200 4809 coaches.revealmyway.com "https://coaches.revealmyway.com/?loknya=/usr/lib/ruby/2.7.0/net/http" "Mozilla/5.0 AppleWebKit/537.36 (KHTML, like Gecko; compatible; GPTBot/1.4; +https://openai.com/gptbot)" "-"
2a03:2880:f800:: - - [18/Jul/2026:06:50:51 -0400] "GET /ja/shopping/fluorescent/890642481852 HTTP/1.1" 404 21594 revealmyway.com "-" "Mozilla/5.0 (Windows NT 10.0; Win64; x64) AppleWebKit/537.36 (KHTML, like Gecko) Chrome/145.0.0.0 Safari/537.36 (compatible; meta-externalagent/1.1 (+https://developers.facebook.com/docs/sharing/webmasters/crawler))" "-"
2a03:2880:f800:: - - [18/Jul/2026:06:51:12 -0400] "GET /online-craps-anonymous-casino-australia/ HTTP/1.1" 200 41833 coaches.revealmyway.com "-" "Mozilla/5.0 (Windows NT 10.0; Win64; x64) AppleWebKit/537.36 (KHTML, like Gecko) Chrome/145.0.0.0 Safari/537.36 (compatible; meta-externalagent/1.1 (+https://developers.facebook.com/docs/sharing/webmasters/crawler))" "-"
114.119.154.0 - - [18/Jul/2026:06:51:18 -0400] "GET /shop/demo/antigen/88943130606.shtml HTTP/1.1" 301 - www.revealmyway.com "https://www.revealmyway.com/sitemap-goods-7598.xml" "Mozilla/5.0 (Linux; Android 7.0;) AppleWebKit/537.36 (HTML, like Gecko) Mobile Safari/537.36 (compatible; PetalBot;+https://webmaster.petalsearch.com/site/petalbot)" "-"
114.119.154.0 - - [18/Jul/2026:06:51:19 -0400] "GET /shop/demo/antigen/88943130606.shtml HTTP/1.1" 404 21594 revealmyway.com "https://www.revealmyway.com/sitemap-goods-7598.xml" "Mozilla/5.0 (Linux; Android 7.0;) AppleWebKit/537.36 (HTML, like Gecko) Mobile Safari/537.36 (compatible; PetalBot;+https://webmaster.petalsearch.com/site/petalbot)" "-"
2a03:2880:f800:: - - [18/Jul/2026:06:51:33 -0400] "GET /wp-includes/revisions.php?ja/shopping/passenger/89027134260 HTTP/1.1" 403 1271 www.revealmyway.com "-" "Mozilla/5.0 (X11; Linux x86_64) AppleWebKit/537.36 (KHTML, like Gecko) Chrome/145.0.0.0 Safari/537.36 (compatible; meta-externalagent/1.1 (+https://developers.facebook.com/docs/sharing/webmasters/crawler))" "-"
74.7.241.0 - - [18/Jul/2026:06:51:44 -0400] "GET /?lokasie=/usr/lib/ruby/2.7.0/net/http/proxy_delta.rb&loknya=/usr/lib/ruby/2.7.0/net/http HTTP/1.1" 200 4485 coaches.revealmyway.com "https://coaches.revealmyway.com/?loknya=/usr/lib/ruby/2.7.0/net/http" "Mozilla/5.0 AppleWebKit/537.36 (KHTML, like Gecko; compatible; GPTBot/1.4; +https://openai.com/gptbot)" "-"
2a03:2880:f800:: - - [18/Jul/2026:06:51:50 -0400] "GET /ja/shopping/hotline/891053040344 HTTP/1.1" 404 21594 revealmyway.com "-" "Mozilla/5.0 (Macintosh; Intel Mac OS X 10_15_7) AppleWebKit/537.36 (KHTML, like Gecko) Chrome/145.0.0.0 Safari/537.36 (compatible; meta-externalagent/1.1 (+https://developers.facebook.com/docs/sharing/webmasters/crawler))" "-"
66.249.64.0 - - [18/Jul/2026:06:52:00 -0400] "GET /?shop/pc8889879933.shtml HTTP/1.1" 301 - revealmyway.com "-" "Mozilla/5.0 (Linux; Android 6.0.1; Nexus 5X Build/MMB29P) AppleWebKit/537.36 (KHTML, like Gecko) Chrome/150.0.7871.124 Mobile Safari/537.36 (compatible; Googlebot/2.1; +http://www.google.com/bot.html)" "-"
66.249.64.0 - - [18/Jul/2026:06:52:01 -0400] "GET /?shop%2Fpc8889879933_shtml HTTP/1.1" 200 27217 revealmyway.com "-" "Mozilla/5.0 (Linux; Android 6.0.1; Nexus 5X Build/MMB29P) AppleWebKit/537.36 (KHTML, like Gecko) Chrome/150.0.7871.124 Mobile Safari/537.36 (compatible; Googlebot/2.1; +http://www.google.com/bot.html)" "-"
2a03:2880:f800:: - - [18/Jul/2026:06:52:08 -0400] "GET /ja/shopping/physiopathology/89073688567 HTTP/1.1" 404 21594 revealmyway.com "-" "Mozilla/5.0 (Windows NT 10.0; Win64; x64) AppleWebKit/537.36 (KHTML, like Gecko) Chrome/145.0.0.0 Safari/537.36 Edg/145.0.0.0 (compatible; meta-externalagent/1.1 (+https://developers.facebook.com/docs/sharing/webmasters/crawler))" "-"
66.249.64.0 - - [18/Jul/2026:06:52:10 -0400] "GET /?shop/albanian88985328758.shtml HTTP/1.1" 301 - revealmyway.com "-" "Mozilla/5.0 (Linux; Android 6.0.1; Nexus 5X Build/MMB29P) AppleWebKit/537.36 (KHTML, like Gecko) Chrome/150.0.7871.124 Mobile Safari/537.36 (compatible; Googlebot/2.1; +http://www.google.com/bot.html)" "-"
66.249.64.0 - - [18/Jul/2026:06:52:11 -0400] "GET /?shop%2Falbanian88985328758_shtml HTTP/1.1" 200 27217 revealmyway.com "-" "Mozilla/5.0 (Linux; Android 6.0.1; Nexus 5X Build/MMB29P) AppleWebKit/537.36 (KHTML, like Gecko) Chrome/150.0.7871.124 Mobile Safari/537.36 (compatible; Googlebot/2.1; +http://www.google.com/bot.html)" "-"
2a03:2880:f800:: - - [18/Jul/2026:06:52:24 -0400] "GET /ja/shopping/compute/89073559459 HTTP/1.1" 404 21594 revealmyway.com "-" "Mozilla/5.0 (Macintosh; Intel Mac OS X 10_15_7) AppleWebKit/537.36 (KHTML, like Gecko) Chrome/145.0.0.0 Safari/537.36 (compatible; meta-externalagent/1.1 (+https://developers.facebook.com/docs/sharing/webmasters/crawler))" "-"
74.7.241.0 - - [18/Jul/2026:06:52:36 -0400] "GET /?loknya=/usr/lib/ruby/2.7.0/net/ HTTP/1.1" 200 17645 coaches.revealmyway.com "https://coaches.revealmyway.com/?loknya=/usr/lib/ruby/2.7.0/net/http" "Mozilla/5.0 AppleWebKit/537.36 (KHTML, like Gecko; compatible; GPTBot/1.4; +https://openai.com/gptbot)" "-"
40.77.178.0 - - [18/Jul/2026:06:52:39 -0400] "GET /home HTTP/1.1" 301 - info.revealmyway.com "-" "Mozilla/5.0 AppleWebKit/537.36 (KHTML, like Gecko; compatible; bingbot/2.0; +http://www.bing.com/bingbot.htm) Chrome/136.0.0.0 Safari/537.36" "-"
114.119.154.0 - - [18/Jul/2026:06:52:41 -0400] "GET /shop/defense/bowls/88932709501.shtml HTTP/1.1" 301 - www.revealmyway.com "https://www.revealmyway.com/sitemap-goods-3862.xml" "Mozilla/5.0 (Linux; Android 7.0;) AppleWebKit/537.36 (HTML, like Gecko) Mobile Safari/537.36 (compatible; PetalBot;+https://webmaster.petalsearch.com/site/petalbot)" "-"
2a03:2880:f800:: - - [18/Jul/2026:06:52:41 -0400] "GET /ja/shopping/demonstrated/891056135007 HTTP/1.1" 404 21594 revealmyway.com "-" "Mozilla/5.0 (Macintosh; Intel Mac OS X 10_15_7) AppleWebKit/537.36 (KHTML, like Gecko) Chrome/145.0.0.0 Safari/537.36 (compatible; meta-externalagent/1.1 (+https://developers.facebook.com/docs/sharing/webmasters/crawler))" "-"
114.119.154.0 - - [18/Jul/2026:06:52:43 -0400] "GET /shop/defense/bowls/88932709501.shtml HTTP/1.1" 404 21594 revealmyway.com "https://www.revealmyway.com/sitemap-goods-3862.xml" "Mozilla/5.0 (Linux; Android 7.0;) AppleWebKit/537.36 (HTML, like Gecko) Mobile Safari/537.36 (compatible; PetalBot;+https://webmaster.petalsearch.com/site/petalbot)" "-"
2a03:2880:f800:: - - [18/Jul/2026:06:52:59 -0400] "GET /ja/shopping/filme/89094978092 HTTP/1.1" 301 - www.revealmyway.com "-" "Mozilla/5.0 (Macintosh; Intel Mac OS X 10_15_7) AppleWebKit/537.36 (KHTML, like Gecko) Chrome/145.0.0.0 Safari/537.36 (compatible; meta-externalagent/1.1 (+https://developers.facebook.com/docs/sharing/webmasters/crawler))" "-"
2a03:2880:f800:: - - [18/Jul/2026:06:53:15 -0400] "GET /ja/shopping/gong/890828006423 HTTP/1.1" 404 21594 revealmyway.com "-" "Mozilla/5.0 (Windows NT 10.0; Win64; x64) AppleWebKit/537.36 (KHTML, like Gecko) Chrome/145.0.0.0 Safari/537.36 (compatible; meta-externalagent/1.1 (+https://developers.facebook.com/docs/sharing/webmasters/crawler))" "-"
74.7.241.0 - - [18/Jul/2026:06:53:22 -0400] "GET /?lokasie=/usr/lib/ruby/2.7.0/webrick/log.rb&loknya=/usr/lib/ruby/2.7.0/webrick HTTP/1.1" 200 8493 coaches.revealmyway.com "https://coaches.revealmyway.com/?loknya=/usr/lib/ruby/2.7.0/webrick" "Mozilla/5.0 AppleWebKit/537.36 (KHTML, like Gecko; compatible; GPTBot/1.4; +https://openai.com/gptbot)" "-"
2a03:2880:f800:: - - [18/Jul/2026:06:53:31 -0400] "GET /wp-includes/revisions.php?ja/shopping/combined/890070271788 HTTP/1.1" 403 1271 www.revealmyway.com "-" "Mozilla/5.0 (Windows NT 10.0; Win64; x64) AppleWebKit/537.36 (KHTML, like Gecko) Chrome/145.0.0.0 Safari/537.36 Edg/145.0.0.0 (compatible; meta-externalagent/1.1 (+https://developers.facebook.com/docs/sharing/webmasters/crawler))" "-"
216.73.216.0 - - [18/Jul/2026:06:53:33 -0400] "GET /robots.txt HTTP/1.1" 200 121 info.revealmyway.com "-" "Mozilla/5.0 AppleWebKit/537.36 (KHTML, like Gecko; compatible; ClaudeBot/1.0; +claudebot@anthropic.com)" "-"
216.73.216.0 - - [18/Jul/2026:06:53:35 -0400] "GET /wp-sitemap.xml HTTP/1.1" 200 562 info.revealmyway.com "-" "Mozilla/5.0 AppleWebKit/537.36 (KHTML, like Gecko; compatible; ClaudeBot/1.0; +claudebot@anthropic.com)" "-"
2a03:2880:f800:: - - [18/Jul/2026:06:53:47 -0400] "GET /ja/shopping/mold/891153738499 HTTP/1.1" 404 21594 revealmyway.com "-" "Mozilla/5.0 (X11; Linux x86_64) AppleWebKit/537.36 (KHTML, like Gecko) Chrome/145.0.0.0 Safari/537.36 (compatible; meta-externalagent/1.1 (+https://developers.facebook.com/docs/sharing/webmasters/crawler))" "-"
74.7.241.0 - - [18/Jul/2026:06:54:01 -0400] "GET /?lokasie=/sbin/nameif&loknya=/sbin HTTP/1.1" 200 56949 coaches.revealmyway.com "https://coaches.revealmyway.com/?loknya=/sbin" "Mozilla/5.0 AppleWebKit/537.36 (KHTML, like Gecko; compatible; GPTBot/1.4; +https://openai.com/gptbot)" "-"
2a03:2880:f800:: - - [18/Jul/2026:06:54:03 -0400] "GET /wp-includes/revisions.php?ja/shopping/chair/89016711110 HTTP/1.1" 403 1271 www.revealmyway.com "-" "Mozilla/5.0 (Windows NT 10.0; Win64; x64) AppleWebKit/537.36 (KHTML, like Gecko) Chrome/145.0.0.0 Safari/537.36 (compatible; meta-externalagent/1.1 (+https://developers.facebook.com/docs/sharing/webmasters/crawler))" "-"
2a03:2880:f800:: - - [18/Jul/2026:06:54:18 -0400] "GET /ja/shopping/scholarship/89105254409 HTTP/1.1" 404 21594 revealmyway.com "-" "Mozilla/5.0 (Windows NT 10.0; Win64; x64) AppleWebKit/537.36 (KHTML, like Gecko) Chrome/145.0.7632.6 Safari/537.36 (compatible; meta-externalagent/1.1 (+https://developers.facebook.com/docs/sharing/webmasters/crawler))" "-"
114.119.139.0 - - [18/Jul/2026:06:54:19 -0400] "GET /shop/dee/silhouette/88901477752.shtml HTTP/1.1" 301 - www.revealmyway.com "https://www.revealmyway.com/sitemap-goods-7516.xml" "Mozilla/5.0 (Linux; Android 7.0;) AppleWebKit/537.36 (HTML, like Gecko) Mobile Safari/537.36 (compatible; PetalBot;+https://webmaster.petalsearch.com/site/petalbot)" "-"
114.119.139.0 - - [18/Jul/2026:06:54:23 -0400] "GET /shop/dee/silhouette/88901477752.shtml HTTP/1.1" 404 21594 revealmyway.com "https://www.revealmyway.com/sitemap-goods-7516.xml" "Mozilla/5.0 (Linux; Android 7.0;) AppleWebKit/537.36 (HTML, like Gecko) Mobile Safari/537.36 (compatible; PetalBot;+https://webmaster.petalsearch.com/site/petalbot)" "-"
2a03:2880:f800:: - - [18/Jul/2026:06:54:35 -0400] "GET /ja/shopping/influential/890870121997 HTTP/1.1" 404 21594 revealmyway.com "-" "Mozilla/5.0 (Windows NT 10.0; Win64; x64) AppleWebKit/537.36 (KHTML, like Gecko) Chrome/145.0.0.0 Safari/537.36 (compatible; meta-externalagent/1.1 (+https://developers.facebook.com/docs/sharing/webmasters/crawler))" "-"
74.7.241.0 - - [18/Jul/2026:06:54:38 -0400] "GET /?lokasie=/sbin/sysctl&loknya=/sbin HTTP/1.1" 200 56949 coaches.revealmyway.com "https://coaches.revealmyway.com/?loknya=/sbin" "Mozilla/5.0 AppleWebKit/537.36 (KHTML, like Gecko; compatible; GPTBot/1.4; +https://openai.com/gptbot)" "-"
2a03:2880:f800:: - - [18/Jul/2026:06:54:50 -0400] "GET /ja/shopping/bundles/89084142217 HTTP/1.1" 404 21594 revealmyway.com "-" "Mozilla/5.0 (X11; Linux x86_64) AppleWebKit/537.36 (KHTML, like Gecko) Chrome/145.0.0.0 Safari/537.36 (compatible; meta-externalagent/1.1 (+https://developers.facebook.com/docs/sharing/webmasters/crawler))" "-"
2a03:2880:f800:: - - [18/Jul/2026:06:55:05 -0400] "GET /ja/shopping/diagnosis/89084333738 HTTP/1.1" 429 267 revealmyway.com "-" "Mozilla/5.0 (Macintosh; Intel Mac OS X 10_15_7) AppleWebKit/537.36 (KHTML, like Gecko) Chrome/145.0.0.0 Safari/537.36 (compatible; meta-externalagent/1.1 (+https://developers.facebook.com/docs/sharing/webmasters/crawler))" "-"
74.7.241.0 - - [18/Jul/2026:06:55:11 -0400] "GET /?lokasie=/sbin/findfs&loknya=/sbin HTTP/1.1" 200 56949 coaches.revealmyway.com "https://coaches.revealmyway.com/?loknya=/sbin" "Mozilla/5.0 AppleWebKit/537.36 (KHTML, like Gecko; compatible; GPTBot/1.4; +https://openai.com/gptbot)" "-"
2a03:2880:f800:: - - [18/Jul/2026:06:55:22 -0400] "GET /ja/shopping/implementing/890952554430 HTTP/1.1" 429 267 revealmyway.com "-" "Mozilla/5.0 (Windows NT 10.0; Win64; x64) AppleWebKit/537.36 (KHTML, like Gecko) Chrome/145.0.0.0 Safari/537.36 (compatible; meta-externalagent/1.1 (+https://developers.facebook.com/docs/sharing/webmasters/crawler))" "-"
2a03:2880:f800:: - - [18/Jul/2026:06:55:23 -0400] "GET /ja/shopping/leicester/89097960213 HTTP/1.1" 429 267 revealmyway.com "-" "Mozilla/5.0 (X11; Linux x86_64) AppleWebKit/537.36 (KHTML, like Gecko) Chrome/145.0.0.0 Safari/537.36 (compatible; meta-externalagent/1.1 (+https://developers.facebook.com/docs/sharing/webmasters/crawler))" "-"
2a03:2880:f800:: - - [18/Jul/2026:06:55:26 -0400] "GET /wp-includes/revisions.php?ja/shopping/adrian/890368718382 HTTP/1.1" 403 1271 www.revealmyway.com "-" "Mozilla/5.0 (Windows NT 10.0; Win64; x64) AppleWebKit/537.36 (KHTML, like Gecko) Chrome/145.0.0.0 Safari/537.36 (compatible; meta-externalagent/1.1 (+https://developers.facebook.com/docs/sharing/webmasters/crawler))" "-"
2a03:2880:f800:: - - [18/Jul/2026:06:55:28 -0400] "GET /ja/shopping/vegetable/891156517169 HTTP/1.1" 429 267 revealmyway.com "-" "Mozilla/5.0 (Windows NT 10.0; Win64; x64) AppleWebKit/537.36 (KHTML, like Gecko) Chrome/145.0.0.0 Safari/537.36 (compatible; meta-externalagent/1.1 (+https://developers.facebook.com/docs/sharing/webmasters/crawler))" "-"
114.119.158.0 - - [18/Jul/2026:06:55:29 -0400] "GET /shop/deadline/grassroots/88922352783.shtml HTTP/1.1" 301 - www.revealmyway.com "https://www.revealmyway.com/sitemap-goods-3057.xml" "Mozilla/5.0 (Linux; Android 7.0;) AppleWebKit/537.36 (HTML, like Gecko) Mobile Safari/537.36 (compatible; PetalBot;+https://webmaster.petalsearch.com/site/petalbot)" "-"
114.119.158.0 - - [18/Jul/2026:06:55:31 -0400] "GET /shop/deadline/grassroots/88922352783.shtml HTTP/1.1" 404 21594 revealmyway.com "https://www.revealmyway.com/sitemap-goods-3057.xml" "Mozilla/5.0 (Linux; Android 7.0;) AppleWebKit/537.36 (HTML, like Gecko) Mobile Safari/537.36 (compatible; PetalBot;+https://webmaster.petalsearch.com/site/petalbot)" "-"
74.7.241.0 - - [18/Jul/2026:06:55:41 -0400] "GET /?lokasie=/sbin/swapon&loknya=/sbin HTTP/1.1" 200 56949 coaches.revealmyway.com "https://coaches.revealmyway.com/?loknya=/sbin" "Mozilla/5.0 AppleWebKit/537.36 (KHTML, like Gecko; compatible; GPTBot/1.4; +https://openai.com/gptbot)" "-"
2a03:2880:f800:: - - [18/Jul/2026:06:55:49 -0400] "GET /ja/shopping/snacks/89087280277 HTTP/1.1" 429 267 revealmyway.com "-" "Mozilla/5.0 (Windows NT 10.0; Win64; x64) AppleWebKit/537.36 (KHTML, like Gecko) Chrome/145.0.0.0 Safari/537.36 (compatible; meta-externalagent/1.1 (+https://developers.facebook.com/docs/sharing/webmasters/crawler))" "-"
2a03:2880:f800:: - - [18/Jul/2026:06:55:52 -0400] "GET /ja/shopping/pri/89073525342 HTTP/1.1" 301 - www.revealmyway.com "-" "Mozilla/5.0 (Windows NT 10.0; Win64; x64) AppleWebKit/537.36 (KHTML, like Gecko) Chrome/145.0.0.0 Safari/537.36 Edg/145.0.0.0 (compatible; meta-externalagent/1.1 (+https://developers.facebook.com/docs/sharing/webmasters/crawler))" "-"
2a03:2880:f800:: - - [18/Jul/2026:06:55:54 -0400] "GET /ja/shopping/into/890654429636 HTTP/1.1" 429 267 revealmyway.com "-" "Mozilla/5.0 (Macintosh; Intel Mac OS X 10_15_7) AppleWebKit/537.36 (KHTML, like Gecko) Chrome/145.0.0.0 Safari/537.36 (compatible; meta-externalagent/1.1 (+https://developers.facebook.com/docs/sharing/webmasters/crawler))" "-"
74.7.241.0 - - [18/Jul/2026:06:56:07 -0400] "GET /?lokasie=/sbin/sfdisk&loknya=/sbin HTTP/1.1" 200 56949 coaches.revealmyway.com "https://coaches.revealmyway.com/?loknya=/sbin" "Mozilla/5.0 AppleWebKit/537.36 (KHTML, like Gecko; compatible; GPTBot/1.4; +https://openai.com/gptbot)" "-"
2a03:2880:f800:: - - [18/Jul/2026:06:56:19 -0400] "GET /ja/shopping/equals/8907559906 HTTP/1.1" 404 21594 revealmyway.com "-" "Mozilla/5.0 (Windows NT 10.0; Win64; x64) AppleWebKit/537.36 (KHTML, like Gecko) Chrome/145.0.0.0 Safari/537.36 (compatible; meta-externalagent/1.1 (+https://developers.facebook.com/docs/sharing/webmasters/crawler))" "-"
2a03:2880:f800:: - - [18/Jul/2026:06:56:21 -0400] "GET /ja/shopping/gadgets/890630234730 HTTP/1.1" 404 21594 revealmyway.com "-" "Mozilla/5.0 (X11; Linux x86_64) AppleWebKit/537.36 (KHTML, like Gecko) Chrome/145.0.0.0 Safari/537.36 (compatible; meta-externalagent/1.1 (+https://developers.facebook.com/docs/sharing/webmasters/crawler))" "-"
43.135.145.0 - - [18/Jul/2026:06:56:29 -0400] "GET /?loknya=/homepages/7/d148962042/managed HTTP/1.1" 200 5256 coaches.revealmyway.com "-" "Mozilla/5.0 (iPhone; CPU iPhone OS 13_2_3 like Mac OS X) AppleWebKit/605.1.15 (KHTML, like Gecko) Version/13.0.3 Mobile/15E148 Safari/604.1" "-"
74.7.241.0 - - [18/Jul/2026:06:56:31 -0400] "GET /?lokasie=/sbin/reboot&loknya=/sbin HTTP/1.1" 200 56949 coaches.revealmyway.com "https://coaches.revealmyway.com/?loknya=/sbin" "Mozilla/5.0 AppleWebKit/537.36 (KHTML, like Gecko; compatible; GPTBot/1.4; +https://openai.com/gptbot)" "-"
2a03:2880:f800:: - - [18/Jul/2026:06:56:47 -0400] "GET /wp-includes/revisions.php?ja/shopping/desc/890368861302 HTTP/1.1" 403 1271 www.revealmyway.com "-" "Mozilla/5.0 (Windows NT 10.0; Win64; x64) AppleWebKit/537.36 (KHTML, like Gecko) Chrome/145.0.0.0 Safari/537.36 (compatible; meta-externalagent/1.1 (+https://developers.facebook.com/docs/sharing/webmasters/crawler))" "-"
114.119.154.0 - - [18/Jul/2026:06:56:53 -0400] "GET /shop/dea/nursery/88901145976.shtml HTTP/1.1" 301 - www.revealmyway.com "https://www.revealmyway.com/sitemap-goods-6452.xml" "Mozilla/5.0 (Linux; Android 7.0;) AppleWebKit/537.36 (HTML, like Gecko) Mobile Safari/537.36 (compatible; PetalBot;+https://webmaster.petalsearch.com/site/petalbot)" "-"
114.119.154.0 - - [18/Jul/2026:06:56:54 -0400] "GET /shop/dea/nursery/88901145976.shtml HTTP/1.1" 404 21594 revealmyway.com "https://www.revealmyway.com/sitemap-goods-6452.xml" "Mozilla/5.0 (Linux; Android 7.0;) AppleWebKit/537.36 (HTML, like Gecko) Mobile Safari/537.36 (compatible; PetalBot;+https://webmaster.petalsearch.com/site/petalbot)" "-"
74.7.241.0 - - [18/Jul/2026:06:56:54 -0400] "GET /?lokasie=/sbin/insmod&loknya=/sbin HTTP/1.1" 200 56949 coaches.revealmyway.com "https://coaches.revealmyway.com/?loknya=/sbin" "Mozilla/5.0 AppleWebKit/537.36 (KHTML, like Gecko; compatible; GPTBot/1.4; +https://openai.com/gptbot)" "-"
103.234.203.0 - - [18/Jul/2026:06:57:01 -0400] "GET / HTTP/1.1" 301 - revealmyway.com "http://revealmyway.com" "Mozilla/5.0 (Windows NT 10.0; Win64; x64) AppleWebKit/537.36 (KHTML, like Gecko) Chrome/145.0.0.0 Safari/537.36" "-"
188.163.42.0 - - [18/Jul/2026:06:57:05 -0400] "GET / HTTP/1.1" 200 27217 revealmyway.com "http://revealmyway.com/" "Mozilla/5.0 (Windows NT 10.0; Win64; x64) AppleWebKit/537.36 (KHTML, like Gecko) Chrome/145.0.0.0 Safari/537.36" "-"
2a03:2880:f800:: - - [18/Jul/2026:06:57:13 -0400] "GET /ja/shopping/wimbledon/89087288155 HTTP/1.1" 301 - www.revealmyway.com "-" "Mozilla/5.0 (Windows NT 10.0; Win64; x64) AppleWebKit/537.36 (KHTML, like Gecko) Chrome/145.0.0.0 Safari/537.36 (compatible; meta-externalagent/1.1 (+https://developers.facebook.com/docs/sharing/webmasters/crawler))" "-"
74.7.241.0 - - [18/Jul/2026:06:57:14 -0400] "GET /?loknya=/lib/gcc/x86_64-linux-gnu/10/plugin HTTP/1.1" 200 13793 coaches.revealmyway.com "https://coaches.revealmyway.com/?loknya=/lib/gcc/x86_64-linux-gnu/10" "Mozilla/5.0 AppleWebKit/537.36 (KHTML, like Gecko; compatible; GPTBot/1.4; +https://openai.com/gptbot)" "-"
74.7.241.0 - - [18/Jul/2026:06:57:33 -0400] "GET /?lokasie=/kunden/bin/ui-sqlmapper&loknya=/kunden/bin HTTP/1.1" 200 21229 coaches.revealmyway.com "https://coaches.revealmyway.com/?loknya=/kunden/bin" "Mozilla/5.0 AppleWebKit/537.36 (KHTML, like Gecko; compatible; GPTBot/1.4; +https://openai.com/gptbot)" "-"
2a03:2880:f800:: - - [18/Jul/2026:06:57:39 -0400] "GET /ja/shopping/latina/891171753332 HTTP/1.1" 404 21594 revealmyway.com "-" "Mozilla/5.0 (Windows NT 10.0; Win64; x64) AppleWebKit/537.36 (KHTML, like Gecko) Chrome/145.0.0.0 Safari/537.36 (compatible; meta-externalagent/1.1 (+https://developers.facebook.com/docs/sharing/webmasters/crawler))" "-"
74.7.241.0 - - [18/Jul/2026:06:57:49 -0400] "GET /?lokasie=/usr/lib/ruby/2.7.0/net//http.rb&loknya=/usr/lib/ruby/2.7.0/net/ HTTP/1.1" 200 59342 coaches.revealmyway.com "https://coaches.revealmyway.com/?loknya=/usr/lib/ruby/2.7.0/net/" "Mozilla/5.0 AppleWebKit/537.36 (KHTML, like Gecko; compatible; GPTBot/1.4; +https://openai.com/gptbot)" "-"
2a03:2880:f800:: - - [18/Jul/2026:06:58:02 -0400] "GET /ja/shopping/beginning/891153631187 HTTP/1.1" 404 21594 revealmyway.com "-" "Mozilla/5.0 (Macintosh; Intel Mac OS X 10_15_7) AppleWebKit/537.36 (KHTML, like Gecko) Chrome/145.0.0.0 Safari/537.36 (compatible; meta-externalagent/1.1 (+https://developers.facebook.com/docs/sharing/webmasters/crawler))" "-"
74.7.241.0 - - [18/Jul/2026:06:58:03 -0400] "GET /?lokasie=/usr/lib/ruby/2.7.0/net//imap.rb&loknya=/usr/lib/ruby/2.7.0/net/ HTTP/1.1" 200 123120 coaches.revealmyway.com "https://coaches.revealmyway.com/?loknya=/usr/lib/ruby/2.7.0/net/" "Mozilla/5.0 AppleWebKit/537.36 (KHTML, like Gecko; compatible; GPTBot/1.4; +https://openai.com/gptbot)" "-"
74.7.241.0 - - [18/Jul/2026:06:58:16 -0400] "GET /?lokasie=/usr/lib/ruby/2.7.0/net//smtp.rb&loknya=/usr/lib/ruby/2.7.0/net/ HTTP/1.1" 200 36245 coaches.revealmyway.com "https://coaches.revealmyway.com/?loknya=/usr/lib/ruby/2.7.0/net/" "Mozilla/5.0 AppleWebKit/537.36 (KHTML, like Gecko; compatible; GPTBot/1.4; +https://openai.com/gptbot)" "-"
114.119.132.0 - - [18/Jul/2026:06:58:16 -0400] "GET /shop/daytime/finding/891154706590.shtml HTTP/1.1" 301 - www.revealmyway.com "https://www.revealmyway.com/sitemap-goods-7414.xml" "Mozilla/5.0 (Linux; Android 7.0;) AppleWebKit/537.36 (HTML, like Gecko) Mobile Safari/537.36 (compatible; PetalBot;+https://webmaster.petalsearch.com/site/petalbot)" "-"
114.119.132.0 - - [18/Jul/2026:06:58:18 -0400] "GET /shop/daytime/finding/891154706590.shtml HTTP/1.1" 404 21594 revealmyway.com "https://www.revealmyway.com/sitemap-goods-7414.xml" "Mozilla/5.0 (Linux; Android 7.0;) AppleWebKit/537.36 (HTML, like Gecko) Mobile Safari/537.36 (compatible; PetalBot;+https://webmaster.petalsearch.com/site/petalbot)" "-"
2a03:2880:f800:: - - [18/Jul/2026:06:58:26 -0400] "GET /wp-includes/revisions.php?ja/shopping/merged/890472202132 HTTP/1.1" 403 1271 www.revealmyway.com "-" "Mozilla/5.0 (Windows NT 10.0; Win64; x64) AppleWebKit/537.36 (KHTML, like Gecko) Chrome/145.0.0.0 Safari/537.36 Edg/145.0.0.0 (compatible; meta-externalagent/1.1 (+https://developers.facebook.com/docs/sharing/webmasters/crawler))" "-"
74.7.241.0 - - [18/Jul/2026:06:58:28 -0400] "GET /?lokasie=/usr/lib/ruby/2.7.0/net//https.rb&loknya=/usr/lib/ruby/2.7.0/net/ HTTP/1.1" 200 4725 coaches.revealmyway.com "https://coaches.revealmyway.com/?loknya=/usr/lib/ruby/2.7.0/net/" "Mozilla/5.0 AppleWebKit/537.36 (KHTML, like Gecko; compatible; GPTBot/1.4; +https://openai.com/gptbot)" "-"
74.7.241.0 - - [18/Jul/2026:06:58:38 -0400] "GET /?lokasie=/usr/lib/ruby/2.7.0/net//pop.rb&loknya=/usr/lib/ruby/2.7.0/net/ HTTP/1.1" 200 32674 coaches.revealmyway.com "https://coaches.revealmyway.com/?loknya=/usr/lib/ruby/2.7.0/net/" "Mozilla/5.0 AppleWebKit/537.36 (KHTML, like Gecko; compatible; GPTBot/1.4; +https://openai.com/gptbot)" "-"
74.7.241.0 - - [18/Jul/2026:06:58:48 -0400] "GET /?lokasie=/usr/lib/ruby/2.7.0/net//ftp.rb&loknya=/usr/lib/ruby/2.7.0/net/ HTTP/1.1" 200 50394 coaches.revealmyway.com "https://coaches.revealmyway.com/?loknya=/usr/lib/ruby/2.7.0/net/" "Mozilla/5.0 AppleWebKit/537.36 (KHTML, like Gecko; compatible; GPTBot/1.4; +https://openai.com/gptbot)" "-"
2a03:2880:f800:: - - [18/Jul/2026:06:58:49 -0400] "GET /wp-includes/revisions.php?ja/shopping/approached/890572380233 HTTP/1.1" 403 1271 www.revealmyway.com "-" "Mozilla/5.0 (Windows NT 10.0; Win64; x64) AppleWebKit/537.36 (KHTML, like Gecko) Chrome/145.0.0.0 Safari/537.36 (compatible; meta-externalagent/1.1 (+https://developers.facebook.com/docs/sharing/webmasters/crawler))" "-"
74.7.241.0 - - [18/Jul/2026:06:58:56 -0400] "GET /?lokasie=/usr/lib/ruby/2.7.0/net//protocol.rb&loknya=/usr/lib/ruby/2.7.0/net/ HTTP/1.1" 200 15737 coaches.revealmyway.com "https://coaches.revealmyway.com/?loknya=/usr/lib/ruby/2.7.0/net/" "Mozilla/5.0 AppleWebKit/537.36 (KHTML, like Gecko; compatible; GPTBot/1.4; +https://openai.com/gptbot)" "-"
66.249.64.0 - - [18/Jul/2026:06:59:01 -0400] "GET /?shop/strictly89027141453.shtml HTTP/1.1" 301 - revealmyway.com "-" "Mozilla/5.0 (Linux; Android 6.0.1; Nexus 5X Build/MMB29P) AppleWebKit/537.36 (KHTML, like Gecko) Chrome/150.0.7871.124 Mobile Safari/537.36 (compatible; Googlebot/2.1; +http://www.google.com/bot.html)" "-"
66.249.64.0 - - [18/Jul/2026:06:59:02 -0400] "GET /?shop%2Fstrictly89027141453_shtml HTTP/1.1" 200 27217 revealmyway.com "-" "Mozilla/5.0 (Linux; Android 6.0.1; Nexus 5X Build/MMB29P) AppleWebKit/537.36 (KHTML, like Gecko) Chrome/150.0.7871.124 Mobile Safari/537.36 (compatible; Googlebot/2.1; +http://www.google.com/bot.html)" "-"
74.7.241.0 - - [18/Jul/2026:06:59:04 -0400] "GET /?lokasie=/usr/lib//sendmail&loknya=/usr/lib/ HTTP/1.1" 429 267 coaches.revealmyway.com "https://coaches.revealmyway.com/?loknya=/usr/lib/" "Mozilla/5.0 AppleWebKit/537.36 (KHTML, like Gecko; compatible; GPTBot/1.4; +https://openai.com/gptbot)" "-"
74.7.241.0 - - [18/Jul/2026:06:59:10 -0400] "GET /?lokasie=/lib/man-db/libmandb.so&loknya=/lib/man-db HTTP/1.1" 429 267 coaches.revealmyway.com "https://coaches.revealmyway.com/?loknya=/lib/man-db" "Mozilla/5.0 AppleWebKit/537.36 (KHTML, like Gecko; compatible; GPTBot/1.4; +https://openai.com/gptbot)" "-"
2a03:2880:f800:: - - [18/Jul/2026:06:59:12 -0400] "GET /wp-includes/revisions.php?ja/shopping/tilt/890469099268 HTTP/1.1" 403 1271 www.revealmyway.com "-" "Mozilla/5.0 (Macintosh; Intel Mac OS X 10_15_7) AppleWebKit/537.36 (KHTML, like Gecko) Chrome/145.0.0.0 Safari/537.36 (compatible; meta-externalagent/1.1 (+https://developers.facebook.com/docs/sharing/webmasters/crawler))" "-"
66.249.64.0 - - [18/Jul/2026:06:59:26 -0400] "GET /?shop/vanuatu88922208712.shtml HTTP/1.1" 301 - revealmyway.com "-" "Mozilla/5.0 (Linux; Android 6.0.1; Nexus 5X Build/MMB29P) AppleWebKit/537.36 (KHTML, like Gecko) Chrome/150.0.7871.124 Mobile Safari/537.36 (compatible; Googlebot/2.1; +http://www.google.com/bot.html)" "-"
66.249.64.0 - - [18/Jul/2026:06:59:27 -0400] "GET /?shop%2Fvanuatu88922208712_shtml HTTP/1.1" 200 27217 revealmyway.com "-" "Mozilla/5.0 (Linux; Android 6.0.1; Nexus 5X Build/MMB29P) AppleWebKit/537.36 (KHTML, like Gecko) Chrome/150.0.7871.124 Mobile Safari/537.36 (compatible; Googlebot/2.1; +http://www.google.com/bot.html)" "-"
74.7.241.0 - - [18/Jul/2026:06:59:31 -0400] "GET /?loknya=/lib/gcc/x86_64-linux-gnu/10/ HTTP/1.1" 429 267 coaches.revealmyway.com "https://coaches.revealmyway.com/?loknya=/lib/gcc/x86_64-linux-gnu/10/plugin" "Mozilla/5.0 AppleWebKit/537.36 (KHTML, like Gecko; compatible; GPTBot/1.4; +https://openai.com/gptbot)" "-"
2a03:2880:f800:: - - [18/Jul/2026:06:59:35 -0400] "GET /ja/shopping/emphasis/890855314003 HTTP/1.1" 404 21594 revealmyway.com "-" "Mozilla/5.0 (Macintosh; Intel Mac OS X 10_15_7) AppleWebKit/537.36 (KHTML, like Gecko) Chrome/145.0.0.0 Safari/537.36 (compatible; meta-externalagent/1.1 (+https://developers.facebook.com/docs/sharing/webmasters/crawler))" "-"
114.119.152.0 - - [18/Jul/2026:06:59:41 -0400] "GET /shop/ctrl/delights/888972551920.shtml HTTP/1.1" 301 - www.revealmyway.com "https://www.revealmyway.com/sitemap-goods-4972.xml" "Mozilla/5.0 (Linux; Android 7.0;) AppleWebKit/537.36 (HTML, like Gecko) Mobile Safari/537.36 (compatible; PetalBot;+https://webmaster.petalsearch.com/site/petalbot)" "-"
114.119.152.0 - - [18/Jul/2026:06:59:42 -0400] "GET /shop/ctrl/delights/888972551920.shtml HTTP/1.1" 404 21594 revealmyway.com "https://www.revealmyway.com/sitemap-goods-4972.xml" "Mozilla/5.0 (Linux; Android 7.0;) AppleWebKit/537.36 (HTML, like Gecko) Mobile Safari/537.36 (compatible; PetalBot;+https://webmaster.petalsearch.com/site/petalbot)" "-"
2a03:2880:200:: - - [18/Jul/2026:06:59:59 -0400] "GET /robots.txt HTTP/1.1" 206 127 coaches.revealmyway.com "-" "facebookexternalhit/1.1 (+http://www.facebook.com/externalhit_uatext.php)" "-"
2a03:2880:f800:: - - [18/Jul/2026:06:59:59 -0400] "GET /bet-real-money-online-blackjack/ HTTP/1.1" 200 41833 coaches.revealmyway.com "-" "Mozilla/5.0 (Macintosh; Intel Mac OS X 10_15_7) AppleWebKit/537.36 (KHTML, like Gecko) Chrome/145.0.0.0 Safari/537.36 (compatible; meta-externalagent/1.1 (+https://developers.facebook.com/docs/sharing/webmasters/crawler))" "-"
2a03:2880:f800:: - - [18/Jul/2026:07:00:21 -0400] "GET /wp-sitemap-posts-post-1.xml HTTP/1.1" 200 307 revealmyway.com "-" "Mozilla/5.0 (Windows NT 10.0; Win64; x64) AppleWebKit/537.36 (KHTML, like Gecko) Chrome/145.0.0.0 Safari/537.36 (compatible; meta-externalagent/1.1 (+https://developers.facebook.com/docs/sharing/webmasters/crawler))" "-"
74.7.241.0 - - [18/Jul/2026:07:00:34 -0400] "GET /?lokasie=/lib/man-db/libman.so&loknya=/lib/man-db HTTP/1.1" 200 422286 coaches.revealmyway.com "https://coaches.revealmyway.com/?loknya=/lib/man-db" "Mozilla/5.0 AppleWebKit/537.36 (KHTML, like Gecko; compatible; GPTBot/1.4; +https://openai.com/gptbot)" "-"
2a03:2880:f800:: - - [18/Jul/2026:07:00:41 -0400] "GET /ja/shopping/sometimes/891071431251 HTTP/1.1" 404 21594 revealmyway.com "-" "Mozilla/5.0 (Windows NT 10.0; Win64; x64) AppleWebKit/537.36 (KHTML, like Gecko) Chrome/145.0.0.0 Safari/537.36 (compatible; meta-externalagent/1.1 (+https://developers.facebook.com/docs/sharing/webmasters/crawler))" "-"
2a03:2880:f800:: - - [18/Jul/2026:07:00:56 -0400] "GET /ja/shopping/homepages/891153928643 HTTP/1.1" 404 21594 revealmyway.com "-" "Mozilla/5.0 (Windows NT 10.0; Win64; x64) AppleWebKit/537.36 (KHTML, like Gecko) Chrome/145.0.0.0 Safari/537.36 (compatible; meta-externalagent/1.1 (+https://developers.facebook.com/docs/sharing/webmasters/crawler))" "-"
114.119.152.0 - - [18/Jul/2026:07:01:04 -0400] "GET /shop/crete/nec/888915075002.shtml HTTP/1.1" 301 - www.revealmyway.com "https://www.revealmyway.com/sitemap-goods-5277.xml" "Mozilla/5.0 (Linux; Android 7.0;) AppleWebKit/537.36 (HTML, like Gecko) Mobile Safari/537.36 (compatible; PetalBot;+https://webmaster.petalsearch.com/site/petalbot)" "-"
114.119.152.0 - - [18/Jul/2026:07:01:05 -0400] "GET /shop/crete/nec/888915075002.shtml HTTP/1.1" 404 21594 revealmyway.com "https://www.revealmyway.com/sitemap-goods-5277.xml" "Mozilla/5.0 (Linux; Android 7.0;) AppleWebKit/537.36 (HTML, like Gecko) Mobile Safari/537.36 (compatible; PetalBot;+https://webmaster.petalsearch.com/site/petalbot)" "-"
2a03:2880:f800:: - - [18/Jul/2026:07:01:12 -0400] "GET /ja/shopping/bool/8906359375 HTTP/1.1" 404 21594 revealmyway.com "-" "Mozilla/5.0 (Windows NT 10.0; Win64; x64) AppleWebKit/537.36 (KHTML, like Gecko) Chrome/145.0.0.0 Safari/537.36 (compatible; meta-externalagent/1.1 (+https://developers.facebook.com/docs/sharing/webmasters/crawler))" "-"
40.77.167.0 - - [18/Jul/2026:07:01:23 -0400] "GET /wp-sitemap-posts-page-1.xml HTTP/1.1" 200 281 revealmyway.com "-" "Mozilla/5.0 AppleWebKit/537.36 (KHTML, like Gecko; compatible; bingbot/2.0; +http://www.bing.com/bingbot.htm) Chrome/116.0.1938.76 Safari/537.36" "-"
2a03:2880:f800:: - - [18/Jul/2026:07:01:28 -0400] "GET /ja/shopping/novo/890952908135 HTTP/1.1" 404 21594 revealmyway.com "-" "Mozilla/5.0 (Windows NT 10.0; Win64; x64) AppleWebKit/537.36 (KHTML, like Gecko) Chrome/145.0.0.0 Safari/537.36 (compatible; meta-externalagent/1.1 (+https://developers.facebook.com/docs/sharing/webmasters/crawler))" "-"
74.7.241.0 - - [18/Jul/2026:07:01:34 -0400] "GET /?lokasie=/etc/cbi//timezone&loknya=/etc/cbi/ HTTP/1.1" 200 4000 coaches.revealmyway.com "https://coaches.revealmyway.com/?loknya=/etc/cbi/" "Mozilla/5.0 AppleWebKit/537.36 (KHTML, like Gecko; compatible; GPTBot/1.4; +https://openai.com/gptbot)" "-"
2a03:2880:1000:: - - [18/Jul/2026:07:01:40 -0400] "GET /robots.txt HTTP/1.1" 301 - www.revealmyway.com "-" "facebookexternalhit/1.1 (+http://www.facebook.com/externalhit_uatext.php)" "-"
2a03:2880:1000:: - - [18/Jul/2026:07:01:41 -0400] "GET /robots.txt HTTP/1.1" 200 116 revealmyway.com "-" "facebookexternalhit/1.1 (+http://www.facebook.com/externalhit_uatext.php)" "-"
2a03:2880:f800:: - - [18/Jul/2026:07:01:44 -0400] "GET /ja/shopping/ground/89084270863 HTTP/1.1" 404 21594 revealmyway.com "-" "Mozilla/5.0 (X11; Linux x86_64) AppleWebKit/537.36 (KHTML, like Gecko) Chrome/145.0.0.0 Safari/537.36 (compatible; meta-externalagent/1.1 (+https://developers.facebook.com/docs/sharing/webmasters/crawler))" "-"
2a03:2880:f800:: - - [18/Jul/2026:07:01:59 -0400] "GET /ja/shopping/sp/890979812827 HTTP/1.1" 404 21594 revealmyway.com "-" "Mozilla/5.0 (Macintosh; Intel Mac OS X 10_15_7) AppleWebKit/537.36 (KHTML, like Gecko) Chrome/145.0.0.0 Safari/537.36 (compatible; meta-externalagent/1.1 (+https://developers.facebook.com/docs/sharing/webmasters/crawler))" "-"
2a03:2880:f800:: - - [18/Jul/2026:07:02:15 -0400] "GET /wp-includes/revisions.php?ja/shopping/rising/890310313903 HTTP/1.1" 403 1271 www.revealmyway.com "-" "Mozilla/5.0 (Windows NT 10.0; Win64; x64) AppleWebKit/537.36 (KHTML, like Gecko) Chrome/145.0.0.0 Safari/537.36 (compatible; meta-externalagent/1.1 (+https://developers.facebook.com/docs/sharing/webmasters/crawler))" "-"
114.119.158.0 - - [18/Jul/2026:07:02:28 -0400] "GET /shop/cracking/lets/890810357644.shtml HTTP/1.1" 301 - www.revealmyway.com "https://www.revealmyway.com/sitemap-goods-4454.xml" "Mozilla/5.0 (Linux; Android 7.0;) AppleWebKit/537.36 (HTML, like Gecko) Mobile Safari/537.36 (compatible; PetalBot;+https://webmaster.petalsearch.com/site/petalbot)" "-"
74.7.241.0 - - [18/Jul/2026:07:02:29 -0400] "GET /?lokasie=/bin/pnmenlarge&loknya=/bin HTTP/1.1" 200 19608 coaches.revealmyway.com "https://coaches.revealmyway.com/?loknya=/bin" "Mozilla/5.0 AppleWebKit/537.36 (KHTML, like Gecko; compatible; GPTBot/1.4; +https://openai.com/gptbot)" "-"
114.119.158.0 - - [18/Jul/2026:07:02:29 -0400] "GET /shop/cracking/lets/890810357644.shtml HTTP/1.1" 404 21594 revealmyway.com "https://www.revealmyway.com/sitemap-goods-4454.xml" "Mozilla/5.0 (Linux; Android 7.0;) AppleWebKit/537.36 (HTML, like Gecko) Mobile Safari/537.36 (compatible; PetalBot;+https://webmaster.petalsearch.com/site/petalbot)" "-"
74.208.57.0 - - [18/Jul/2026:07:02:30 -0400] "POST /wp-cron.php?doing_wp_cron=1784372550.8869071006774902343750 HTTP/1.1" 200 - info.revealmyway.com "-" "WordPress/7.0.1; https://info.revealmyway.com" "-"
17.22.237.0 - - [18/Jul/2026:07:02:30 -0400] "GET /robots.txt HTTP/1.1" 200 121 info.revealmyway.com "-" "Mozilla/5.0 (Macintosh; Intel Mac OS X 10_15_7) AppleWebKit/605.1.15 (KHTML, like Gecko) Version/17.4 Safari/605.1.15 (Applebot/0.1; +http://www.apple.com/go/applebot)" "-"
17.22.237.0 - - [18/Jul/2026:07:02:31 -0400] "GET /online-casino/canada-accepted-no-deposit-casinos.html HTTP/1.1" 404 150342 info.revealmyway.com "-" "Mozilla/5.0 (Macintosh; Intel Mac OS X 10_15_7) AppleWebKit/605.1.15 (KHTML, like Gecko) Version/17.4 Safari/605.1.15 (Applebot/0.1; +http://www.apple.com/go/applebot)" "-"
2a03:2880:f800:: - - [18/Jul/2026:07:02:32 -0400] "GET /ja/shopping/tory/891153787208 HTTP/1.1" 404 21594 revealmyway.com "-" "Mozilla/5.0 (Windows NT 10.0; Win64; x64) AppleWebKit/537.36 (KHTML, like Gecko) Chrome/145.0.0.0 Safari/537.36 (compatible; meta-externalagent/1.1 (+https://developers.facebook.com/docs/sharing/webmasters/crawler))" "-"
43.165.197.0 - - [18/Jul/2026:07:02:41 -0400] "GET / HTTP/1.1" 200 6768 rmwcoaches.com "-" "Mozilla/5.0 (iPhone; CPU iPhone OS 13_2_3 like Mac OS X) AppleWebKit/605.1.15 (KHTML, like Gecko) Version/13.0.3 Mobile/15E148 Safari/604.1" "-"
2a03:2880:f800:: - - [18/Jul/2026:07:02:47 -0400] "GET /ja/shopping/communicate/89094534590 HTTP/1.1" 404 21594 revealmyway.com "-" "Mozilla/5.0 (Windows NT 10.0; Win64; x64) AppleWebKit/537.36 (KHTML, like Gecko) Chrome/145.0.0.0 Safari/537.36 (compatible; meta-externalagent/1.1 (+https://developers.facebook.com/docs/sharing/webmasters/crawler))" "-"
2a03:2880:f800:: - - [18/Jul/2026:07:03:03 -0400] "GET /wp-includes/revisions.php?ja/shopping/covert/890271326675 HTTP/1.1" 403 1271 www.revealmyway.com "-" "Mozilla/5.0 (Macintosh; Intel Mac OS X 10_15_7) AppleWebKit/537.36 (KHTML, like Gecko) Chrome/145.0.0.0 Safari/537.36 (compatible; meta-externalagent/1.1 (+https://developers.facebook.com/docs/sharing/webmasters/crawler))" "-"
2a03:2880:f800:: - - [18/Jul/2026:07:03:19 -0400] "GET /ja/shopping/nemo/890846328551 HTTP/1.1" 404 21594 revealmyway.com "-" "Mozilla/5.0 (Macintosh; Intel Mac OS X 10_15_7) AppleWebKit/537.36 (KHTML, like Gecko) Chrome/145.0.0.0 Safari/537.36 (compatible; meta-externalagent/1.1 (+https://developers.facebook.com/docs/sharing/webmasters/crawler))" "-"
74.7.241.0 - - [18/Jul/2026:07:03:19 -0400] "GET /?lokasie=/bin/zipdetails&loknya=/bin HTTP/1.1" 200 62891 coaches.revealmyway.com "https://coaches.revealmyway.com/?loknya=/bin" "Mozilla/5.0 AppleWebKit/537.36 (KHTML, like Gecko; compatible; GPTBot/1.4; +https://openai.com/gptbot)" "-"
