2a03:2880:f800:: - - [18/Jul/2026:01:37:33 -0400] "GET /wp-includes/revisions.php?ja/shopping/hearts/890471914117 HTTP/1.1" 403 1271 www.revealmyway.com "-" "Mozilla/5.0 (Windows NT 10.0; Win64; x64) AppleWebKit/537.36 (KHTML, like Gecko) Chrome/144.0.0.0 Safari/537.36 Edg/144.0.0.0 (compatible; meta-externalagent/1.1 (+https://developers.facebook.com/docs/sharing/webmasters/crawler))" "-"
74.7.241.0 - - [18/Jul/2026:01:37:36 -0400] "GET /?loknya=/proc/irq/43/megasas0-msix17 HTTP/1.1" 200 5211 coaches.revealmyway.com "https://coaches.revealmyway.com/?loknya=/proc/irq/43" "Mozilla/5.0 AppleWebKit/537.36 (KHTML, like Gecko; compatible; GPTBot/1.4; +https://openai.com/gptbot)" "-"
17.241.227.0 - - [18/Jul/2026:01:37:48 -0400] "GET /online-casino-for-tablet/ HTTP/1.1" 200 41828 coaches.revealmyway.com "-" "Mozilla/5.0 (Macintosh; Intel Mac OS X 10_15_7) AppleWebKit/605.1.15 (KHTML, like Gecko) Version/17.4 Safari/605.1.15 (Applebot/0.1; +http://www.apple.com/go/applebot)" "-"
2a03:2880:f800:: - - [18/Jul/2026:01:37:48 -0400] "GET /ja/shopping/pumped/891011068303 HTTP/1.1" 429 267 revealmyway.com "-" "Mozilla/5.0 (Windows NT 10.0; Win64; x64) AppleWebKit/537.36 (KHTML, like Gecko) Chrome/145.0.0.0 Safari/537.36 (compatible; meta-externalagent/1.1 (+https://developers.facebook.com/docs/sharing/webmasters/crawler))" "-"
114.119.145.0 - - [18/Jul/2026:01:37:50 -0400] "GET /shop/cleansing/scope/890379611486.shtml HTTP/1.1" 301 - www.revealmyway.com "https://www.revealmyway.com/sitemap-goods-4454.xml" "Mozilla/5.0 (Linux; Android 7.0;) AppleWebKit/537.36 (HTML, like Gecko) Mobile Safari/537.36 (compatible; PetalBot;+https://webmaster.petalsearch.com/site/petalbot)" "-"
114.119.145.0 - - [18/Jul/2026:01:37:52 -0400] "GET /shop/cleansing/scope/890379611486.shtml HTTP/1.1" 404 21594 revealmyway.com "https://www.revealmyway.com/sitemap-goods-4454.xml" "Mozilla/5.0 (Linux; Android 7.0;) AppleWebKit/537.36 (HTML, like Gecko) Mobile Safari/537.36 (compatible; PetalBot;+https://webmaster.petalsearch.com/site/petalbot)" "-"
74.7.241.0 - - [18/Jul/2026:01:37:56 -0400] "GET /?lokasie=/proc/irq/43/node&loknya=/proc/irq/43 HTTP/1.1" 200 4025 coaches.revealmyway.com "https://coaches.revealmyway.com/?loknya=/proc/irq/43" "Mozilla/5.0 AppleWebKit/537.36 (KHTML, like Gecko; compatible; GPTBot/1.4; +https://openai.com/gptbot)" "-"
2a03:2880:f800:: - - [18/Jul/2026:01:38:03 -0400] "GET /ja/shopping/dakota/890931911968 HTTP/1.1" 404 21594 revealmyway.com "-" "Mozilla/5.0 (Windows NT 10.0; Win64; x64) AppleWebKit/537.36 (KHTML, like Gecko) Chrome/145.0.0.0 Safari/537.36 (compatible; meta-externalagent/1.1 (+https://developers.facebook.com/docs/sharing/webmasters/crawler))" "-"
2a03:2880:f800:: - - [18/Jul/2026:01:38:05 -0400] "GET /ja/shopping/fills/891150704436 HTTP/1.1" 404 21594 revealmyway.com "-" "Mozilla/5.0 (Windows NT 10.0; Win64; x64) AppleWebKit/537.36 (KHTML, like Gecko) Chrome/145.0.0.0 Safari/537.36 (compatible; meta-externalagent/1.1 (+https://developers.facebook.com/docs/sharing/webmasters/crawler))" "-"
74.7.241.0 - - [18/Jul/2026:01:38:13 -0400] "GET /?loknya=/proc/irq/75 HTTP/1.1" 200 12596 coaches.revealmyway.com "https://coaches.revealmyway.com/?loknya=/proc/irq" "Mozilla/5.0 AppleWebKit/537.36 (KHTML, like Gecko; compatible; GPTBot/1.4; +https://openai.com/gptbot)" "-"
2a03:2880:f800:: - - [18/Jul/2026:01:38:22 -0400] "GET /ja/shopping/walter/89105334429 HTTP/1.1" 301 - www.revealmyway.com "-" "Mozilla/5.0 (Windows NT 10.0; Win64; x64) AppleWebKit/537.36 (KHTML, like Gecko) Chrome/145.0.0.0 Safari/537.36 (compatible; meta-externalagent/1.1 (+https://developers.facebook.com/docs/sharing/webmasters/crawler))" "-"
66.249.64.0 - - [18/Jul/2026:01:38:23 -0400] "GET /?shop/seeking8888202690.shtml HTTP/1.1" 301 - revealmyway.com "-" "Mozilla/5.0 (Linux; Android 6.0.1; Nexus 5X Build/MMB29P) AppleWebKit/537.36 (KHTML, like Gecko) Chrome/150.0.7871.124 Mobile Safari/537.36 (compatible; Googlebot/2.1; +http://www.google.com/bot.html)" "-"
66.249.64.0 - - [18/Jul/2026:01:38:23 -0400] "GET /?shop%2Fseeking8888202690_shtml HTTP/1.1" 200 27217 revealmyway.com "-" "Mozilla/5.0 (Linux; Android 6.0.1; Nexus 5X Build/MMB29P) AppleWebKit/537.36 (KHTML, like Gecko) Chrome/150.0.7871.124 Mobile Safari/537.36 (compatible; Googlebot/2.1; +http://www.google.com/bot.html)" "-"
74.7.241.0 - - [18/Jul/2026:01:38:29 -0400] "GET /?loknya=/proc/irq/95 HTTP/1.1" 200 12596 coaches.revealmyway.com "https://coaches.revealmyway.com/?loknya=/proc/irq" "Mozilla/5.0 AppleWebKit/537.36 (KHTML, like Gecko; compatible; GPTBot/1.4; +https://openai.com/gptbot)" "-"
2a03:2880:f800:: - - [18/Jul/2026:01:38:38 -0400] "GET /wp-includes/revisions.php?ja/shopping/earns/890073048708 HTTP/1.1" 403 1271 www.revealmyway.com "-" "Mozilla/5.0 (Windows NT 10.0; Win64; x64) AppleWebKit/537.36 (KHTML, like Gecko) Chrome/145.0.0.0 Safari/537.36 (compatible; meta-externalagent/1.1 (+https://developers.facebook.com/docs/sharing/webmasters/crawler))" "-"
74.7.241.0 - - [18/Jul/2026:01:38:43 -0400] "GET /?loknya=/proc/irq/40/ HTTP/1.1" 200 12612 coaches.revealmyway.com "https://coaches.revealmyway.com/?loknya=/proc/irq/40/megasas0-msix14" "Mozilla/5.0 AppleWebKit/537.36 (KHTML, like Gecko; compatible; GPTBot/1.4; +https://openai.com/gptbot)" "-"
2a03:2880:f800:: - - [18/Jul/2026:01:38:54 -0400] "GET /ja/shopping/romanian/891029220218 HTTP/1.1" 404 21594 revealmyway.com "-" "Mozilla/5.0 (X11; Linux x86_64; rv:147.0) Gecko/20100101 Firefox/147.0 (compatible; meta-externalagent/1.1 (+https://developers.facebook.com/docs/sharing/webmasters/crawler))" "-"
74.7.241.0 - - [18/Jul/2026:01:38:56 -0400] "GET /?loknya=/proc/irq/84 HTTP/1.1" 429 267 coaches.revealmyway.com "https://coaches.revealmyway.com/?loknya=/proc/irq" "Mozilla/5.0 AppleWebKit/537.36 (KHTML, like Gecko; compatible; GPTBot/1.4; +https://openai.com/gptbot)" "-"
74.7.241.0 - - [18/Jul/2026:01:39:08 -0400] "GET /?lokasie=/proc/irq/41//node&loknya=/proc/irq/41/ HTTP/1.1" 429 267 coaches.revealmyway.com "https://coaches.revealmyway.com/?loknya=/proc/irq/41/" "Mozilla/5.0 AppleWebKit/537.36 (KHTML, like Gecko; compatible; GPTBot/1.4; +https://openai.com/gptbot)" "-"
2a03:2880:f800:: - - [18/Jul/2026:01:39:09 -0400] "GET /ja/shopping/insisted/890727964228 HTTP/1.1" 404 21594 revealmyway.com "-" "Mozilla/5.0 (Windows NT 10.0; Win64; x64) AppleWebKit/537.36 (KHTML, like Gecko) Chrome/145.0.0.0 Safari/537.36 (compatible; meta-externalagent/1.1 (+https://developers.facebook.com/docs/sharing/webmasters/crawler))" "-"
17.246.15.0 - - [18/Jul/2026:01:39:10 -0400] "GET /best-perfect-blackjack-casinos/ HTTP/1.1" 429 267 coaches.revealmyway.com "-" "Mozilla/5.0 (Macintosh; Intel Mac OS X 10_15_7) AppleWebKit/605.1.15 (KHTML, like Gecko) Version/17.4 Safari/605.1.15 (Applebot/0.1; +http://www.apple.com/go/applebot)" "-"
114.119.145.0 - - [18/Jul/2026:01:39:12 -0400] "GET /shop/cleaners/cpl/891011309727.shtml HTTP/1.1" 301 - www.revealmyway.com "https://www.revealmyway.com/sitemap-goods-4750.xml" "Mozilla/5.0 (Linux; Android 7.0;) AppleWebKit/537.36 (HTML, like Gecko) Mobile Safari/537.36 (compatible; PetalBot;+https://webmaster.petalsearch.com/site/petalbot)" "-"
114.119.145.0 - - [18/Jul/2026:01:39:13 -0400] "GET /shop/cleaners/cpl/891011309727.shtml HTTP/1.1" 404 21594 revealmyway.com "https://www.revealmyway.com/sitemap-goods-4750.xml" "Mozilla/5.0 (Linux; Android 7.0;) AppleWebKit/537.36 (HTML, like Gecko) Mobile Safari/537.36 (compatible; PetalBot;+https://webmaster.petalsearch.com/site/petalbot)" "-"
66.249.70.0 - - [18/Jul/2026:01:39:21 -0400] "GET /shop/qualifying/utensils/8889857533.shtml HTTP/1.1" 301 - www.revealmyway.com "-" "Mozilla/5.0 (Linux; Android 6.0.1; Nexus 5X Build/MMB29P) AppleWebKit/537.36 (KHTML, like Gecko) Chrome/150.0.7871.124 Mobile Safari/537.36 (compatible; Googlebot/2.1; +http://www.google.com/bot.html)" "-"
66.249.64.0 - - [18/Jul/2026:01:39:22 -0400] "GET /shop/qualifying/utensils/8889857533.shtml HTTP/1.1" 404 21594 revealmyway.com "-" "Mozilla/5.0 (Linux; Android 6.0.1; Nexus 5X Build/MMB29P) AppleWebKit/537.36 (KHTML, like Gecko) Chrome/150.0.7871.124 Mobile Safari/537.36 (compatible; Googlebot/2.1; +http://www.google.com/bot.html)" "-"
2a03:2880:f800:: - - [18/Jul/2026:01:39:25 -0400] "GET /ja/shopping/shining/89084341489 HTTP/1.1" 301 - www.revealmyway.com "-" "Mozilla/5.0 (Windows NT 10.0; Win64; x64) AppleWebKit/537.36 (KHTML, like Gecko) Chrome/145.0.0.0 Safari/537.36 (compatible; meta-externalagent/1.1 (+https://developers.facebook.com/docs/sharing/webmasters/crawler))" "-"
2a03:2880:f800:: - - [18/Jul/2026:01:39:40 -0400] "GET /ja/shopping/reynolds/890739797872 HTTP/1.1" 404 21594 revealmyway.com "-" "Mozilla/5.0 (Windows NT 10.0; Win64; x64) AppleWebKit/537.36 (KHTML, like Gecko) Chrome/145.0.0.0 Safari/537.36 (compatible; meta-externalagent/1.1 (+https://developers.facebook.com/docs/sharing/webmasters/crawler))" "-"
74.7.241.0 - - [18/Jul/2026:01:39:43 -0400] "GET /?loknya=/proc/irq/48 HTTP/1.1" 429 267 coaches.revealmyway.com "https://coaches.revealmyway.com/?loknya=/proc/irq" "Mozilla/5.0 AppleWebKit/537.36 (KHTML, like Gecko; compatible; GPTBot/1.4; +https://openai.com/gptbot)" "-"
2a03:2880:f800:: - - [18/Jul/2026:01:39:54 -0400] "GET /ja/shopping/condemned/890654024553 HTTP/1.1" 404 21594 revealmyway.com "-" "Mozilla/5.0 (Windows NT 10.0; Win64; x64) AppleWebKit/537.36 (KHTML, like Gecko) Chrome/145.0.0.0 Safari/537.36 (compatible; meta-externalagent/1.1 (+https://developers.facebook.com/docs/sharing/webmasters/crawler))" "-"
2a03:2880:f800:: - - [18/Jul/2026:01:40:09 -0400] "GET /ja/shopping/fcc/89073737967 HTTP/1.1" 404 21594 revealmyway.com "-" "Mozilla/5.0 (Windows NT 10.0; Win64; x64) AppleWebKit/537.36 (KHTML, like Gecko) Chrome/145.0.0.0 Safari/537.36 (compatible; meta-externalagent/1.1 (+https://developers.facebook.com/docs/sharing/webmasters/crawler))" "-"
2a03:2880:f800:: - - [18/Jul/2026:01:40:23 -0400] "GET /ja/shopping/episodes/89081136825 HTTP/1.1" 404 21594 revealmyway.com "-" "Mozilla/5.0 (Windows NT 10.0; Win64; x64) AppleWebKit/537.36 (KHTML, like Gecko) Chrome/145.0.0.0 Safari/537.36 (compatible; meta-externalagent/1.1 (+https://developers.facebook.com/docs/sharing/webmasters/crawler))" "-"
74.0.96.0 - - [18/Jul/2026:01:40:34 -0400] "GET /feed/ HTTP/1.1" 200 67516 info.revealmyway.com "-" "Mozilla/5.0 (Linux; Android 10; K) AppleWebKit/537.36 (KHTML, like Gecko) Chrome/147.0.0.0 Mobile Safari/537.36" "-"
114.119.145.0 - - [18/Jul/2026:01:40:35 -0400] "GET /shop/claus/everyday/88943402179.shtml HTTP/1.1" 301 - www.revealmyway.com "https://www.revealmyway.com/sitemap-goods-6570.xml" "Mozilla/5.0 (Linux; Android 7.0;) AppleWebKit/537.36 (HTML, like Gecko) Mobile Safari/537.36 (compatible; PetalBot;+https://webmaster.petalsearch.com/site/petalbot)" "-"
114.119.145.0 - - [18/Jul/2026:01:40:37 -0400] "GET /shop/claus/everyday/88943402179.shtml HTTP/1.1" 404 21594 revealmyway.com "https://www.revealmyway.com/sitemap-goods-6570.xml" "Mozilla/5.0 (Linux; Android 7.0;) AppleWebKit/537.36 (HTML, like Gecko) Mobile Safari/537.36 (compatible; PetalBot;+https://webmaster.petalsearch.com/site/petalbot)" "-"
2a03:2880:f800:: - - [18/Jul/2026:01:40:37 -0400] "GET /ja/shopping/intentions/891171881449 HTTP/1.1" 404 21594 revealmyway.com "-" "Mozilla/5.0 (Macintosh; Intel Mac OS X 10_15_7) AppleWebKit/537.36 (KHTML, like Gecko) Chrome/145.0.0.0 Safari/537.36 (compatible; meta-externalagent/1.1 (+https://developers.facebook.com/docs/sharing/webmasters/crawler))" "-"
74.7.241.0 - - [18/Jul/2026:01:40:48 -0400] "GET /?loknya=/proc/irq/50/megasas0-msix24 HTTP/1.1" 200 5211 coaches.revealmyway.com "https://coaches.revealmyway.com/?loknya=/proc/irq/50" "Mozilla/5.0 AppleWebKit/537.36 (KHTML, like Gecko; compatible; GPTBot/1.4; +https://openai.com/gptbot)" "-"
2a03:2880:f800:: - - [18/Jul/2026:01:40:52 -0400] "GET /ja/shopping/graphs/89073857811 HTTP/1.1" 404 21594 revealmyway.com "-" "Mozilla/5.0 (Macintosh; Intel Mac OS X 10_15_7) AppleWebKit/537.36 (KHTML, like Gecko) Chrome/145.0.0.0 Safari/537.36 (compatible; meta-externalagent/1.1 (+https://developers.facebook.com/docs/sharing/webmasters/crawler))" "-"
2a03:2880:f800:: - - [18/Jul/2026:01:41:06 -0400] "GET /ja/shopping/induce/890952783640 HTTP/1.1" 404 21594 revealmyway.com "-" "Mozilla/5.0 (Windows NT 10.0; Win64; x64) AppleWebKit/537.36 (KHTML, like Gecko) Chrome/145.0.0.0 Safari/537.36 (compatible; meta-externalagent/1.1 (+https://developers.facebook.com/docs/sharing/webmasters/crawler))" "-"
2a03:2880:f800:: - - [18/Jul/2026:01:41:21 -0400] "GET /ja/shopping/pharmaceutical/89091835166 HTTP/1.1" 404 21594 revealmyway.com "-" "Mozilla/5.0 (Windows NT 10.0; Win64; x64) AppleWebKit/537.36 (KHTML, like Gecko) Chrome/145.0.0.0 Safari/537.36 (compatible; meta-externalagent/1.1 (+https://developers.facebook.com/docs/sharing/webmasters/crawler))" "-"
2a03:2880:f800:: - - [18/Jul/2026:01:41:35 -0400] "GET /ja/shopping/cylinder/891053457795 HTTP/1.1" 404 21594 revealmyway.com "-" "Mozilla/5.0 (Macintosh; Intel Mac OS X 10_15_7) AppleWebKit/537.36 (KHTML, like Gecko) Chrome/145.0.0.0 Safari/537.36 (compatible; meta-externalagent/1.1 (+https://developers.facebook.com/docs/sharing/webmasters/crawler))" "-"
2a03:2880:f800:: - - [18/Jul/2026:01:41:49 -0400] "GET /ja/shopping/nicely/890672100491 HTTP/1.1" 404 21594 revealmyway.com "-" "Mozilla/5.0 (Windows NT 10.0; Win64; x64) AppleWebKit/537.36 (KHTML, like Gecko) Chrome/145.0.0.0 Safari/537.36 (compatible; meta-externalagent/1.1 (+https://developers.facebook.com/docs/sharing/webmasters/crawler))" "-"
74.7.241.0 - - [18/Jul/2026:01:41:51 -0400] "GET /?lokasie=/proc/irq/50/node&loknya=/proc/irq/50 HTTP/1.1" 200 4025 coaches.revealmyway.com "https://coaches.revealmyway.com/?loknya=/proc/irq/50" "Mozilla/5.0 AppleWebKit/537.36 (KHTML, like Gecko; compatible; GPTBot/1.4; +https://openai.com/gptbot)" "-"
114.119.139.0 - - [18/Jul/2026:01:42:00 -0400] "GET /shop/classes/ein/88995407280.shtml HTTP/1.1" 301 - www.revealmyway.com "https://www.revealmyway.com/sitemap-goods-3566.xml" "Mozilla/5.0 (Linux; Android 7.0;) AppleWebKit/537.36 (HTML, like Gecko) Mobile Safari/537.36 (compatible; PetalBot;+https://webmaster.petalsearch.com/site/petalbot)" "-"
114.119.139.0 - - [18/Jul/2026:01:42:02 -0400] "GET /shop/classes/ein/88995407280.shtml HTTP/1.1" 404 21594 revealmyway.com "https://www.revealmyway.com/sitemap-goods-3566.xml" "Mozilla/5.0 (Linux; Android 7.0;) AppleWebKit/537.36 (HTML, like Gecko) Mobile Safari/537.36 (compatible; PetalBot;+https://webmaster.petalsearch.com/site/petalbot)" "-"
2a03:2880:f800:: - - [18/Jul/2026:01:42:04 -0400] "GET /deposit-3-get-5-free-casino-australia/ HTTP/1.1" 200 41833 coaches.revealmyway.com "-" "Mozilla/5.0 (Macintosh; Intel Mac OS X 10_15_7) AppleWebKit/537.36 (KHTML, like Gecko) Chrome/145.0.0.0 Safari/537.36 (compatible; meta-externalagent/1.1 (+https://developers.facebook.com/docs/sharing/webmasters/crawler))" "-"
66.249.70.0 - - [18/Jul/2026:01:42:12 -0400] "GET /shop/zone/hussein/891513641984.shtml HTTP/1.1" 301 - www.revealmyway.com "-" "Mozilla/5.0 (Linux; Android 6.0.1; Nexus 5X Build/MMB29P) AppleWebKit/537.36 (KHTML, like Gecko) Chrome/150.0.7871.124 Mobile Safari/537.36 (compatible; Googlebot/2.1; +http://www.google.com/bot.html)" "-"
66.249.64.0 - - [18/Jul/2026:01:42:13 -0400] "GET /shop/zone/hussein/891513641984.shtml HTTP/1.1" 404 21594 revealmyway.com "-" "Mozilla/5.0 (Linux; Android 6.0.1; Nexus 5X Build/MMB29P) AppleWebKit/537.36 (KHTML, like Gecko) Chrome/150.0.7871.124 Mobile Safari/537.36 (compatible; Googlebot/2.1; +http://www.google.com/bot.html)" "-"
2a03:2880:f800:: - - [18/Jul/2026:01:42:18 -0400] "GET /ja/shopping/makeover/89105126762 HTTP/1.1" 404 21594 revealmyway.com "-" "Mozilla/5.0 (Windows NT 10.0; Win64; x64) AppleWebKit/537.36 (KHTML, like Gecko) Chrome/145.0.0.0 Safari/537.36 (compatible; meta-externalagent/1.1 (+https://developers.facebook.com/docs/sharing/webmasters/crawler))" "-"
66.249.70.0 - - [18/Jul/2026:01:42:25 -0400] "GET /shop/bodies/territorial/8888432562.shtml HTTP/1.1" 301 - www.revealmyway.com "-" "Mozilla/5.0 (Linux; Android 6.0.1; Nexus 5X Build/MMB29P) AppleWebKit/537.36 (KHTML, like Gecko) Chrome/150.0.7871.124 Mobile Safari/537.36 (compatible; Googlebot/2.1; +http://www.google.com/bot.html)" "-"
66.249.64.0 - - [18/Jul/2026:01:42:26 -0400] "GET /shop/bodies/territorial/8888432562.shtml HTTP/1.1" 404 21594 revealmyway.com "-" "Mozilla/5.0 (Linux; Android 6.0.1; Nexus 5X Build/MMB29P) AppleWebKit/537.36 (KHTML, like Gecko) Chrome/150.0.7871.124 Mobile Safari/537.36 (compatible; Googlebot/2.1; +http://www.google.com/bot.html)" "-"
2a03:2880:f800:: - - [18/Jul/2026:01:42:31 -0400] "GET /ja/shopping/incomplete/89063257576 HTTP/1.1" 404 21594 revealmyway.com "-" "Mozilla/5.0 (Macintosh; Intel Mac OS X 10_15_7) AppleWebKit/537.36 (KHTML, like Gecko) Chrome/145.0.0.0 Safari/537.36 (compatible; meta-externalagent/1.1 (+https://developers.facebook.com/docs/sharing/webmasters/crawler))" "-"
17.22.245.0 - - [18/Jul/2026:01:42:40 -0400] "GET /online-casino-1250-free-play-online-casino-games-play-now/ HTTP/1.1" 200 41827 coaches.revealmyway.com "-" "Mozilla/5.0 (Macintosh; Intel Mac OS X 10_15_7) AppleWebKit/605.1.15 (KHTML, like Gecko) Version/17.4 Safari/605.1.15 (Applebot/0.1; +http://www.apple.com/go/applebot)" "-"
2a03:2880:f800:: - - [18/Jul/2026:01:42:43 -0400] "GET /ja/shopping/fragments/890870160707 HTTP/1.1" 404 21594 revealmyway.com "-" "Mozilla/5.0 (Windows NT 10.0; Win64; x64) AppleWebKit/537.36 (KHTML, like Gecko) Chrome/145.0.0.0 Safari/537.36 (compatible; meta-externalagent/1.1 (+https://developers.facebook.com/docs/sharing/webmasters/crawler))" "-"
74.7.241.0 - - [18/Jul/2026:01:42:50 -0400] "GET /?lokasie=/proc/irq/90/node&loknya=/proc/irq/90 HTTP/1.1" 200 4025 coaches.revealmyway.com "https://coaches.revealmyway.com/?loknya=/proc/irq/90" "Mozilla/5.0 AppleWebKit/537.36 (KHTML, like Gecko; compatible; GPTBot/1.4; +https://openai.com/gptbot)" "-"
2a03:2880:f800:: - - [18/Jul/2026:01:42:56 -0400] "GET /ja/shopping/minimizing/89094527117 HTTP/1.1" 301 - www.revealmyway.com "-" "Mozilla/5.0 (Macintosh; Intel Mac OS X 10_15_7) AppleWebKit/537.36 (KHTML, like Gecko) Chrome/145.0.0.0 Safari/537.36 (compatible; meta-externalagent/1.1 (+https://developers.facebook.com/docs/sharing/webmasters/crawler))" "-"
2a03:2880:f800:: - - [18/Jul/2026:01:43:08 -0400] "GET /ja/shopping/pale/890852498845 HTTP/1.1" 404 21594 revealmyway.com "-" "Mozilla/5.0 (Macintosh; Intel Mac OS X 10_15_7) AppleWebKit/537.36 (KHTML, like Gecko) Chrome/145.0.0.0 Safari/537.36 (compatible; meta-externalagent/1.1 (+https://developers.facebook.com/docs/sharing/webmasters/crawler))" "-"
2a03:2880:f800:: - - [18/Jul/2026:01:43:20 -0400] "GET /ja/shopping/postcards/891132698048 HTTP/1.1" 404 21594 revealmyway.com "-" "Mozilla/5.0 (X11; Linux x86_64) AppleWebKit/537.36 (KHTML, like Gecko) Chrome/145.0.0.0 Safari/537.36 (compatible; meta-externalagent/1.1 (+https://developers.facebook.com/docs/sharing/webmasters/crawler))" "-"
114.119.159.0 - - [18/Jul/2026:01:43:24 -0400] "GET /shop/clad/orchestra/890235942095.shtml HTTP/1.1" 301 - www.revealmyway.com "https://www.revealmyway.com/sitemap-goods-6008.xml" "Mozilla/5.0 (Linux; Android 7.0;) AppleWebKit/537.36 (HTML, like Gecko) Mobile Safari/537.36 (compatible; PetalBot;+https://webmaster.petalsearch.com/site/petalbot)" "-"
114.119.159.0 - - [18/Jul/2026:01:43:26 -0400] "GET /shop/clad/orchestra/890235942095.shtml HTTP/1.1" 404 21594 revealmyway.com "https://www.revealmyway.com/sitemap-goods-6008.xml" "Mozilla/5.0 (Linux; Android 7.0;) AppleWebKit/537.36 (HTML, like Gecko) Mobile Safari/537.36 (compatible; PetalBot;+https://webmaster.petalsearch.com/site/petalbot)" "-"
2a03:2880:f800:: - - [18/Jul/2026:01:43:32 -0400] "GET /ja/shopping/fe/891053294457 HTTP/1.1" 404 21594 revealmyway.com "-" "Mozilla/5.0 (Macintosh; Intel Mac OS X 10_15_7) AppleWebKit/537.36 (KHTML, like Gecko) Chrome/145.0.0.0 Safari/537.36 (compatible; meta-externalagent/1.1 (+https://developers.facebook.com/docs/sharing/webmasters/crawler))" "-"
74.7.241.0 - - [18/Jul/2026:01:43:41 -0400] "GET /?lokasie=/proc/irq/26/node&loknya=/proc/irq/26 HTTP/1.1" 200 4025 coaches.revealmyway.com "https://coaches.revealmyway.com/?loknya=/proc/irq/26" "Mozilla/5.0 AppleWebKit/537.36 (KHTML, like Gecko; compatible; GPTBot/1.4; +https://openai.com/gptbot)" "-"
2a03:2880:f800:: - - [18/Jul/2026:01:43:44 -0400] "GET /ja/shopping/sense/891041011083 HTTP/1.1" 429 267 revealmyway.com "-" "Mozilla/5.0 (Windows NT 10.0; Win64; x64) AppleWebKit/537.36 (KHTML, like Gecko) Chrome/145.0.0.0 Safari/537.36 (compatible; meta-externalagent/1.1 (+https://developers.facebook.com/docs/sharing/webmasters/crawler))" "-"
2a03:2880:f800:: - - [18/Jul/2026:01:43:55 -0400] "GET /ja/shopping/lambda/890813236053 HTTP/1.1" 429 267 revealmyway.com "-" "Mozilla/5.0 (Macintosh; Intel Mac OS X 10_15_7) AppleWebKit/537.36 (KHTML, like Gecko) Chrome/145.0.0.0 Safari/537.36 (compatible; meta-externalagent/1.1 (+https://developers.facebook.com/docs/sharing/webmasters/crawler))" "-"
2a03:2880:f800:: - - [18/Jul/2026:01:43:57 -0400] "GET /ja/shopping/bot/890852200387 HTTP/1.1" 429 267 revealmyway.com "-" "Mozilla/5.0 (Windows NT 10.0; Win64; x64) AppleWebKit/537.36 (KHTML, like Gecko) Chrome/145.0.0.0 Safari/537.36 (compatible; meta-externalagent/1.1 (+https://developers.facebook.com/docs/sharing/webmasters/crawler))" "-"
2a03:2880:f800:: - - [18/Jul/2026:01:43:58 -0400] "GET /ja/shopping/simmons/89091800441 HTTP/1.1" 429 267 revealmyway.com "-" "Mozilla/5.0 (Windows NT 10.0; Win64; x64) AppleWebKit/537.36 (KHTML, like Gecko) Chrome/145.0.0.0 Safari/537.36 (compatible; meta-externalagent/1.1 (+https://developers.facebook.com/docs/sharing/webmasters/crawler))" "-"
2a03:2880:f800:: - - [18/Jul/2026:01:44:01 -0400] "GET /ja/shopping/ginger/891044239706 HTTP/1.1" 429 267 revealmyway.com "-" "Mozilla/5.0 (Windows NT 10.0; Win64; x64) AppleWebKit/537.36 (KHTML, like Gecko) Chrome/145.0.0.0 Safari/537.36 (compatible; meta-externalagent/1.1 (+https://developers.facebook.com/docs/sharing/webmasters/crawler))" "-"
2a03:2880:f800:: - - [18/Jul/2026:01:44:01 -0400] "GET /ja/shopping/pointing/891056297894 HTTP/1.1" 429 267 revealmyway.com "-" "Mozilla/5.0 (Macintosh; Intel Mac OS X 10_15_7) AppleWebKit/537.36 (KHTML, like Gecko) Chrome/145.0.0.0 Safari/537.36 (compatible; meta-externalagent/1.1 (+https://developers.facebook.com/docs/sharing/webmasters/crawler))" "-"
2a03:2880:f800:: - - [18/Jul/2026:01:44:20 -0400] "GET /ja/shopping/alteration/89073703763 HTTP/1.1" 429 267 revealmyway.com "-" "Mozilla/5.0 (Macintosh; Intel Mac OS X 10_15_7) AppleWebKit/537.36 (KHTML, like Gecko) Chrome/145.0.0.0 Safari/537.36 (compatible; meta-externalagent/1.1 (+https://developers.facebook.com/docs/sharing/webmasters/crawler))" "-"
2a03:2880:f800:: - - [18/Jul/2026:01:44:24 -0400] "GET /ja/shopping/assignment/890970974147 HTTP/1.1" 429 267 revealmyway.com "-" "Mozilla/5.0 (Windows NT 10.0; Win64; x64) AppleWebKit/537.36 (KHTML, like Gecko) Chrome/145.0.0.0 Safari/537.36 (compatible; meta-externalagent/1.1 (+https://developers.facebook.com/docs/sharing/webmasters/crawler))" "-"
74.7.241.0 - - [18/Jul/2026:01:44:26 -0400] "GET /?loknya=/proc/irq/43/ HTTP/1.1" 200 12612 coaches.revealmyway.com "https://coaches.revealmyway.com/?loknya=/proc/irq/43/megasas0-msix17" "Mozilla/5.0 AppleWebKit/537.36 (KHTML, like Gecko; compatible; GPTBot/1.4; +https://openai.com/gptbot)" "-"
2a03:2880:f800:: - - [18/Jul/2026:01:44:27 -0400] "GET /ja/shopping/micro/891041132928 HTTP/1.1" 429 267 revealmyway.com "-" "Mozilla/5.0 (Macintosh; Intel Mac OS X 10_15_7) AppleWebKit/537.36 (KHTML, like Gecko) Chrome/145.0.0.0 Safari/537.36 (compatible; meta-externalagent/1.1 (+https://developers.facebook.com/docs/sharing/webmasters/crawler))" "-"
2a03:2880:f800:: - - [18/Jul/2026:01:44:29 -0400] "GET /ja/shopping/garment/891053222186 HTTP/1.1" 429 267 revealmyway.com "-" "Mozilla/5.0 (Macintosh; Intel Mac OS X 10_15_7) AppleWebKit/537.36 (KHTML, like Gecko) Chrome/145.0.0.0 Safari/537.36 (compatible; meta-externalagent/1.1 (+https://developers.facebook.com/docs/sharing/webmasters/crawler))" "-"
2a03:2880:f800:: - - [18/Jul/2026:01:44:32 -0400] "GET /ja/shopping/charlie/890940734653 HTTP/1.1" 429 267 revealmyway.com "-" "Mozilla/5.0 (Windows NT 10.0; Win64; x64) AppleWebKit/537.36 (KHTML, like Gecko) Chrome/145.0.0.0 Safari/537.36 (compatible; meta-externalagent/1.1 (+https://developers.facebook.com/docs/sharing/webmasters/crawler))" "-"
2a03:2880:f800:: - - [18/Jul/2026:01:44:35 -0400] "GET /ja/shopping/weighted/891150678294 HTTP/1.1" 429 267 revealmyway.com "-" "Mozilla/5.0 (X11; Linux x86_64) AppleWebKit/537.36 (KHTML, like Gecko) Chrome/145.0.0.0 Safari/537.36 (compatible; meta-externalagent/1.1 (+https://developers.facebook.com/docs/sharing/webmasters/crawler))" "-"
2a03:2880:f800:: - - [18/Jul/2026:01:44:40 -0400] "GET /ja/shopping/mug/89063279449 HTTP/1.1" 429 267 revealmyway.com "-" "Mozilla/5.0 (Macintosh; Intel Mac OS X 10.15; rv:147.0) Gecko/20100101 Firefox/147.0 (compatible; meta-externalagent/1.1 (+https://developers.facebook.com/docs/sharing/webmasters/crawler))" "-"
2a03:2880:f800:: - - [18/Jul/2026:01:44:43 -0400] "GET /wp-includes/revisions.php?ja/shopping/sst/890572328942 HTTP/1.1" 403 1271 www.revealmyway.com "-" "Mozilla/5.0 (Windows NT 10.0; Win64; x64) AppleWebKit/537.36 (KHTML, like Gecko) Chrome/145.0.0.0 Safari/537.36 (compatible; meta-externalagent/1.1 (+https://developers.facebook.com/docs/sharing/webmasters/crawler))" "-"
114.119.159.0 - - [18/Jul/2026:01:44:46 -0400] "GET /sitemap-goods-5564.xml HTTP/1.1" 301 - www.revealmyway.com "https://www.revealmyway.com/sitemap-goods-5564.xml" "Mozilla/5.0 (Linux; Android 7.0;) AppleWebKit/537.36 (HTML, like Gecko) Mobile Safari/537.36 (compatible; PetalBot;+https://webmaster.petalsearch.com/site/petalbot)" "-"
114.119.159.0 - - [18/Jul/2026:01:44:48 -0400] "GET /sitemap-goods-5564.xml HTTP/1.1" 404 21594 revealmyway.com "https://www.revealmyway.com/sitemap-goods-5564.xml" "Mozilla/5.0 (Linux; Android 7.0;) AppleWebKit/537.36 (HTML, like Gecko) Mobile Safari/537.36 (compatible; PetalBot;+https://webmaster.petalsearch.com/site/petalbot)" "-"
2a03:2880:f800:: - - [18/Jul/2026:01:44:48 -0400] "GET /ja/shopping/magazines/891144851310 HTTP/1.1" 404 21594 revealmyway.com "-" "Mozilla/5.0 (Windows NT 10.0; Win64; x64) AppleWebKit/537.36 (KHTML, like Gecko) Chrome/145.0.0.0 Safari/537.36 (compatible; meta-externalagent/1.1 (+https://developers.facebook.com/docs/sharing/webmasters/crawler))" "-"
74.7.241.0 - - [18/Jul/2026:01:45:08 -0400] "GET /?lokasie=/proc/irq/75/node&loknya=/proc/irq/75 HTTP/1.1" 200 4025 coaches.revealmyway.com "https://coaches.revealmyway.com/?loknya=/proc/irq/75" "Mozilla/5.0 AppleWebKit/537.36 (KHTML, like Gecko; compatible; GPTBot/1.4; +https://openai.com/gptbot)" "-"
190.179.251.0 - - [18/Jul/2026:01:45:19 -0400] "GET /f/special/souji/ HTTP/1.1" 404 21594 revealmyway.com "-" "Mozilla/5.0 (Macintosh; Intel Mac OS X 10_15_7) AppleWebKit/537.36 (KHTML, like Gecko) Chrome/96.0.4664.45 Safari/537.36" "-"
2a03:2880:f800:: - - [18/Jul/2026:01:45:34 -0400] "GET /ja/shopping/senior/890654290964 HTTP/1.1" 404 21594 revealmyway.com "-" "Mozilla/5.0 (Windows NT 10.0; Win64; x64) AppleWebKit/537.36 (KHTML, like Gecko) Chrome/145.0.0.0 Safari/537.36 (compatible; meta-externalagent/1.1 (+https://developers.facebook.com/docs/sharing/webmasters/crawler))" "-"
74.7.241.0 - - [18/Jul/2026:01:45:44 -0400] "GET /?lokasie=/proc/irq/95/node&loknya=/proc/irq/95 HTTP/1.1" 200 4025 coaches.revealmyway.com "https://coaches.revealmyway.com/?loknya=/proc/irq/95" "Mozilla/5.0 AppleWebKit/537.36 (KHTML, like Gecko; compatible; GPTBot/1.4; +https://openai.com/gptbot)" "-"
129.226.146.0 - - [18/Jul/2026:01:45:44 -0400] "GET /?loknya=/homepages/7 HTTP/1.1" 200 28847 coaches.revealmyway.com "-" "Mozilla/5.0 (iPhone; CPU iPhone OS 13_2_3 like Mac OS X) AppleWebKit/605.1.15 (KHTML, like Gecko) Version/13.0.3 Mobile/15E148 Safari/604.1" "-"
17.246.15.0 - - [18/Jul/2026:01:45:52 -0400] "GET /deposit-50-usdt-casino-australia/ HTTP/1.1" 200 41827 coaches.revealmyway.com "-" "Mozilla/5.0 (Macintosh; Intel Mac OS X 10_15_7) AppleWebKit/605.1.15 (KHTML, like Gecko) Version/17.4 Safari/605.1.15 (Applebot/0.1; +http://www.apple.com/go/applebot)" "-"
114.119.152.0 - - [18/Jul/2026:01:46:10 -0400] "GET /shop/weapons/brasil/889274344213.shtml HTTP/1.1" 301 - www.revealmyway.com "https://www.revealmyway.com/sitemap-goods-4972.xml" "Mozilla/5.0 (Linux; Android 7.0;) AppleWebKit/537.36 (HTML, like Gecko) Mobile Safari/537.36 (compatible; PetalBot;+https://webmaster.petalsearch.com/site/petalbot)" "-"
114.119.152.0 - - [18/Jul/2026:01:46:12 -0400] "GET /shop/weapons/brasil/889274344213.shtml HTTP/1.1" 404 21594 revealmyway.com "https://www.revealmyway.com/sitemap-goods-4972.xml" "Mozilla/5.0 (Linux; Android 7.0;) AppleWebKit/537.36 (HTML, like Gecko) Mobile Safari/537.36 (compatible; PetalBot;+https://webmaster.petalsearch.com/site/petalbot)" "-"
74.7.241.0 - - [18/Jul/2026:01:46:18 -0400] "GET /?lokasie=/proc/irq/40//node&loknya=/proc/irq/40/ HTTP/1.1" 200 4026 coaches.revealmyway.com "https://coaches.revealmyway.com/?loknya=/proc/irq/40/" "Mozilla/5.0 AppleWebKit/537.36 (KHTML, like Gecko; compatible; GPTBot/1.4; +https://openai.com/gptbot)" "-"
2a03:2880:f800:: - - [18/Jul/2026:01:46:22 -0400] "GET /ja/shopping/pissed/891041365790 HTTP/1.1" 404 21594 revealmyway.com "-" "Mozilla/5.0 (Windows NT 10.0; Win64; x64) AppleWebKit/537.36 (KHTML, like Gecko) Chrome/145.0.0.0 Safari/537.36 (compatible; meta-externalagent/1.1 (+https://developers.facebook.com/docs/sharing/webmasters/crawler))" "-"
74.7.241.0 - - [18/Jul/2026:01:46:48 -0400] "GET /?loknya=/proc/irq/59 HTTP/1.1" 200 12576 coaches.revealmyway.com "https://coaches.revealmyway.com/?loknya=/proc/irq" "Mozilla/5.0 AppleWebKit/537.36 (KHTML, like Gecko; compatible; GPTBot/1.4; +https://openai.com/gptbot)" "-"
2a03:2880:f800:: - - [18/Jul/2026:01:47:08 -0400] "GET /ja/shopping/refuses/890678063674 HTTP/1.1" 404 21594 revealmyway.com "-" "Mozilla/5.0 (Windows NT 10.0; Win64; x64) AppleWebKit/537.36 (KHTML, like Gecko) Chrome/145.0.0.0 Safari/537.36 (compatible; meta-externalagent/1.1 (+https://developers.facebook.com/docs/sharing/webmasters/crawler))" "-"
74.7.241.0 - - [18/Jul/2026:01:47:14 -0400] "GET /?loknya=/proc/irq/67 HTTP/1.1" 200 12592 coaches.revealmyway.com "https://coaches.revealmyway.com/?loknya=/proc/irq" "Mozilla/5.0 AppleWebKit/537.36 (KHTML, like Gecko; compatible; GPTBot/1.4; +https://openai.com/gptbot)" "-"
114.119.139.0 - - [18/Jul/2026:01:47:33 -0400] "GET /shop/viewpicture/informing/890623541688.shtml HTTP/1.1" 301 - www.revealmyway.com "https://www.revealmyway.com/sitemap-goods-7571.xml" "Mozilla/5.0 (Linux; Android 7.0;) AppleWebKit/537.36 (HTML, like Gecko) Mobile Safari/537.36 (compatible; PetalBot;+https://webmaster.petalsearch.com/site/petalbot)" "-"
66.249.70.0 - - [18/Jul/2026:01:47:35 -0400] "GET /shop/learning/enters/88995486220.shtml HTTP/1.1" 301 - www.revealmyway.com "-" "Mozilla/5.0 (Linux; Android 6.0.1; Nexus 5X Build/MMB29P) AppleWebKit/537.36 (KHTML, like Gecko) Chrome/150.0.7871.124 Mobile Safari/537.36 (compatible; Googlebot/2.1; +http://www.google.com/bot.html)" "-"
114.119.139.0 - - [18/Jul/2026:01:47:35 -0400] "GET /shop/viewpicture/informing/890623541688.shtml HTTP/1.1" 404 21594 revealmyway.com "https://www.revealmyway.com/sitemap-goods-7571.xml" "Mozilla/5.0 (Linux; Android 7.0;) AppleWebKit/537.36 (HTML, like Gecko) Mobile Safari/537.36 (compatible; PetalBot;+https://webmaster.petalsearch.com/site/petalbot)" "-"
66.249.64.0 - - [18/Jul/2026:01:47:35 -0400] "GET /shop/learning/enters/88995486220.shtml HTTP/1.1" 404 21594 revealmyway.com "-" "Mozilla/5.0 (Linux; Android 6.0.1; Nexus 5X Build/MMB29P) AppleWebKit/537.36 (KHTML, like Gecko) Chrome/150.0.7871.124 Mobile Safari/537.36 (compatible; Googlebot/2.1; +http://www.google.com/bot.html)" "-"
74.7.241.0 - - [18/Jul/2026:01:47:37 -0400] "GET /?loknya=/proc/irq/36 HTTP/1.1" 200 12588 coaches.revealmyway.com "https://coaches.revealmyway.com/?loknya=/proc/irq" "Mozilla/5.0 AppleWebKit/537.36 (KHTML, like Gecko; compatible; GPTBot/1.4; +https://openai.com/gptbot)" "-"
2a03:2880:f800:: - - [18/Jul/2026:01:47:54 -0400] "GET /ja/shopping/mat/89069295723 HTTP/1.1" 404 21594 revealmyway.com "-" "Mozilla/5.0 (Macintosh; Intel Mac OS X 10_15_7) AppleWebKit/537.36 (KHTML, like Gecko) Chrome/145.0.0.0 Safari/537.36 (compatible; meta-externalagent/1.1 (+https://developers.facebook.com/docs/sharing/webmasters/crawler))" "-"
74.208.57.0 - - [18/Jul/2026:01:47:57 -0400] "POST /wp-cron.php?doing_wp_cron=1784353677.4697849750518798828125 HTTP/1.1" 200 41829 coaches.revealmyway.com "-" "WordPress/7.0.1; https://coaches.revealmyway.com" "-"
43.157.149.0 - - [18/Jul/2026:01:47:57 -0400] "GET /wp-admin/upgrade.php HTTP/1.1" 200 1393 coaches.revealmyway.com "-" "Mozilla/5.0 (iPhone; CPU iPhone OS 13_2_3 like Mac OS X) AppleWebKit/605.1.15 (KHTML, like Gecko) Version/13.0.3 Mobile/15E148 Safari/604.1" "-"
74.7.241.0 - - [18/Jul/2026:01:47:59 -0400] "GET /?loknya=/proc/irq/50/ HTTP/1.1" 200 12612 coaches.revealmyway.com "https://coaches.revealmyway.com/?loknya=/proc/irq/50/megasas0-msix24" "Mozilla/5.0 AppleWebKit/537.36 (KHTML, like Gecko; compatible; GPTBot/1.4; +https://openai.com/gptbot)" "-"
74.7.241.0 - - [18/Jul/2026:01:48:18 -0400] "GET /?loknya=/proc/irq/39 HTTP/1.1" 200 12588 coaches.revealmyway.com "https://coaches.revealmyway.com/?loknya=/proc/irq" "Mozilla/5.0 AppleWebKit/537.36 (KHTML, like Gecko; compatible; GPTBot/1.4; +https://openai.com/gptbot)" "-"
74.7.241.0 - - [18/Jul/2026:01:48:36 -0400] "GET /?loknya=/proc/irq/76 HTTP/1.1" 200 12596 coaches.revealmyway.com "https://coaches.revealmyway.com/?loknya=/proc/irq" "Mozilla/5.0 AppleWebKit/537.36 (KHTML, like Gecko; compatible; GPTBot/1.4; +https://openai.com/gptbot)" "-"
2a03:2880:f800:: - - [18/Jul/2026:01:48:41 -0400] "GET /uptown-pokies-casino-no-deposit-bonus-sign-up-australia/ HTTP/1.1" 200 41832 coaches.revealmyway.com "-" "Mozilla/5.0 (Macintosh; Intel Mac OS X 10_15_7) AppleWebKit/537.36 (KHTML, like Gecko) Chrome/145.0.0.0 Safari/537.36 (compatible; meta-externalagent/1.1 (+https://developers.facebook.com/docs/sharing/webmasters/crawler))" "-"
74.7.241.0 - - [18/Jul/2026:01:48:52 -0400] "GET /?loknya=/proc/irq/56 HTTP/1.1" 200 12588 coaches.revealmyway.com "https://coaches.revealmyway.com/?loknya=/proc/irq" "Mozilla/5.0 AppleWebKit/537.36 (KHTML, like Gecko; compatible; GPTBot/1.4; +https://openai.com/gptbot)" "-"
114.119.159.0 - - [18/Jul/2026:01:48:57 -0400] "GET /shop/vacant/retardation/890537355491.shtml HTTP/1.1" 301 - www.revealmyway.com "https://www.revealmyway.com/sitemap-goods-7505.xml" "Mozilla/5.0 (Linux; Android 7.0;) AppleWebKit/537.36 (HTML, like Gecko) Mobile Safari/537.36 (compatible; PetalBot;+https://webmaster.petalsearch.com/site/petalbot)" "-"
114.119.159.0 - - [18/Jul/2026:01:48:59 -0400] "GET /shop/vacant/retardation/890537355491.shtml HTTP/1.1" 404 21594 revealmyway.com "https://www.revealmyway.com/sitemap-goods-7505.xml" "Mozilla/5.0 (Linux; Android 7.0;) AppleWebKit/537.36 (HTML, like Gecko) Mobile Safari/537.36 (compatible; PetalBot;+https://webmaster.petalsearch.com/site/petalbot)" "-"
66.249.64.0 - - [18/Jul/2026:01:49:07 -0400] "GET /?shop/stones891011297855.shtml HTTP/1.1" 301 - revealmyway.com "-" "Mozilla/5.0 (Linux; Android 6.0.1; Nexus 5X Build/MMB29P) AppleWebKit/537.36 (KHTML, like Gecko) Chrome/150.0.7871.124 Mobile Safari/537.36 (compatible; Googlebot/2.1; +http://www.google.com/bot.html)" "-"
66.249.64.0 - - [18/Jul/2026:01:49:07 -0400] "GET /?shop%2Fstones891011297855_shtml HTTP/1.1" 200 27217 revealmyway.com "-" "Mozilla/5.0 (Linux; Android 6.0.1; Nexus 5X Build/MMB29P) AppleWebKit/537.36 (KHTML, like Gecko) Chrome/150.0.7871.124 Mobile Safari/537.36 (compatible; Googlebot/2.1; +http://www.google.com/bot.html)" "-"
74.7.241.0 - - [18/Jul/2026:01:49:07 -0400] "GET /?lokasie=/proc/irq/43//node&loknya=/proc/irq/43/ HTTP/1.1" 200 4026 coaches.revealmyway.com "https://coaches.revealmyway.com/?loknya=/proc/irq/43/" "Mozilla/5.0 AppleWebKit/537.36 (KHTML, like Gecko; compatible; GPTBot/1.4; +https://openai.com/gptbot)" "-"
17.246.15.0 - - [18/Jul/2026:01:49:13 -0400] "GET /slot-sites-free-spins-australia/ HTTP/1.1" 200 41827 coaches.revealmyway.com "-" "Mozilla/5.0 (Macintosh; Intel Mac OS X 10_15_7) AppleWebKit/605.1.15 (KHTML, like Gecko) Version/17.4 Safari/605.1.15 (Applebot/0.1; +http://www.apple.com/go/applebot)" "-"
74.7.241.0 - - [18/Jul/2026:01:49:20 -0400] "GET /?loknya=/proc/irq/27 HTTP/1.1" 200 12584 coaches.revealmyway.com "https://coaches.revealmyway.com/?loknya=/proc/irq" "Mozilla/5.0 AppleWebKit/537.36 (KHTML, like Gecko; compatible; GPTBot/1.4; +https://openai.com/gptbot)" "-"
74.208.57.0 - - [18/Jul/2026:01:49:27 -0400] "POST /wp-cron.php?doing_wp_cron=1784353767.9310419559478759765625 HTTP/1.1" 200 - revealmyway.com "-" "WordPress/7.0; https://revealmyway.com" "-"
2a03:2880:f800:: - - [18/Jul/2026:01:49:27 -0400] "GET /ja/shopping/song/89112730739 HTTP/1.1" 404 21594 revealmyway.com "-" "Mozilla/5.0 (Windows NT 10.0; Win64; x64) AppleWebKit/537.36 (KHTML, like Gecko) Chrome/145.0.0.0 Safari/537.36 (compatible; meta-externalagent/1.1 (+https://developers.facebook.com/docs/sharing/webmasters/crawler))" "-"
74.7.241.0 - - [18/Jul/2026:01:49:32 -0400] "GET /?loknya=/proc/irq/69 HTTP/1.1" 200 12592 coaches.revealmyway.com "https://coaches.revealmyway.com/?loknya=/proc/irq" "Mozilla/5.0 AppleWebKit/537.36 (KHTML, like Gecko; compatible; GPTBot/1.4; +https://openai.com/gptbot)" "-"
141.94.94.0 - - [18/Jul/2026:01:49:38 -0400] "GET /independent-consulting-opportunities?lokasie=/homepages/7/d147067425/htdocs/clickandbuilds/WordPress/MyCMS-backup/wp-includes/class-wp-theme.php&loknya=/homepages/7/d147067425/htdocs/clickandbuilds/WordPress/MyCMS-backup/wp-includes HTTP/1.1" 200 78416 coaches.revealmyway.com "-" "Mozilla/5.0 (Windows NT 10.0; Win64; x64) AppleWebKit/537.36 (KHTML, like Gecko) Chrome/148.0.0.0 Safari/537.36" "-"
141.94.94.0 - - [18/Jul/2026:01:49:38 -0400] "GET /independent-consulting-opportunities?lokasie=/homepages/7/d147067425/htdocs/clickandbuilds/WordPress/MyCMS-backup/wp-includes/class-wp-term-query.php&loknya=/homepages/7/d147067425/htdocs/clickandbuilds/WordPress/MyCMS-backup/wp-includes HTTP/1.1" 200 51211 coaches.revealmyway.com "-" "Mozilla/5.0 (Windows NT 10.0; Win64; x64) AppleWebKit/537.36 (KHTML, like Gecko) Chrome/148.0.0.0 Safari/537.36" "-"
2001:41d0:300:: - - [18/Jul/2026:01:49:40 -0400] "GET /index.php?loknya=/homepages/7/d147067425/htdocs HTTP/1.1" 200 72160 coaches.revealmyway.com "-" "Mozilla/5.0 (Windows NT 10.0; Win64; x64) AppleWebKit/537.36 (KHTML, like Gecko) Chrome/148.0.0.0 Safari/537.36" "-"
74.7.241.0 - - [18/Jul/2026:01:49:42 -0400] "GET /?loknya=/proc/irq/86 HTTP/1.1" 429 267 coaches.revealmyway.com "https://coaches.revealmyway.com/?loknya=/proc/irq" "Mozilla/5.0 AppleWebKit/537.36 (KHTML, like Gecko; compatible; GPTBot/1.4; +https://openai.com/gptbot)" "-"
74.7.241.0 - - [18/Jul/2026:01:49:51 -0400] "GET /?lokasie=/proc/irq/59/node&loknya=/proc/irq/59 HTTP/1.1" 429 267 coaches.revealmyway.com "https://coaches.revealmyway.com/?loknya=/proc/irq/59" "Mozilla/5.0 AppleWebKit/537.36 (KHTML, like Gecko; compatible; GPTBot/1.4; +https://openai.com/gptbot)" "-"
2a03:2880:f800:: - - [18/Jul/2026:01:49:59 -0400] "GET /ja/shopping/ashland/89115562465 HTTP/1.1" 301 - www.revealmyway.com "-" "Mozilla/5.0 (Windows NT 10.0; Win64; x64) AppleWebKit/537.36 (KHTML, like Gecko) Chrome/145.0.0.0 Safari/537.36 (compatible; meta-externalagent/1.1 (+https://developers.facebook.com/docs/sharing/webmasters/crawler))" "-"
114.119.154.0 - - [18/Jul/2026:01:50:21 -0400] "GET /shop/unabridged/detect/88985163668.shtml HTTP/1.1" 301 - www.revealmyway.com "https://www.revealmyway.com/sitemap-goods-3871.xml" "Mozilla/5.0 (Linux; Android 7.0;) AppleWebKit/537.36 (HTML, like Gecko) Mobile Safari/537.36 (compatible; PetalBot;+https://webmaster.petalsearch.com/site/petalbot)" "-"
74.7.241.0 - - [18/Jul/2026:01:50:21 -0400] "GET /?lokasie=/proc/irq/67/node&loknya=/proc/irq/67 HTTP/1.1" 429 267 coaches.revealmyway.com "https://coaches.revealmyway.com/?loknya=/proc/irq/67" "Mozilla/5.0 AppleWebKit/537.36 (KHTML, like Gecko; compatible; GPTBot/1.4; +https://openai.com/gptbot)" "-"
114.119.154.0 - - [18/Jul/2026:01:50:23 -0400] "GET /shop/unabridged/detect/88985163668.shtml HTTP/1.1" 404 21594 revealmyway.com "https://www.revealmyway.com/sitemap-goods-3871.xml" "Mozilla/5.0 (Linux; Android 7.0;) AppleWebKit/537.36 (HTML, like Gecko) Mobile Safari/537.36 (compatible; PetalBot;+https://webmaster.petalsearch.com/site/petalbot)" "-"
2a03:2880:f800:: - - [18/Jul/2026:01:50:30 -0400] "GET /wp-includes/revisions.php?ja/shopping/nudist/89027077293 HTTP/1.1" 403 1271 www.revealmyway.com "-" "Mozilla/5.0 (Windows NT 10.0; Win64; x64) AppleWebKit/537.36 (KHTML, like Gecko) Chrome/145.0.0.0 Safari/537.36 (compatible; meta-externalagent/1.1 (+https://developers.facebook.com/docs/sharing/webmasters/crawler))" "-"
142.44.228.0 - - [18/Jul/2026:01:50:43 -0400] "GET /wp-sitemap.xml HTTP/1.1" 200 537 revealmyway.com "-" "Mozilla/5.0 (compatible; AhrefsBot/7.0; +http://ahrefs.com/robot/)" "-"
142.44.228.0 - - [18/Jul/2026:01:50:45 -0400] "GET /wp-sitemap-posts-post-1.xml HTTP/1.1" 200 307 revealmyway.com "-" "Mozilla/5.0 (compatible; AhrefsBot/7.0; +http://ahrefs.com/robot/)" "-"
167.114.139.0 - - [18/Jul/2026:01:50:47 -0400] "GET /wp-sitemap-posts-page-1.xml HTTP/1.1" 200 281 revealmyway.com "-" "Mozilla/5.0 (compatible; AhrefsBot/7.0; +http://ahrefs.com/robot/)" "-"
148.113.128.0 - - [18/Jul/2026:01:50:48 -0400] "GET /wp-sitemap-taxonomies-category-1.xml HTTP/1.1" 200 260 revealmyway.com "-" "Mozilla/5.0 (compatible; AhrefsBot/7.0; +http://ahrefs.com/robot/)" "-"
167.114.139.0 - - [18/Jul/2026:01:50:51 -0400] "GET /wp-sitemap-users-1.xml HTTP/1.1" 200 250 revealmyway.com "-" "Mozilla/5.0 (compatible; AhrefsBot/7.0; +http://ahrefs.com/robot/)" "-"
2a03:2880:f800:: - - [18/Jul/2026:01:50:58 -0400] "GET /ja/shopping/croydon/890846047765 HTTP/1.1" 404 21594 revealmyway.com "-" "Mozilla/5.0 (Windows NT 10.0; Win64; x64) AppleWebKit/537.36 (KHTML, like Gecko) Chrome/145.0.0.0 Safari/537.36 (compatible; meta-externalagent/1.1 (+https://developers.facebook.com/docs/sharing/webmasters/crawler))" "-"
74.7.241.0 - - [18/Jul/2026:01:51:22 -0400] "GET /?loknya=/proc/irq/36/megasas0-msix10 HTTP/1.1" 200 5211 coaches.revealmyway.com "https://coaches.revealmyway.com/?loknya=/proc/irq/36" "Mozilla/5.0 AppleWebKit/537.36 (KHTML, like Gecko; compatible; GPTBot/1.4; +https://openai.com/gptbot)" "-"
2a03:2880:f800:: - - [18/Jul/2026:01:51:25 -0400] "GET /wp-includes/revisions.php?ja/shopping/matched/89058717162 HTTP/1.1" 403 1271 www.revealmyway.com "-" "Mozilla/5.0 (Windows NT 10.0; Win64; x64) AppleWebKit/537.36 (KHTML, like Gecko) Chrome/145.0.0.0 Safari/537.36 Edg/145.0.0.0 (compatible; meta-externalagent/1.1 (+https://developers.facebook.com/docs/sharing/webmasters/crawler))" "-"
114.119.139.0 - - [18/Jul/2026:01:51:44 -0400] "GET /shop/twentieth/beginning/8889941058.shtml HTTP/1.1" 301 - www.revealmyway.com "https://www.revealmyway.com/sitemap-goods-4306.xml" "Mozilla/5.0 (Linux; Android 7.0;) AppleWebKit/537.36 (HTML, like Gecko) Mobile Safari/537.36 (compatible; PetalBot;+https://webmaster.petalsearch.com/site/petalbot)" "-"
114.119.139.0 - - [18/Jul/2026:01:51:45 -0400] "GET /shop/twentieth/beginning/8889941058.shtml HTTP/1.1" 404 21594 revealmyway.com "https://www.revealmyway.com/sitemap-goods-4306.xml" "Mozilla/5.0 (Linux; Android 7.0;) AppleWebKit/537.36 (HTML, like Gecko) Mobile Safari/537.36 (compatible; PetalBot;+https://webmaster.petalsearch.com/site/petalbot)" "-"
17.22.253.0 - - [18/Jul/2026:01:51:49 -0400] "GET /android-gambling-apps-australia/ HTTP/1.1" 200 41827 coaches.revealmyway.com "-" "Mozilla/5.0 (Macintosh; Intel Mac OS X 10_15_7) AppleWebKit/605.1.15 (KHTML, like Gecko) Version/17.4 Safari/605.1.15 (Applebot/0.1; +http://www.apple.com/go/applebot)" "-"
2a03:2880:f800:: - - [18/Jul/2026:01:51:53 -0400] "GET /wp-includes/revisions.php?ja/shopping/mm/890310670672 HTTP/1.1" 403 1271 www.revealmyway.com "-" "Mozilla/5.0 (Windows NT 10.0; Win64; x64) AppleWebKit/537.36 (KHTML, like Gecko) Chrome/145.0.0.0 Safari/537.36 Edg/145.0.0.0 (compatible; meta-externalagent/1.1 (+https://developers.facebook.com/docs/sharing/webmasters/crawler))" "-"
2a03:2880:f800:: - - [18/Jul/2026:01:52:20 -0400] "GET /ja/shopping/abbreviation/890778888894 HTTP/1.1" 404 21594 revealmyway.com "-" "Mozilla/5.0 (X11; Linux x86_64) AppleWebKit/537.36 (KHTML, like Gecko) Chrome/145.0.0.0 Safari/537.36 (compatible; meta-externalagent/1.1 (+https://developers.facebook.com/docs/sharing/webmasters/crawler))" "-"
74.7.241.0 - - [18/Jul/2026:01:52:23 -0400] "GET /?lokasie=/proc/irq/50//node&loknya=/proc/irq/50/ HTTP/1.1" 200 4026 coaches.revealmyway.com "https://coaches.revealmyway.com/?loknya=/proc/irq/50/" "Mozilla/5.0 AppleWebKit/537.36 (KHTML, like Gecko; compatible; GPTBot/1.4; +https://openai.com/gptbot)" "-"
2a03:2880:f800:: - - [18/Jul/2026:01:52:48 -0400] "GET /ja/shopping/theft/89105094270 HTTP/1.1" 301 - www.revealmyway.com "-" "Mozilla/5.0 (Windows NT 10.0; Win64; x64) AppleWebKit/537.36 (KHTML, like Gecko) Chrome/145.0.0.0 Safari/537.36 (compatible; meta-externalagent/1.1 (+https://developers.facebook.com/docs/sharing/webmasters/crawler))" "-"
114.119.152.0 - - [18/Jul/2026:01:53:07 -0400] "GET /shop/tumors/lot/89079814363.shtml HTTP/1.1" 301 - www.revealmyway.com "https://www.revealmyway.com/sitemap-goods-7672.xml" "Mozilla/5.0 (Linux; Android 7.0;) AppleWebKit/537.36 (HTML, like Gecko) Mobile Safari/537.36 (compatible; PetalBot;+https://webmaster.petalsearch.com/site/petalbot)" "-"
114.119.152.0 - - [18/Jul/2026:01:53:08 -0400] "GET /shop/tumors/lot/89079814363.shtml HTTP/1.1" 404 21594 revealmyway.com "https://www.revealmyway.com/sitemap-goods-7672.xml" "Mozilla/5.0 (Linux; Android 7.0;) AppleWebKit/537.36 (HTML, like Gecko) Mobile Safari/537.36 (compatible; PetalBot;+https://webmaster.petalsearch.com/site/petalbot)" "-"
2a03:2880:f800:: - - [18/Jul/2026:01:53:15 -0400] "GET /wp-includes/revisions.php?ja/shopping/benny/89026864857 HTTP/1.1" 403 1271 www.revealmyway.com "-" "Mozilla/5.0 (Windows NT 10.0; Win64; x64) AppleWebKit/537.36 (KHTML, like Gecko) Chrome/145.0.0.0 Safari/537.36 (compatible; meta-externalagent/1.1 (+https://developers.facebook.com/docs/sharing/webmasters/crawler))" "-"
74.7.241.0 - - [18/Jul/2026:01:53:19 -0400] "GET /?loknya=/proc/irq/39/megasas0-msix13 HTTP/1.1" 200 5211 coaches.revealmyway.com "https://coaches.revealmyway.com/?loknya=/proc/irq/39" "Mozilla/5.0 AppleWebKit/537.36 (KHTML, like Gecko; compatible; GPTBot/1.4; +https://openai.com/gptbot)" "-"
17.246.23.0 - - [18/Jul/2026:01:53:38 -0400] "GET /casino-with-no-deposit-gaming-developers/ HTTP/1.1" 200 41827 coaches.revealmyway.com "-" "Mozilla/5.0 (Macintosh; Intel Mac OS X 10_15_7) AppleWebKit/605.1.15 (KHTML, like Gecko) Version/17.4 Safari/605.1.15 (Applebot/0.1; +http://www.apple.com/go/applebot)" "-"
2a03:2880:f800:: - - [18/Jul/2026:01:53:39 -0400] "GET /wp-includes/revisions.php?ja/shopping/feedback/89037749635 HTTP/1.1" 403 1271 www.revealmyway.com "-" "Mozilla/5.0 (Windows NT 10.0; Win64; x64) AppleWebKit/537.36 (KHTML, like Gecko) Chrome/145.0.0.0 Safari/537.36 (compatible; meta-externalagent/1.1 (+https://developers.facebook.com/docs/sharing/webmasters/crawler))" "-"
17.241.219.0 - - [18/Jul/2026:01:53:55 -0400] "GET /best-online-keno-live-dealer/ HTTP/1.1" 200 41828 coaches.revealmyway.com "-" "Mozilla/5.0 (Macintosh; Intel Mac OS X 10_15_7) AppleWebKit/605.1.15 (KHTML, like Gecko) Version/17.4 Safari/605.1.15 (Applebot/0.1; +http://www.apple.com/go/applebot)" "-"
2a03:2880:f800:: - - [18/Jul/2026:01:54:03 -0400] "GET /ja/shopping/improve/89073750844 HTTP/1.1" 404 21594 revealmyway.com "-" "Mozilla/5.0 (Windows NT 10.0; Win64; x64) AppleWebKit/537.36 (KHTML, like Gecko) Chrome/145.0.0.0 Safari/537.36 Edg/145.0.0.0 (compatible; meta-externalagent/1.1 (+https://developers.facebook.com/docs/sharing/webmasters/crawler))" "-"
74.7.241.0 - - [18/Jul/2026:01:54:08 -0400] "GET /?lokasie=/proc/irq/39/node&loknya=/proc/irq/39 HTTP/1.1" 200 4025 coaches.revealmyway.com "https://coaches.revealmyway.com/?loknya=/proc/irq/39" "Mozilla/5.0 AppleWebKit/537.36 (KHTML, like Gecko; compatible; GPTBot/1.4; +https://openai.com/gptbot)" "-"
2a03:2880:f800:: - - [18/Jul/2026:01:54:27 -0400] "GET /ja/shopping/authoritative/89073625419 HTTP/1.1" 404 21594 revealmyway.com "-" "Mozilla/5.0 (Windows NT 10.0; Win64; x64) AppleWebKit/537.36 (KHTML, like Gecko) Chrome/144.0.0.0 Safari/537.36 Edg/144.0.0.0 (compatible; meta-externalagent/1.1 (+https://developers.facebook.com/docs/sharing/webmasters/crawler))" "-"
52.167.144.0 - - [18/Jul/2026:01:54:50 -0400] "GET /shop/farms/bastard/89006291251.shtml HTTP/1.1" 301 - www.revealmyway.com "-" "Mozilla/5.0 AppleWebKit/537.36 (KHTML, like Gecko; compatible; bingbot/2.0; +http://www.bing.com/bingbot.htm) Chrome/116.0.1938.76 Safari/537.36" "-"
114.119.158.0 - - [18/Jul/2026:01:54:51 -0400] "GET /shop/trusts/slack/89037892647.shtml HTTP/1.1" 301 - www.revealmyway.com "https://www.revealmyway.com/sitemap-goods-4528.xml" "Mozilla/5.0 (Linux; Android 7.0;) AppleWebKit/537.36 (HTML, like Gecko) Mobile Safari/537.36 (compatible; PetalBot;+https://webmaster.petalsearch.com/site/petalbot)" "-"
