17.22.245.0 - - [18/Jul/2026:07:03:22 -0400] "GET /wp-content/plugins/add-to-any/addtoany.min.css?ver=1.16 HTTP/1.1" 200 1604 info.revealmyway.com "http://info.revealmyway.com/online-casino/canada-accepted-no-deposit-casinos.html" "Mozilla/5.0 (Macintosh; Intel Mac OS X 10_15_7) AppleWebKit/605.1.15 (KHTML, like Gecko) Version/17.4 Safari/605.1.15 (Applebot/0.1; +http://www.apple.com/go/applebot)" "-"
17.22.245.0 - - [18/Jul/2026:07:03:23 -0400] "GET /wp-includes/js/jquery/jquery-migrate.min.js?ver=3.4.1 HTTP/1.1" 200 13577 info.revealmyway.com "http://info.revealmyway.com/online-casino/canada-accepted-no-deposit-casinos.html" "Mozilla/5.0 (Macintosh; Intel Mac OS X 10_15_7) AppleWebKit/605.1.15 (KHTML, like Gecko) Version/17.4 Safari/605.1.15 (Applebot/0.1; +http://www.apple.com/go/applebot)" "-"
17.22.245.0 - - [18/Jul/2026:07:03:25 -0400] "GET /wp-content/plugins/add-to-any/addtoany.min.js?ver=1.1 HTTP/1.1" 200 129 info.revealmyway.com "http://info.revealmyway.com/online-casino/canada-accepted-no-deposit-casinos.html" "Mozilla/5.0 (Macintosh; Intel Mac OS X 10_15_7) AppleWebKit/605.1.15 (KHTML, like Gecko) Version/17.4 Safari/605.1.15 (Applebot/0.1; +http://www.apple.com/go/applebot)" "-"
17.22.245.0 - - [18/Jul/2026:07:03:26 -0400] "GET /wp-content/et-cache/global/et-divi-customizer-global.min.css?ver=1782065899 HTTP/1.1" 200 3862 info.revealmyway.com "http://info.revealmyway.com/online-casino/canada-accepted-no-deposit-casinos.html" "Mozilla/5.0 (Macintosh; Intel Mac OS X 10_15_7) AppleWebKit/605.1.15 (KHTML, like Gecko) Version/17.4 Safari/605.1.15 (Applebot/0.1; +http://www.apple.com/go/applebot)" "-"
17.22.245.0 - - [18/Jul/2026:07:03:28 -0400] "GET /wp-includes/js/jquery/jquery.min.js?ver=3.7.1 HTTP/1.1" 200 87553 info.revealmyway.com "http://info.revealmyway.com/online-casino/canada-accepted-no-deposit-casinos.html" "Mozilla/5.0 (Macintosh; Intel Mac OS X 10_15_7) AppleWebKit/605.1.15 (KHTML, like Gecko) Version/17.4 Safari/605.1.15 (Applebot/0.1; +http://www.apple.com/go/applebot)" "-"
17.22.245.0 - - [18/Jul/2026:07:03:29 -0400] "GET /wp-content/plugins/listingpro-lead-form/assets/js/moment.js?ver=7.0.1 HTTP/1.1" 200 138945 info.revealmyway.com "http://info.revealmyway.com/online-casino/canada-accepted-no-deposit-casinos.html" "Mozilla/5.0 (Macintosh; Intel Mac OS X 10_15_7) AppleWebKit/605.1.15 (KHTML, like Gecko) Version/17.4 Safari/605.1.15 (Applebot/0.1; +http://www.apple.com/go/applebot)" "-"
17.22.245.0 - - [18/Jul/2026:07:03:31 -0400] "GET /wp-content/plugins//listingpro-lead-form/assets/css/bootstrap-datetimepicker.min.css?ver=7.0.1 HTTP/1.1" 200 7775 info.revealmyway.com "http://info.revealmyway.com/online-casino/canada-accepted-no-deposit-casinos.html" "Mozilla/5.0 (Macintosh; Intel Mac OS X 10_15_7) AppleWebKit/605.1.15 (KHTML, like Gecko) Version/17.4 Safari/605.1.15 (Applebot/0.1; +http://www.apple.com/go/applebot)" "-"
17.22.245.0 - - [18/Jul/2026:07:03:32 -0400] "GET /wp-content/plugins/listingpro-lead-form/assets/js/bootstrap-datetimepicker.min.js?ver=7.0.1 HTTP/1.1" 200 37963 info.revealmyway.com "http://info.revealmyway.com/online-casino/canada-accepted-no-deposit-casinos.html" "Mozilla/5.0 (Macintosh; Intel Mac OS X 10_15_7) AppleWebKit/605.1.15 (KHTML, like Gecko) Version/17.4 Safari/605.1.15 (Applebot/0.1; +http://www.apple.com/go/applebot)" "-"
2a03:2880:f800:: - - [18/Jul/2026:07:03:34 -0400] "GET /ja/shopping/jon/890855493819 HTTP/1.1" 404 21594 revealmyway.com "-" "Mozilla/5.0 (Windows NT 10.0; Win64; x64) AppleWebKit/537.36 (KHTML, like Gecko) Chrome/145.0.0.0 Safari/537.36 (compatible; meta-externalagent/1.1 (+https://developers.facebook.com/docs/sharing/webmasters/crawler))" "-"
17.22.245.0 - - [18/Jul/2026:07:03:34 -0400] "GET /wp-content/themes/Divi/js/scripts.min.js?ver=4.14.7 HTTP/1.1" 200 272873 info.revealmyway.com "http://info.revealmyway.com/online-casino/canada-accepted-no-deposit-casinos.html" "Mozilla/5.0 (Macintosh; Intel Mac OS X 10_15_7) AppleWebKit/605.1.15 (KHTML, like Gecko) Version/17.4 Safari/605.1.15 (Applebot/0.1; +http://www.apple.com/go/applebot)" "-"
17.22.245.0 - - [18/Jul/2026:07:03:35 -0400] "GET /wp-content/themes/Divi/includes/builder/feature/dynamic-assets/assets/js/jquery.fitvids.js?ver=4.14.7 HTTP/1.1" 200 3349 info.revealmyway.com "http://info.revealmyway.com/online-casino/canada-accepted-no-deposit-casinos.html" "Mozilla/5.0 (Macintosh; Intel Mac OS X 10_15_7) AppleWebKit/605.1.15 (KHTML, like Gecko) Version/17.4 Safari/605.1.15 (Applebot/0.1; +http://www.apple.com/go/applebot)" "-"
17.22.245.0 - - [18/Jul/2026:07:03:37 -0400] "GET /wp-content/themes/Divi/core/admin/js/common.js?ver=4.14.7 HTTP/1.1" 200 1343 info.revealmyway.com "http://info.revealmyway.com/online-casino/canada-accepted-no-deposit-casinos.html" "Mozilla/5.0 (Macintosh; Intel Mac OS X 10_15_7) AppleWebKit/605.1.15 (KHTML, like Gecko) Version/17.4 Safari/605.1.15 (Applebot/0.1; +http://www.apple.com/go/applebot)" "-"
2a03:2880:f800:: - - [18/Jul/2026:07:03:50 -0400] "GET /ja/shopping/fund/89105430715 HTTP/1.1" 404 21594 revealmyway.com "-" "Mozilla/5.0 (Windows NT 10.0; Win64; x64) AppleWebKit/537.36 (KHTML, like Gecko) Chrome/145.0.0.0 Safari/537.36 (compatible; meta-externalagent/1.1 (+https://developers.facebook.com/docs/sharing/webmasters/crawler))" "-"
114.119.145.0 - - [18/Jul/2026:07:03:51 -0400] "GET /shop/countdown/despite/890910535957.shtml HTTP/1.1" 301 - www.revealmyway.com "https://www.revealmyway.com/sitemap-goods-6526.xml" "Mozilla/5.0 (Linux; Android 7.0;) AppleWebKit/537.36 (HTML, like Gecko) Mobile Safari/537.36 (compatible; PetalBot;+https://webmaster.petalsearch.com/site/petalbot)" "-"
114.119.145.0 - - [18/Jul/2026:07:03:53 -0400] "GET /shop/countdown/despite/890910535957.shtml HTTP/1.1" 404 21594 revealmyway.com "https://www.revealmyway.com/sitemap-goods-6526.xml" "Mozilla/5.0 (Linux; Android 7.0;) AppleWebKit/537.36 (HTML, like Gecko) Mobile Safari/537.36 (compatible; PetalBot;+https://webmaster.petalsearch.com/site/petalbot)" "-"
74.7.241.0 - - [18/Jul/2026:07:04:04 -0400] "GET /?lokasie=/bin/zeisstopnm&loknya=/bin HTTP/1.1" 200 20016 coaches.revealmyway.com "https://coaches.revealmyway.com/?loknya=/bin" "Mozilla/5.0 AppleWebKit/537.36 (KHTML, like Gecko; compatible; GPTBot/1.4; +https://openai.com/gptbot)" "-"
2a03:2880:f800:: - - [18/Jul/2026:07:04:06 -0400] "GET /ja/shopping/devised/890870248927 HTTP/1.1" 404 21594 revealmyway.com "-" "Mozilla/5.0 (Macintosh; Intel Mac OS X 10_15_7) AppleWebKit/537.36 (KHTML, like Gecko) Chrome/145.0.0.0 Safari/537.36 (compatible; meta-externalagent/1.1 (+https://developers.facebook.com/docs/sharing/webmasters/crawler))" "-"
2a03:2880:f800:: - - [18/Jul/2026:07:04:22 -0400] "GET /ja/shopping/councillors/890739706893 HTTP/1.1" 404 21594 revealmyway.com "-" "Mozilla/5.0 (Macintosh; Intel Mac OS X 10_15_7) AppleWebKit/537.36 (KHTML, like Gecko) Chrome/145.0.0.0 Safari/537.36 (compatible; meta-externalagent/1.1 (+https://developers.facebook.com/docs/sharing/webmasters/crawler))" "-"
43.153.58.0 - - [18/Jul/2026:07:04:23 -0400] "GET /?lokasie=/homepages/7/d148901459/.created&loknya=/homepages/7/d148901459 HTTP/1.1" 200 4081 coaches.revealmyway.com "-" "Mozilla/5.0 (iPhone; CPU iPhone OS 13_2_3 like Mac OS X) AppleWebKit/605.1.15 (KHTML, like Gecko) Version/13.0.3 Mobile/15E148 Safari/604.1" "-"
2a03:2880:f800:: - - [18/Jul/2026:07:04:38 -0400] "GET /ja/shopping/presence/89073912299 HTTP/1.1" 404 21594 revealmyway.com "-" "Mozilla/5.0 (X11; Linux x86_64) AppleWebKit/537.36 (KHTML, like Gecko) Chrome/145.0.0.0 Safari/537.36 (compatible; meta-externalagent/1.1 (+https://developers.facebook.com/docs/sharing/webmasters/crawler))" "-"
74.7.241.0 - - [18/Jul/2026:07:04:46 -0400] "GET /?lokasie=/bin/uncompress&loknya=/bin HTTP/1.1" 200 6378 coaches.revealmyway.com "https://coaches.revealmyway.com/?loknya=/bin" "Mozilla/5.0 AppleWebKit/537.36 (KHTML, like Gecko; compatible; GPTBot/1.4; +https://openai.com/gptbot)" "-"
2a03:2880:f800:: - - [18/Jul/2026:07:04:57 -0400] "GET /ja/shopping/jump/890870311377 HTTP/1.1" 404 21594 revealmyway.com "-" "Mozilla/5.0 (Windows NT 10.0; Win64; x64) AppleWebKit/537.36 (KHTML, like Gecko) Chrome/145.0.0.0 Safari/537.36 (compatible; meta-externalagent/1.1 (+https://developers.facebook.com/docs/sharing/webmasters/crawler))" "-"
43.130.100.0 - - [18/Jul/2026:07:05:08 -0400] "GET /?loknya=/homepages/7/d148962042/.oneclick HTTP/1.1" 200 5264 coaches.revealmyway.com "-" "Mozilla/5.0 (iPhone; CPU iPhone OS 13_2_3 like Mac OS X) AppleWebKit/605.1.15 (KHTML, like Gecko) Version/13.0.3 Mobile/15E148 Safari/604.1" "-"
94.59.13.0 - - [18/Jul/2026:07:05:09 -0400] "GET /wp-sitemap-posts-page-1.xml HTTP/1.1" 200 2241 info.revealmyway.com "-" "Mozilla/5.0 (Windows NT 10.0; Win64; x64) AppleWebKit/537.36 (KHTML, like Gecko) Chrome/133.0.6943.53 Safari/537.36" "-"
2a03:2880:f800:: - - [18/Jul/2026:07:05:11 -0400] "GET /ja/shopping/worldwide/89115630839 HTTP/1.1" 404 21594 revealmyway.com "-" "Mozilla/5.0 (Macintosh; Intel Mac OS X 10_15_7) AppleWebKit/537.36 (KHTML, like Gecko) Chrome/145.0.0.0 Safari/537.36 (compatible; meta-externalagent/1.1 (+https://developers.facebook.com/docs/sharing/webmasters/crawler))" "-"
114.119.139.0 - - [18/Jul/2026:07:05:15 -0400] "GET /shop/count/sins/88953848628.shtml HTTP/1.1" 301 - www.revealmyway.com "https://www.revealmyway.com/sitemap-goods-7653.xml" "Mozilla/5.0 (Linux; Android 7.0;) AppleWebKit/537.36 (HTML, like Gecko) Mobile Safari/537.36 (compatible; PetalBot;+https://webmaster.petalsearch.com/site/petalbot)" "-"
114.119.139.0 - - [18/Jul/2026:07:05:16 -0400] "GET /shop/count/sins/88953848628.shtml HTTP/1.1" 404 21594 revealmyway.com "https://www.revealmyway.com/sitemap-goods-7653.xml" "Mozilla/5.0 (Linux; Android 7.0;) AppleWebKit/537.36 (HTML, like Gecko) Mobile Safari/537.36 (compatible; PetalBot;+https://webmaster.petalsearch.com/site/petalbot)" "-"
74.7.241.0 - - [18/Jul/2026:07:05:23 -0400] "GET /?lokasie=/bin/rotatelogs&loknya=/bin HTTP/1.1" 200 35931 coaches.revealmyway.com "https://coaches.revealmyway.com/?loknya=/bin" "Mozilla/5.0 AppleWebKit/537.36 (KHTML, like Gecko; compatible; GPTBot/1.4; +https://openai.com/gptbot)" "-"
2a03:2880:f800:: - - [18/Jul/2026:07:05:25 -0400] "GET /ja/shopping/outlet/89094712963 HTTP/1.1" 404 21594 revealmyway.com "-" "Mozilla/5.0 (Windows NT 10.0; Win64; x64) AppleWebKit/537.36 (KHTML, like Gecko) Chrome/145.0.0.0 Safari/537.36 (compatible; meta-externalagent/1.1 (+https://developers.facebook.com/docs/sharing/webmasters/crawler))" "-"
41.76.213.0 - - [18/Jul/2026:07:05:28 -0400] "GET /wp-login.php HTTP/1.1" 200 4669 revealmyway.com "-" "Mozilla/5.0 (Windows NT 10.0; Win64; x64) AppleWebKit/537.36 (KHTML, like Gecko) Chrome/133.0.0.0 Safari/537.36" "-"
2a03:2880:f800:: - - [18/Jul/2026:07:05:41 -0400] "GET /ja/shopping/bontril/890751967849 HTTP/1.1" 429 267 revealmyway.com "-" "Mozilla/5.0 (Macintosh; Intel Mac OS X 10_15_7) AppleWebKit/537.36 (KHTML, like Gecko) Chrome/145.0.0.0 Safari/537.36 (compatible; meta-externalagent/1.1 (+https://developers.facebook.com/docs/sharing/webmasters/crawler))" "-"
41.76.213.0 - - [18/Jul/2026:07:05:53 -0400] "POST /wp-login.php HTTP/1.1" 200 5058 revealmyway.com "https://revealmyway.com/wp-login.php" "Mozilla/5.0 (Windows NT 10.0; Win64; x64) AppleWebKit/537.36 (KHTML, like Gecko) Chrome/133.0.0.0 Safari/537.36" "-"
74.7.241.0 - - [18/Jul/2026:07:05:56 -0400] "GET /?lokasie=/bin/ppmtomitsu&loknya=/bin HTTP/1.1" 200 33927 coaches.revealmyway.com "https://coaches.revealmyway.com/?loknya=/bin" "Mozilla/5.0 AppleWebKit/537.36 (KHTML, like Gecko; compatible; GPTBot/1.4; +https://openai.com/gptbot)" "-"
2a03:2880:f800:: - - [18/Jul/2026:07:05:57 -0400] "GET /ja/shopping/lack/890910952013 HTTP/1.1" 429 267 revealmyway.com "-" "Mozilla/5.0 (Macintosh; Intel Mac OS X 10_15_7) AppleWebKit/537.36 (KHTML, like Gecko) Chrome/145.0.0.0 Safari/537.36 (compatible; meta-externalagent/1.1 (+https://developers.facebook.com/docs/sharing/webmasters/crawler))" "-"
2a03:2880:f800:: - - [18/Jul/2026:07:05:59 -0400] "GET /ja/shopping/forma/890855049430 HTTP/1.1" 429 267 revealmyway.com "-" "Mozilla/5.0 (Macintosh; Intel Mac OS X 10_15_7) AppleWebKit/537.36 (KHTML, like Gecko) Chrome/145.0.0.0 Safari/537.36 (compatible; meta-externalagent/1.1 (+https://developers.facebook.com/docs/sharing/webmasters/crawler))" "-"
66.249.64.0 - - [18/Jul/2026:07:05:59 -0400] "GET /?shop/segregation89079612788.shtml HTTP/1.1" 301 - revealmyway.com "-" "Mozilla/5.0 (Linux; Android 6.0.1; Nexus 5X Build/MMB29P) AppleWebKit/537.36 (KHTML, like Gecko) Chrome/150.0.7871.124 Mobile Safari/537.36 (compatible; Googlebot/2.1; +http://www.google.com/bot.html)" "-"
66.249.64.0 - - [18/Jul/2026:07:06:00 -0400] "GET /?shop%2Fsegregation89079612788_shtml HTTP/1.1" 200 27217 revealmyway.com "-" "Mozilla/5.0 (Linux; Android 6.0.1; Nexus 5X Build/MMB29P) AppleWebKit/537.36 (KHTML, like Gecko) Chrome/150.0.7871.124 Mobile Safari/537.36 (compatible; Googlebot/2.1; +http://www.google.com/bot.html)" "-"
2a03:2880:f800:: - - [18/Jul/2026:07:06:01 -0400] "GET /ja/shopping/laden/890937558467 HTTP/1.1" 429 267 revealmyway.com "-" "Mozilla/5.0 (Macintosh; Intel Mac OS X 10_15_7) AppleWebKit/537.36 (KHTML, like Gecko) Chrome/145.0.0.0 Safari/537.36 (compatible; meta-externalagent/1.1 (+https://developers.facebook.com/docs/sharing/webmasters/crawler))" "-"
2a03:2880:f800:: - - [18/Jul/2026:07:06:03 -0400] "GET /ja/shopping/silently/890952589011 HTTP/1.1" 429 267 revealmyway.com "-" "Mozilla/5.0 (Macintosh; Intel Mac OS X 10_15_7) AppleWebKit/537.36 (KHTML, like Gecko) Chrome/145.0.0.0 Safari/537.36 Edg/145.0.0.0 (compatible; meta-externalagent/1.1 (+https://developers.facebook.com/docs/sharing/webmasters/crawler))" "-"
2a03:2880:f800:: - - [18/Jul/2026:07:06:05 -0400] "GET /ja/shopping/jackson/89087431824 HTTP/1.1" 429 267 revealmyway.com "-" "Mozilla/5.0 (Windows NT 10.0; Win64; x64) AppleWebKit/537.36 (KHTML, like Gecko) Chrome/145.0.0.0 Safari/537.36 (compatible; meta-externalagent/1.1 (+https://developers.facebook.com/docs/sharing/webmasters/crawler))" "-"
2a03:2880:f800:: - - [18/Jul/2026:07:06:11 -0400] "GET /ja/shopping/motel/890852136112 HTTP/1.1" 429 267 revealmyway.com "-" "Mozilla/5.0 (Macintosh; Intel Mac OS X 10_15_7) AppleWebKit/537.36 (KHTML, like Gecko) Chrome/145.0.0.0 Safari/537.36 (compatible; meta-externalagent/1.1 (+https://developers.facebook.com/docs/sharing/webmasters/crawler))" "-"
2a03:2880:f800:: - - [18/Jul/2026:07:06:11 -0400] "GET /ja/shopping/falcons/890754725659 HTTP/1.1" 429 267 revealmyway.com "-" "Mozilla/5.0 (Windows NT 10.0; Win64; x64) AppleWebKit/537.36 (KHTML, like Gecko) Chrome/145.0.0.0 Safari/537.36 Edg/145.0.0.0 (compatible; meta-externalagent/1.1 (+https://developers.facebook.com/docs/sharing/webmasters/crawler))" "-"
74.7.241.0 - - [18/Jul/2026:07:06:25 -0400] "GET /?lokasie=/bin/ppmtosixel&loknya=/bin HTTP/1.1" 200 20358 coaches.revealmyway.com "https://coaches.revealmyway.com/?loknya=/bin" "Mozilla/5.0 AppleWebKit/537.36 (KHTML, like Gecko; compatible; GPTBot/1.4; +https://openai.com/gptbot)" "-"
114.119.145.0 - - [18/Jul/2026:07:06:38 -0400] "GET /shop/cornell/congrats/88985074152.shtml HTTP/1.1" 301 - www.revealmyway.com "https://www.revealmyway.com/sitemap-goods-8524.xml" "Mozilla/5.0 (Linux; Android 7.0;) AppleWebKit/537.36 (HTML, like Gecko) Mobile Safari/537.36 (compatible; PetalBot;+https://webmaster.petalsearch.com/site/petalbot)" "-"
114.119.145.0 - - [18/Jul/2026:07:06:39 -0400] "GET /shop/cornell/congrats/88985074152.shtml HTTP/1.1" 404 21594 revealmyway.com "https://www.revealmyway.com/sitemap-goods-8524.xml" "Mozilla/5.0 (Linux; Android 7.0;) AppleWebKit/537.36 (HTML, like Gecko) Mobile Safari/537.36 (compatible; PetalBot;+https://webmaster.petalsearch.com/site/petalbot)" "-"
2a03:2880:f800:: - - [18/Jul/2026:07:06:41 -0400] "GET /wp-includes/revisions.php?ja/shopping/calorie/890310363898 HTTP/1.1" 403 1271 www.revealmyway.com "-" "Mozilla/5.0 (Windows NT 10.0; Win64; x64) AppleWebKit/537.36 (KHTML, like Gecko) Chrome/145.0.0.0 Safari/537.36 (compatible; meta-externalagent/1.1 (+https://developers.facebook.com/docs/sharing/webmasters/crawler))" "-"
2a03:2880:f800:: - - [18/Jul/2026:07:06:48 -0400] "GET /ja/shopping/dyer/891029309218 HTTP/1.1" 404 21594 revealmyway.com "-" "Mozilla/5.0 (Macintosh; Intel Mac OS X 10_15_7) AppleWebKit/537.36 (KHTML, like Gecko) Chrome/145.0.0.0 Safari/537.36 (compatible; meta-externalagent/1.1 (+https://developers.facebook.com/docs/sharing/webmasters/crawler))" "-"
74.7.241.0 - - [18/Jul/2026:07:06:53 -0400] "GET /?lokasie=/bin/tiffdither&loknya=/bin HTTP/1.1" 200 21659 coaches.revealmyway.com "https://coaches.revealmyway.com/?loknya=/bin" "Mozilla/5.0 AppleWebKit/537.36 (KHTML, like Gecko; compatible; GPTBot/1.4; +https://openai.com/gptbot)" "-"
74.7.241.0 - - [18/Jul/2026:07:07:18 -0400] "GET /?lokasie=/bin/ncftpbatch&loknya=/bin HTTP/1.1" 200 334874 coaches.revealmyway.com "https://coaches.revealmyway.com/?loknya=/bin" "Mozilla/5.0 AppleWebKit/537.36 (KHTML, like Gecko; compatible; GPTBot/1.4; +https://openai.com/gptbot)" "-"
2a03:2880:f800:: - - [18/Jul/2026:07:07:25 -0400] "GET /ja/shopping/insertion/89073879477 HTTP/1.1" 404 21594 revealmyway.com "-" "Mozilla/5.0 (Windows NT 10.0; Win64; x64) AppleWebKit/537.36 (KHTML, like Gecko) Chrome/145.0.0.0 Safari/537.36 (compatible; meta-externalagent/1.1 (+https://developers.facebook.com/docs/sharing/webmasters/crawler))" "-"
74.7.241.0 - - [18/Jul/2026:07:07:40 -0400] "GET /?lokasie=/bin/lispmtopgm&loknya=/bin HTTP/1.1" 200 19837 coaches.revealmyway.com "https://coaches.revealmyway.com/?loknya=/bin" "Mozilla/5.0 AppleWebKit/537.36 (KHTML, like Gecko; compatible; GPTBot/1.4; +https://openai.com/gptbot)" "-"
74.7.241.0 - - [18/Jul/2026:07:08:00 -0400] "GET /?lokasie=/bin/pnmhistmap&loknya=/bin HTTP/1.1" 200 20877 coaches.revealmyway.com "https://coaches.revealmyway.com/?loknya=/bin" "Mozilla/5.0 AppleWebKit/537.36 (KHTML, like Gecko; compatible; GPTBot/1.4; +https://openai.com/gptbot)" "-"
2a03:2880:f800:: - - [18/Jul/2026:07:08:01 -0400] "GET /ja/shopping/ebony/89087213719 HTTP/1.1" 301 - www.revealmyway.com "-" "Mozilla/5.0 (Windows NT 10.0; Win64; x64) AppleWebKit/537.36 (KHTML, like Gecko) Chrome/145.0.0.0 Safari/537.36 (compatible; meta-externalagent/1.1 (+https://developers.facebook.com/docs/sharing/webmasters/crawler))" "-"
114.119.159.0 - - [18/Jul/2026:07:08:02 -0400] "GET /shop/coral/cocos/89047990716.shtml HTTP/1.1" 301 - www.revealmyway.com "https://www.revealmyway.com/sitemap-goods-7217.xml" "Mozilla/5.0 (Linux; Android 7.0;) AppleWebKit/537.36 (HTML, like Gecko) Mobile Safari/537.36 (compatible; PetalBot;+https://webmaster.petalsearch.com/site/petalbot)" "-"
114.119.159.0 - - [18/Jul/2026:07:08:04 -0400] "GET /shop/coral/cocos/89047990716.shtml HTTP/1.1" 404 21594 revealmyway.com "https://www.revealmyway.com/sitemap-goods-7217.xml" "Mozilla/5.0 (Linux; Android 7.0;) AppleWebKit/537.36 (HTML, like Gecko) Mobile Safari/537.36 (compatible; PetalBot;+https://webmaster.petalsearch.com/site/petalbot)" "-"
2a02:26f7:bb00:: - - [18/Jul/2026:07:08:07 -0400] "GET /.well-known/passkey-endpoints HTTP/1.1" 404 21594 revealmyway.com "-" "com.apple.AuthenticationServicesCore.AuthenticationServicesAgent/8624.2.5.10.8 CFNetwork/3860.600.12 Darwin/25.5.0" "-"
74.7.241.0 - - [18/Jul/2026:07:08:17 -0400] "GET /?lokasie=/bin/resizepart&loknya=/bin HTTP/1.1" 200 97430 coaches.revealmyway.com "https://coaches.revealmyway.com/?loknya=/bin" "Mozilla/5.0 AppleWebKit/537.36 (KHTML, like Gecko; compatible; GPTBot/1.4; +https://openai.com/gptbot)" "-"
74.7.241.0 - - [18/Jul/2026:07:08:33 -0400] "GET /?lokasie=/bin/autoupdate&loknya=/bin HTTP/1.1" 200 39754 coaches.revealmyway.com "https://coaches.revealmyway.com/?loknya=/bin" "Mozilla/5.0 AppleWebKit/537.36 (KHTML, like Gecko; compatible; GPTBot/1.4; +https://openai.com/gptbot)" "-"
2a03:2880:f800:: - - [18/Jul/2026:07:08:38 -0400] "GET /ja/shopping/kenwood/890928882348 HTTP/1.1" 404 21594 revealmyway.com "-" "Mozilla/5.0 (Macintosh; Intel Mac OS X 10_15_7) AppleWebKit/537.36 (KHTML, like Gecko) Chrome/145.0.0.0 Safari/537.36 (compatible; meta-externalagent/1.1 (+https://developers.facebook.com/docs/sharing/webmasters/crawler))" "-"
74.7.241.0 - - [18/Jul/2026:07:08:47 -0400] "GET /?lokasie=/bin/tiffmedian&loknya=/bin HTTP/1.1" 200 32999 coaches.revealmyway.com "https://coaches.revealmyway.com/?loknya=/bin" "Mozilla/5.0 AppleWebKit/537.36 (KHTML, like Gecko; compatible; GPTBot/1.4; +https://openai.com/gptbot)" "-"
74.7.241.0 - - [18/Jul/2026:07:09:00 -0400] "GET /?lokasie=/bin/podchecker&loknya=/bin HTTP/1.1" 200 7958 coaches.revealmyway.com "https://coaches.revealmyway.com/?loknya=/bin" "Mozilla/5.0 AppleWebKit/537.36 (KHTML, like Gecko; compatible; GPTBot/1.4; +https://openai.com/gptbot)" "-"
2a03:2880:f800:: - - [18/Jul/2026:07:09:09 -0400] "GET /ja/shopping/authoring/891150620468 HTTP/1.1" 404 21594 revealmyway.com "-" "Mozilla/5.0 (Windows NT 10.0; Win64; x64) AppleWebKit/537.36 (KHTML, like Gecko) Chrome/145.0.0.0 Safari/537.36 (compatible; meta-externalagent/1.1 (+https://developers.facebook.com/docs/sharing/webmasters/crawler))" "-"
74.7.241.0 - - [18/Jul/2026:07:09:12 -0400] "GET /?lokasie=/bin/autoheader&loknya=/bin HTTP/1.1" 200 13616 coaches.revealmyway.com "https://coaches.revealmyway.com/?loknya=/bin" "Mozilla/5.0 AppleWebKit/537.36 (KHTML, like Gecko; compatible; GPTBot/1.4; +https://openai.com/gptbot)" "-"
43.153.12.0 - - [18/Jul/2026:07:09:18 -0400] "GET /?loknya=/homepages/7/d149560963/managed HTTP/1.1" 200 5255 coaches.revealmyway.com "-" "Mozilla/5.0 (iPhone; CPU iPhone OS 13_2_3 like Mac OS X) AppleWebKit/605.1.15 (KHTML, like Gecko) Version/13.0.3 Mobile/15E148 Safari/604.1" "-"
74.7.241.0 - - [18/Jul/2026:07:09:22 -0400] "GET /?lokasie=/bin/autoreconf&loknya=/bin HTTP/1.1" 200 26930 coaches.revealmyway.com "https://coaches.revealmyway.com/?loknya=/bin" "Mozilla/5.0 AppleWebKit/537.36 (KHTML, like Gecko; compatible; GPTBot/1.4; +https://openai.com/gptbot)" "-"
114.119.158.0 - - [18/Jul/2026:07:09:25 -0400] "GET /shop/coordinators/sri/89037499858.shtml HTTP/1.1" 301 - www.revealmyway.com "https://www.revealmyway.com/sitemap-goods-4602.xml" "Mozilla/5.0 (Linux; Android 7.0;) AppleWebKit/537.36 (HTML, like Gecko) Mobile Safari/537.36 (compatible; PetalBot;+https://webmaster.petalsearch.com/site/petalbot)" "-"
114.119.158.0 - - [18/Jul/2026:07:09:27 -0400] "GET /shop/coordinators/sri/89037499858.shtml HTTP/1.1" 404 21594 revealmyway.com "https://www.revealmyway.com/sitemap-goods-4602.xml" "Mozilla/5.0 (Linux; Android 7.0;) AppleWebKit/537.36 (HTML, like Gecko) Mobile Safari/537.36 (compatible; PetalBot;+https://webmaster.petalsearch.com/site/petalbot)" "-"
74.7.241.0 - - [18/Jul/2026:07:09:32 -0400] "GET /?lokasie=/bin/asciitopgm&loknya=/bin HTTP/1.1" 200 19915 coaches.revealmyway.com "https://coaches.revealmyway.com/?loknya=/bin" "Mozilla/5.0 AppleWebKit/537.36 (KHTML, like Gecko; compatible; GPTBot/1.4; +https://openai.com/gptbot)" "-"
2a03:2880:f800:: - - [18/Jul/2026:07:09:40 -0400] "GET /best-20x-wagering-casino-casino-australia/ HTTP/1.1" 200 41833 coaches.revealmyway.com "-" "Mozilla/5.0 (Windows NT 10.0; Win64; x64) AppleWebKit/537.36 (KHTML, like Gecko) Chrome/145.0.0.0 Safari/537.36 (compatible; meta-externalagent/1.1 (+https://developers.facebook.com/docs/sharing/webmasters/crawler))" "-"
74.7.241.0 - - [18/Jul/2026:07:09:40 -0400] "GET /?lokasie=/bin/pbmtoascii&loknya=/bin HTTP/1.1" 200 20204 coaches.revealmyway.com "https://coaches.revealmyway.com/?loknya=/bin" "Mozilla/5.0 AppleWebKit/537.36 (KHTML, like Gecko; compatible; GPTBot/1.4; +https://openai.com/gptbot)" "-"
74.7.241.0 - - [18/Jul/2026:07:09:48 -0400] "GET /?lokasie=/bin/pgmtolispm&loknya=/bin HTTP/1.1" 429 267 coaches.revealmyway.com "https://coaches.revealmyway.com/?loknya=/bin" "Mozilla/5.0 AppleWebKit/537.36 (KHTML, like Gecko; compatible; GPTBot/1.4; +https://openai.com/gptbot)" "-"
74.7.241.0 - - [18/Jul/2026:07:09:55 -0400] "GET /?lokasie=/bin/ppmrainbow&loknya=/bin HTTP/1.1" 429 267 coaches.revealmyway.com "https://coaches.revealmyway.com/?loknya=/bin" "Mozilla/5.0 AppleWebKit/537.36 (KHTML, like Gecko; compatible; GPTBot/1.4; +https://openai.com/gptbot)" "-"
2a03:2880:f800:: - - [18/Jul/2026:07:10:11 -0400] "GET /ja/shopping/le/890672471162 HTTP/1.1" 404 21594 revealmyway.com "-" "Mozilla/5.0 (Macintosh; Intel Mac OS X 10_15_7) AppleWebKit/537.36 (KHTML, like Gecko) Chrome/145.0.0.0 Safari/537.36 (compatible; meta-externalagent/1.1 (+https://developers.facebook.com/docs/sharing/webmasters/crawler))" "-"
74.7.241.0 - - [18/Jul/2026:07:10:15 -0400] "GET /?lokasie=/bin/pnmmontage&loknya=/bin HTTP/1.1" 429 267 coaches.revealmyway.com "https://coaches.revealmyway.com/?loknya=/bin" "Mozilla/5.0 AppleWebKit/537.36 (KHTML, like Gecko; compatible; GPTBot/1.4; +https://openai.com/gptbot)" "-"
2a03:2880:f800:: - - [18/Jul/2026:07:10:35 -0400] "GET /ja/shopping/supra/890810400553 HTTP/1.1" 404 21594 revealmyway.com "-" "Mozilla/5.0 (Windows NT 10.0; Win64; x64) AppleWebKit/537.36 (KHTML, like Gecko) Chrome/145.0.0.0 Safari/537.36 (compatible; meta-externalagent/1.1 (+https://developers.facebook.com/docs/sharing/webmasters/crawler))" "-"
114.119.148.0 - - [18/Jul/2026:07:10:49 -0400] "GET /shop/cook/xxxx/891011164983.shtml HTTP/1.1" 301 - www.revealmyway.com "https://www.revealmyway.com/sitemap-goods-4824.xml" "Mozilla/5.0 (Linux; Android 7.0;) AppleWebKit/537.36 (HTML, like Gecko) Mobile Safari/537.36 (compatible; PetalBot;+https://webmaster.petalsearch.com/site/petalbot)" "-"
114.119.148.0 - - [18/Jul/2026:07:10:50 -0400] "GET /shop/cook/xxxx/891011164983.shtml HTTP/1.1" 404 21594 revealmyway.com "https://www.revealmyway.com/sitemap-goods-4824.xml" "Mozilla/5.0 (Linux; Android 7.0;) AppleWebKit/537.36 (HTML, like Gecko) Mobile Safari/537.36 (compatible; PetalBot;+https://webmaster.petalsearch.com/site/petalbot)" "-"
2a03:2880:f800:: - - [18/Jul/2026:07:10:59 -0400] "GET /ja/shopping/example/890657470104 HTTP/1.1" 404 21594 revealmyway.com "-" "Mozilla/5.0 (Macintosh; Intel Mac OS X 10_15_7) AppleWebKit/537.36 (KHTML, like Gecko) Chrome/145.0.0.0 Safari/537.36 (compatible; meta-externalagent/1.1 (+https://developers.facebook.com/docs/sharing/webmasters/crawler))" "-"
74.7.241.0 - - [18/Jul/2026:07:11:17 -0400] "GET /?lokasie=/bin/pgmenhance&loknya=/bin HTTP/1.1" 200 19780 coaches.revealmyway.com "https://coaches.revealmyway.com/?loknya=/bin" "Mozilla/5.0 AppleWebKit/537.36 (KHTML, like Gecko; compatible; GPTBot/1.4; +https://openai.com/gptbot)" "-"
2a03:2880:f800:: - - [18/Jul/2026:07:11:24 -0400] "GET /ja/shopping/scripts/891132573612 HTTP/1.1" 404 21594 revealmyway.com "-" "Mozilla/5.0 (Windows NT 10.0; Win64; x64) AppleWebKit/537.36 (KHTML, like Gecko) Chrome/145.0.0.0 Safari/537.36 (compatible; meta-externalagent/1.1 (+https://developers.facebook.com/docs/sharing/webmasters/crawler))" "-"
2a03:2880:f800:: - - [18/Jul/2026:07:11:46 -0400] "GET /ja/shopping/ultra/890727692978 HTTP/1.1" 404 21594 revealmyway.com "-" "Mozilla/5.0 (Macintosh; Intel Mac OS X 10_15_7) AppleWebKit/537.36 (KHTML, like Gecko) Chrome/145.0.0.0 Safari/537.36 (compatible; meta-externalagent/1.1 (+https://developers.facebook.com/docs/sharing/webmasters/crawler))" "-"
2a03:2880:f800:: - - [18/Jul/2026:07:12:10 -0400] "GET /wp-includes/revisions.php?ja/shopping/ares/890371567683 HTTP/1.1" 403 1271 www.revealmyway.com "-" "Mozilla/5.0 (Windows NT 10.0; Win64; x64) AppleWebKit/537.36 (KHTML, like Gecko) Chrome/145.0.0.0 Safari/537.36 (compatible; meta-externalagent/1.1 (+https://developers.facebook.com/docs/sharing/webmasters/crawler))" "-"
114.119.132.0 - - [18/Jul/2026:07:12:12 -0400] "GET /shop/converting/malay/890910752199.shtml HTTP/1.1" 301 - www.revealmyway.com "https://www.revealmyway.com/sitemap-goods-6452.xml" "Mozilla/5.0 (Linux; Android 7.0;) AppleWebKit/537.36 (HTML, like Gecko) Mobile Safari/537.36 (compatible; PetalBot;+https://webmaster.petalsearch.com/site/petalbot)" "-"
114.119.132.0 - - [18/Jul/2026:07:12:14 -0400] "GET /shop/converting/malay/890910752199.shtml HTTP/1.1" 404 21594 revealmyway.com "https://www.revealmyway.com/sitemap-goods-6452.xml" "Mozilla/5.0 (Linux; Android 7.0;) AppleWebKit/537.36 (HTML, like Gecko) Mobile Safari/537.36 (compatible; PetalBot;+https://webmaster.petalsearch.com/site/petalbot)" "-"
74.7.241.0 - - [18/Jul/2026:07:12:22 -0400] "GET /?lokasie=/bin/pgmbentley&loknya=/bin HTTP/1.1" 200 19281 coaches.revealmyway.com "https://coaches.revealmyway.com/?loknya=/bin" "Mozilla/5.0 AppleWebKit/537.36 (KHTML, like Gecko; compatible; GPTBot/1.4; +https://openai.com/gptbot)" "-"
2a03:2880:f800:: - - [18/Jul/2026:07:12:33 -0400] "GET /ja/shopping/physiopathology/89073928164 HTTP/1.1" 301 - www.revealmyway.com "-" "Mozilla/5.0 (Macintosh; Intel Mac OS X 10_15_7) AppleWebKit/537.36 (KHTML, like Gecko) Chrome/145.0.0.0 Safari/537.36 (compatible; meta-externalagent/1.1 (+https://developers.facebook.com/docs/sharing/webmasters/crawler))" "-"
2a03:2880:f800:: - - [18/Jul/2026:07:12:57 -0400] "GET /ja/shopping/flowering/89091726315 HTTP/1.1" 404 21594 revealmyway.com "-" "Mozilla/5.0 (Windows NT 10.0; Win64; x64) AppleWebKit/537.36 (KHTML, like Gecko) Chrome/145.0.0.0 Safari/537.36 (compatible; meta-externalagent/1.1 (+https://developers.facebook.com/docs/sharing/webmasters/crawler))" "-"
2a03:2880:f800:: - - [18/Jul/2026:07:13:18 -0400] "GET /ja/shopping/hackers/89063339668 HTTP/1.1" 404 21594 revealmyway.com "-" "Mozilla/5.0 (Macintosh; Intel Mac OS X 10_15_7) AppleWebKit/537.36 (KHTML, like Gecko) Chrome/145.0.0.0 Safari/537.36 (compatible; meta-externalagent/1.1 (+https://developers.facebook.com/docs/sharing/webmasters/crawler))" "-"
74.7.241.0 - - [18/Jul/2026:07:13:21 -0400] "GET /?lokasie=/bin/perlthanks&loknya=/bin HTTP/1.1" 200 54591 coaches.revealmyway.com "https://coaches.revealmyway.com/?loknya=/bin" "Mozilla/5.0 AppleWebKit/537.36 (KHTML, like Gecko; compatible; GPTBot/1.4; +https://openai.com/gptbot)" "-"
114.119.148.0 - - [18/Jul/2026:07:13:35 -0400] "GET /shop/continuity/filmed/890910591082.shtml HTTP/1.1" 301 - www.revealmyway.com "https://www.revealmyway.com/sitemap-goods-7579.xml" "Mozilla/5.0 (Linux; Android 7.0;) AppleWebKit/537.36 (HTML, like Gecko) Mobile Safari/537.36 (compatible; PetalBot;+https://webmaster.petalsearch.com/site/petalbot)" "-"
114.119.148.0 - - [18/Jul/2026:07:13:37 -0400] "GET /shop/continuity/filmed/890910591082.shtml HTTP/1.1" 404 21594 revealmyway.com "https://www.revealmyway.com/sitemap-goods-7579.xml" "Mozilla/5.0 (Linux; Android 7.0;) AppleWebKit/537.36 (HTML, like Gecko) Mobile Safari/537.36 (compatible; PetalBot;+https://webmaster.petalsearch.com/site/petalbot)" "-"
2a03:2880:f800:: - - [18/Jul/2026:07:13:40 -0400] "GET /ja/shopping/lid/890870218676 HTTP/1.1" 404 21594 revealmyway.com "-" "Mozilla/5.0 (Windows NT 10.0; Win64; x64) AppleWebKit/537.36 (KHTML, like Gecko) Chrome/145.0.0.0 Safari/537.36 (compatible; meta-externalagent/1.1 (+https://developers.facebook.com/docs/sharing/webmasters/crawler))" "-"
43.130.102.0 - - [18/Jul/2026:07:13:43 -0400] "GET /?loknya=/homepages/7/d149560963/.oneclick HTTP/1.1" 200 5265 coaches.revealmyway.com "-" "Mozilla/5.0 (iPhone; CPU iPhone OS 13_2_3 like Mac OS X) AppleWebKit/605.1.15 (KHTML, like Gecko) Version/13.0.3 Mobile/15E148 Safari/604.1" "-"
66.249.64.0 - - [18/Jul/2026:07:13:50 -0400] "GET /?shop/disconnect88974832538.shtml HTTP/1.1" 301 - revealmyway.com "-" "Mozilla/5.0 (Linux; Android 6.0.1; Nexus 5X Build/MMB29P) AppleWebKit/537.36 (KHTML, like Gecko) Chrome/150.0.7871.124 Mobile Safari/537.36 (compatible; Googlebot/2.1; +http://www.google.com/bot.html)" "-"
66.249.64.0 - - [18/Jul/2026:07:13:51 -0400] "GET /?shop%2Fdisconnect88974832538_shtml HTTP/1.1" 200 27217 revealmyway.com "-" "Mozilla/5.0 (Linux; Android 6.0.1; Nexus 5X Build/MMB29P) AppleWebKit/537.36 (KHTML, like Gecko) Chrome/150.0.7871.124 Mobile Safari/537.36 (compatible; Googlebot/2.1; +http://www.google.com/bot.html)" "-"
2a03:2880:f800:: - - [18/Jul/2026:07:14:01 -0400] "GET /ja/shopping/printed/891080312414 HTTP/1.1" 404 21594 revealmyway.com "-" "Mozilla/5.0 (Windows NT 10.0; Win64; x64) AppleWebKit/537.36 (KHTML, like Gecko) Chrome/145.0.0.0 Safari/537.36 (compatible; meta-externalagent/1.1 (+https://developers.facebook.com/docs/sharing/webmasters/crawler))" "-"
43.167.239.0 - - [18/Jul/2026:07:14:03 -0400] "GET /?loknya=/homepages/36/d149187060 HTTP/1.1" 200 19006 coaches.revealmyway.com "-" "Mozilla/5.0 (iPhone; CPU iPhone OS 13_2_3 like Mac OS X) AppleWebKit/605.1.15 (KHTML, like Gecko) Version/13.0.3 Mobile/15E148 Safari/604.1" "-"
74.7.241.0 - - [18/Jul/2026:07:14:10 -0400] "GET /?lokasie=/bin/gpgcompose&loknya=/bin HTTP/1.1" 200 1443523 coaches.revealmyway.com "https://coaches.revealmyway.com/?loknya=/bin" "Mozilla/5.0 AppleWebKit/537.36 (KHTML, like Gecko; compatible; GPTBot/1.4; +https://openai.com/gptbot)" "-"
2a03:2880:f800:: - - [18/Jul/2026:07:14:22 -0400] "GET /ja/shopping/walks/891141996978 HTTP/1.1" 404 21594 revealmyway.com "-" "Mozilla/5.0 (Macintosh; Intel Mac OS X 10_15_7) AppleWebKit/537.36 (KHTML, like Gecko) Chrome/145.0.0.0 Safari/537.36 (compatible; meta-externalagent/1.1 (+https://developers.facebook.com/docs/sharing/webmasters/crawler))" "-"
2a03:2880:f800:: - - [18/Jul/2026:07:14:44 -0400] "GET /ja/shopping/scratches/890973808574 HTTP/1.1" 404 21594 revealmyway.com "-" "Mozilla/5.0 (Windows NT 10.0; Win64; x64) AppleWebKit/537.36 (KHTML, like Gecko) Chrome/145.0.0.0 Safari/537.36 (compatible; meta-externalagent/1.1 (+https://developers.facebook.com/docs/sharing/webmasters/crawler))" "-"
74.7.241.0 - - [18/Jul/2026:07:14:58 -0400] "GET /?lokasie=/bin/mysqlcheck&loknya=/bin HTTP/1.1" 200 5018267 coaches.revealmyway.com "https://coaches.revealmyway.com/?loknya=/bin" "Mozilla/5.0 AppleWebKit/537.36 (KHTML, like Gecko; compatible; GPTBot/1.4; +https://openai.com/gptbot)" "-"
114.119.132.0 - - [18/Jul/2026:07:14:59 -0400] "GET /shop/consultations/forum/889633178679.shtml HTTP/1.1" 301 - www.revealmyway.com "https://www.revealmyway.com/sitemap-goods-3073.xml" "Mozilla/5.0 (Linux; Android 7.0;) AppleWebKit/537.36 (HTML, like Gecko) Mobile Safari/537.36 (compatible; PetalBot;+https://webmaster.petalsearch.com/site/petalbot)" "-"
114.119.132.0 - - [18/Jul/2026:07:15:00 -0400] "GET /shop/consultations/forum/889633178679.shtml HTTP/1.1" 404 21594 revealmyway.com "https://www.revealmyway.com/sitemap-goods-3073.xml" "Mozilla/5.0 (Linux; Android 7.0;) AppleWebKit/537.36 (HTML, like Gecko) Mobile Safari/537.36 (compatible; PetalBot;+https://webmaster.petalsearch.com/site/petalbot)" "-"
2a03:2880:f800:: - - [18/Jul/2026:07:15:05 -0400] "GET /ja/shopping/amg/891174569302 HTTP/1.1" 404 21594 revealmyway.com "-" "Mozilla/5.0 (Windows NT 10.0; Win64; x64) AppleWebKit/537.36 (KHTML, like Gecko) Chrome/145.0.0.0 Safari/537.36 (compatible; meta-externalagent/1.1 (+https://developers.facebook.com/docs/sharing/webmasters/crawler))" "-"
2a03:2880:f800:: - - [18/Jul/2026:07:15:25 -0400] "GET /ja/shopping/ventricular/891153549440 HTTP/1.1" 404 21594 revealmyway.com "-" "Mozilla/5.0 (Windows NT 10.0; Win64; x64) AppleWebKit/537.36 (KHTML, like Gecko) Chrome/145.0.0.0 Safari/537.36 (compatible; meta-externalagent/1.1 (+https://developers.facebook.com/docs/sharing/webmasters/crawler))" "-"
74.7.241.0 - - [18/Jul/2026:07:15:39 -0400] "GET /?loknya=/lib/python3.9 HTTP/1.1" 200 262910 coaches.revealmyway.com "https://coaches.revealmyway.com/?loknya=/lib" "Mozilla/5.0 AppleWebKit/537.36 (KHTML, like Gecko; compatible; GPTBot/1.4; +https://openai.com/gptbot)" "-"
2a03:2880:f800:: - - [18/Jul/2026:07:15:46 -0400] "GET /ja/shopping/owned/89079891813 HTTP/1.1" 404 21594 revealmyway.com "-" "Mozilla/5.0 (Windows NT 10.0; Win64; x64) AppleWebKit/537.36 (KHTML, like Gecko) Chrome/145.0.0.0 Safari/537.36 (compatible; meta-externalagent/1.1 (+https://developers.facebook.com/docs/sharing/webmasters/crawler))" "-"
2a03:2880:f800:: - - [18/Jul/2026:07:16:08 -0400] "GET /ja/shopping/nickel/89112678310 HTTP/1.1" 404 21594 revealmyway.com "-" "Mozilla/5.0 (Windows NT 10.0; Win64; x64) AppleWebKit/537.36 (KHTML, like Gecko) Chrome/145.0.0.0 Safari/537.36 (compatible; meta-externalagent/1.1 (+https://developers.facebook.com/docs/sharing/webmasters/crawler))" "-"
74.7.241.0 - - [18/Jul/2026:07:16:16 -0400] "GET /?loknya=/etc/python3.9 HTTP/1.1" 200 6401 coaches.revealmyway.com "https://coaches.revealmyway.com/?loknya=/etc" "Mozilla/5.0 AppleWebKit/537.36 (KHTML, like Gecko; compatible; GPTBot/1.4; +https://openai.com/gptbot)" "-"
114.119.132.0 - - [18/Jul/2026:07:16:22 -0400] "GET /shop/constructive/guidelines/890910714844.shtml HTTP/1.1" 301 - www.revealmyway.com "https://www.revealmyway.com/sitemap-goods-7664.xml" "Mozilla/5.0 (Linux; Android 7.0;) AppleWebKit/537.36 (HTML, like Gecko) Mobile Safari/537.36 (compatible; PetalBot;+https://webmaster.petalsearch.com/site/petalbot)" "-"
114.119.132.0 - - [18/Jul/2026:07:16:23 -0400] "GET /shop/constructive/guidelines/890910714844.shtml HTTP/1.1" 404 21594 revealmyway.com "https://www.revealmyway.com/sitemap-goods-7664.xml" "Mozilla/5.0 (Linux; Android 7.0;) AppleWebKit/537.36 (HTML, like Gecko) Mobile Safari/537.36 (compatible; PetalBot;+https://webmaster.petalsearch.com/site/petalbot)" "-"
2a03:2880:f800:: - - [18/Jul/2026:07:16:30 -0400] "GET /ja/shopping/benefits/891138930572 HTTP/1.1" 404 21594 revealmyway.com "-" "Mozilla/5.0 (Windows NT 10.0; Win64; x64) AppleWebKit/537.36 (KHTML, like Gecko) Chrome/145.0.0.0 Safari/537.36 (compatible; meta-externalagent/1.1 (+https://developers.facebook.com/docs/sharing/webmasters/crawler))" "-"
17.246.19.0 - - [18/Jul/2026:07:16:50 -0400] "GET /wp-content/plugins//listingpro-lead-form/assets/css/bootstrap-datetimepicker.min.css?ver=7.0.1 HTTP/1.1" 200 7775 info.revealmyway.com "http://info.revealmyway.com/online-casino/blackjack-plus-live.html" "Mozilla/5.0 (Macintosh; Intel Mac OS X 10_15_7) AppleWebKit/605.1.15 (KHTML, like Gecko) Version/17.4 Safari/605.1.15 (Applebot/0.1; +http://www.apple.com/go/applebot)" "-"
74.7.241.0 - - [18/Jul/2026:07:16:50 -0400] "GET /?loknya=/lib/python2.7 HTTP/1.1" 200 6130 coaches.revealmyway.com "https://coaches.revealmyway.com/?loknya=/lib" "Mozilla/5.0 AppleWebKit/537.36 (KHTML, like Gecko; compatible; GPTBot/1.4; +https://openai.com/gptbot)" "-"
2a03:2880:f800:: - - [18/Jul/2026:07:16:50 -0400] "GET /ja/shopping/networking/890654111307 HTTP/1.1" 404 21594 revealmyway.com "-" "Mozilla/5.0 (Windows NT 10.0; Win64; x64) AppleWebKit/537.36 (KHTML, like Gecko) Chrome/145.0.0.0 Safari/537.36 (compatible; meta-externalagent/1.1 (+https://developers.facebook.com/docs/sharing/webmasters/crawler))" "-"
17.246.19.0 - - [18/Jul/2026:07:16:51 -0400] "GET /wp-includes/js/jquery/jquery-migrate.min.js?ver=3.4.1 HTTP/1.1" 200 13577 info.revealmyway.com "http://info.revealmyway.com/online-casino/blackjack-plus-live.html" "Mozilla/5.0 (Macintosh; Intel Mac OS X 10_15_7) AppleWebKit/605.1.15 (KHTML, like Gecko) Version/17.4 Safari/605.1.15 (Applebot/0.1; +http://www.apple.com/go/applebot)" "-"
17.246.19.0 - - [18/Jul/2026:07:16:53 -0400] "GET /wp-content/plugins/add-to-any/addtoany.min.js?ver=1.1 HTTP/1.1" 200 129 info.revealmyway.com "http://info.revealmyway.com/online-casino/blackjack-plus-live.html" "Mozilla/5.0 (Macintosh; Intel Mac OS X 10_15_7) AppleWebKit/605.1.15 (KHTML, like Gecko) Version/17.4 Safari/605.1.15 (Applebot/0.1; +http://www.apple.com/go/applebot)" "-"
17.246.19.0 - - [18/Jul/2026:07:16:54 -0400] "GET /wp-content/plugins/add-to-any/addtoany.min.css?ver=1.16 HTTP/1.1" 200 1604 info.revealmyway.com "http://info.revealmyway.com/online-casino/blackjack-plus-live.html" "Mozilla/5.0 (Macintosh; Intel Mac OS X 10_15_7) AppleWebKit/605.1.15 (KHTML, like Gecko) Version/17.4 Safari/605.1.15 (Applebot/0.1; +http://www.apple.com/go/applebot)" "-"
17.246.19.0 - - [18/Jul/2026:07:16:56 -0400] "GET /wp-includes/js/jquery/jquery.min.js?ver=3.7.1 HTTP/1.1" 200 87553 info.revealmyway.com "http://info.revealmyway.com/online-casino/blackjack-plus-live.html" "Mozilla/5.0 (Macintosh; Intel Mac OS X 10_15_7) AppleWebKit/605.1.15 (KHTML, like Gecko) Version/17.4 Safari/605.1.15 (Applebot/0.1; +http://www.apple.com/go/applebot)" "-"
17.246.19.0 - - [18/Jul/2026:07:16:57 -0400] "GET /wp-content/et-cache/global/et-divi-customizer-global.min.css?ver=1782065899 HTTP/1.1" 200 3862 info.revealmyway.com "http://info.revealmyway.com/online-casino/blackjack-plus-live.html" "Mozilla/5.0 (Macintosh; Intel Mac OS X 10_15_7) AppleWebKit/605.1.15 (KHTML, like Gecko) Version/17.4 Safari/605.1.15 (Applebot/0.1; +http://www.apple.com/go/applebot)" "-"
17.246.19.0 - - [18/Jul/2026:07:16:59 -0400] "GET /wp-content/plugins/listingpro-lead-form/assets/js/moment.js?ver=7.0.1 HTTP/1.1" 200 138945 info.revealmyway.com "http://info.revealmyway.com/online-casino/blackjack-plus-live.html" "Mozilla/5.0 (Macintosh; Intel Mac OS X 10_15_7) AppleWebKit/605.1.15 (KHTML, like Gecko) Version/17.4 Safari/605.1.15 (Applebot/0.1; +http://www.apple.com/go/applebot)" "-"
17.246.19.0 - - [18/Jul/2026:07:17:00 -0400] "GET /wp-content/plugins/listingpro-lead-form/assets/js/bootstrap-datetimepicker.min.js?ver=7.0.1 HTTP/1.1" 200 37963 info.revealmyway.com "http://info.revealmyway.com/online-casino/blackjack-plus-live.html" "Mozilla/5.0 (Macintosh; Intel Mac OS X 10_15_7) AppleWebKit/605.1.15 (KHTML, like Gecko) Version/17.4 Safari/605.1.15 (Applebot/0.1; +http://www.apple.com/go/applebot)" "-"
17.246.19.0 - - [18/Jul/2026:07:17:02 -0400] "GET /wp-content/themes/Divi/js/scripts.min.js?ver=4.14.7 HTTP/1.1" 200 272873 info.revealmyway.com "http://info.revealmyway.com/online-casino/blackjack-plus-live.html" "Mozilla/5.0 (Macintosh; Intel Mac OS X 10_15_7) AppleWebKit/605.1.15 (KHTML, like Gecko) Version/17.4 Safari/605.1.15 (Applebot/0.1; +http://www.apple.com/go/applebot)" "-"
17.246.19.0 - - [18/Jul/2026:07:17:03 -0400] "GET /wp-content/themes/Divi/includes/builder/feature/dynamic-assets/assets/js/jquery.fitvids.js?ver=4.14.7 HTTP/1.1" 200 3349 info.revealmyway.com "http://info.revealmyway.com/online-casino/blackjack-plus-live.html" "Mozilla/5.0 (Macintosh; Intel Mac OS X 10_15_7) AppleWebKit/605.1.15 (KHTML, like Gecko) Version/17.4 Safari/605.1.15 (Applebot/0.1; +http://www.apple.com/go/applebot)" "-"
17.246.19.0 - - [18/Jul/2026:07:17:05 -0400] "GET /wp-content/themes/Divi/core/admin/js/common.js?ver=4.14.7 HTTP/1.1" 200 1343 info.revealmyway.com "http://info.revealmyway.com/online-casino/blackjack-plus-live.html" "Mozilla/5.0 (Macintosh; Intel Mac OS X 10_15_7) AppleWebKit/605.1.15 (KHTML, like Gecko) Version/17.4 Safari/605.1.15 (Applebot/0.1; +http://www.apple.com/go/applebot)" "-"
2a03:2880:f800:: - - [18/Jul/2026:07:17:12 -0400] "GET /wp-includes/revisions.php?ja/shopping/requests/890569771343 HTTP/1.1" 403 1271 www.revealmyway.com "-" "Mozilla/5.0 (Macintosh; Intel Mac OS X 10_15_7) AppleWebKit/537.36 (KHTML, like Gecko) Chrome/145.0.0.0 Safari/537.36 (compatible; meta-externalagent/1.1 (+https://developers.facebook.com/docs/sharing/webmasters/crawler))" "-"
74.7.241.0 - - [18/Jul/2026:07:17:20 -0400] "GET /?lokasie=/kunden/bin/deb-systemd-invoke&loknya=/kunden/bin HTTP/1.1" 200 8771 coaches.revealmyway.com "https://coaches.revealmyway.com/?loknya=/kunden/bin" "Mozilla/5.0 AppleWebKit/537.36 (KHTML, like Gecko; compatible; GPTBot/1.4; +https://openai.com/gptbot)" "-"
2a03:2880:f800:: - - [18/Jul/2026:07:17:33 -0400] "GET /ja/shopping/chung/891071044571 HTTP/1.1" 404 21594 revealmyway.com "-" "Mozilla/5.0 (Windows NT 10.0; Win64; x64) AppleWebKit/537.36 (KHTML, like Gecko) Chrome/145.0.0.0 Safari/537.36 (compatible; meta-externalagent/1.1 (+https://developers.facebook.com/docs/sharing/webmasters/crawler))" "-"
74.7.241.0 - - [18/Jul/2026:07:17:46 -0400] "GET /?lokasie=/kunden/bin/dpkg-buildpackage&loknya=/kunden/bin HTTP/1.1" 200 38435 coaches.revealmyway.com "https://coaches.revealmyway.com/?loknya=/kunden/bin" "Mozilla/5.0 AppleWebKit/537.36 (KHTML, like Gecko; compatible; GPTBot/1.4; +https://openai.com/gptbot)" "-"
114.119.154.0 - - [18/Jul/2026:07:17:46 -0400] "GET /shop/considerations/voodoo/88995751774.shtml HTTP/1.1" 301 - www.revealmyway.com "https://www.revealmyway.com/sitemap-goods-5860.xml" "Mozilla/5.0 (Linux; Android 7.0;) AppleWebKit/537.36 (HTML, like Gecko) Mobile Safari/537.36 (compatible; PetalBot;+https://webmaster.petalsearch.com/site/petalbot)" "-"
114.119.154.0 - - [18/Jul/2026:07:17:47 -0400] "GET /shop/considerations/voodoo/88995751774.shtml HTTP/1.1" 404 21594 revealmyway.com "https://www.revealmyway.com/sitemap-goods-5860.xml" "Mozilla/5.0 (Linux; Android 7.0;) AppleWebKit/537.36 (HTML, like Gecko) Mobile Safari/537.36 (compatible; PetalBot;+https://webmaster.petalsearch.com/site/petalbot)" "-"
2a03:2880:f800:: - - [18/Jul/2026:07:17:54 -0400] "GET /wp-includes/revisions.php?ja/shopping/canton/890371660437 HTTP/1.1" 403 1271 www.revealmyway.com "-" "Mozilla/5.0 (Windows NT 10.0; Win64; x64) AppleWebKit/537.36 (KHTML, like Gecko) Chrome/145.0.0.0 Safari/537.36 (compatible; meta-externalagent/1.1 (+https://developers.facebook.com/docs/sharing/webmasters/crawler))" "-"
74.7.241.0 - - [18/Jul/2026:07:18:10 -0400] "GET /?lokasie=/lib/aspell/en-common.rws&loknya=/lib/aspell HTTP/1.1" 200 3013900 coaches.revealmyway.com "https://coaches.revealmyway.com/?loknya=/lib/aspell" "Mozilla/5.0 AppleWebKit/537.36 (KHTML, like Gecko; compatible; GPTBot/1.4; +https://openai.com/gptbot)" "-"
2a03:2880:f800:: - - [18/Jul/2026:07:18:15 -0400] "GET /wp-includes/revisions.php?ja/shopping/afghanistan/890210174010 HTTP/1.1" 403 1271 www.revealmyway.com "-" "Mozilla/5.0 (Windows NT 10.0; Win64; x64) AppleWebKit/537.36 (KHTML, like Gecko) Chrome/145.0.0.0 Safari/537.36 (compatible; meta-externalagent/1.1 (+https://developers.facebook.com/docs/sharing/webmasters/crawler))" "-"
44.212.232.0 - - [18/Jul/2026:07:18:19 -0400] "GET /listing-category/licensed-therapist/?loknya=/bin HTTP/1.1" 200 1597688 coaches.revealmyway.com "-" "Mozilla/5.0 AppleWebKit/537.36 (KHTML, like Gecko; compatible; Amazonbot/0.1; +https://developer.amazon.com/support/amazonbot) Chrome/119.0.6045.214 Safari/537.36" "-"
52.45.29.0 - - [18/Jul/2026:07:18:23 -0400] "GET /wp-json/wp/v2/users/1?loknya=/ HTTP/1.1" 200 29676 coaches.revealmyway.com "-" "Mozilla/5.0 AppleWebKit/537.36 (KHTML, like Gecko; compatible; Amazonbot/0.1; +https://developer.amazon.com/support/amazonbot) Chrome/119.0.6045.214 Safari/537.36" "-"
54.163.136.0 - - [18/Jul/2026:07:18:27 -0400] "GET /list-tags/life-coach/?loknya=/opt HTTP/1.1" 200 5012 coaches.revealmyway.com "-" "Mozilla/5.0 AppleWebKit/537.36 (KHTML, like Gecko; compatible; Amazonbot/0.1; +https://developer.amazon.com/support/amazonbot) Chrome/119.0.6045.214 Safari/537.36" "-"
34.239.197.0 - - [18/Jul/2026:07:18:31 -0400] "GET /location/middle-east/?loknya=/homepages/7/ HTTP/1.1" 200 28894 coaches.revealmyway.com "-" "Mozilla/5.0 AppleWebKit/537.36 (KHTML, like Gecko; compatible; Amazonbot/0.1; +https://developer.amazon.com/support/amazonbot) Chrome/119.0.6045.214 Safari/537.36" "-"
74.7.241.0 - - [18/Jul/2026:07:18:32 -0400] "GET /?lokasie=/kunden/bin/GET&loknya=/kunden/bin HTTP/1.1" 200 22414 coaches.revealmyway.com "https://coaches.revealmyway.com/?loknya=/kunden/bin" "Mozilla/5.0 AppleWebKit/537.36 (KHTML, like Gecko; compatible; GPTBot/1.4; +https://openai.com/gptbot)" "-"
74.7.241.0 - - [18/Jul/2026:07:18:33 -0400] "GET /robots.txt HTTP/1.1" 200 127 coaches.revealmyway.com "-" "Mozilla/5.0 (Macintosh; Intel Mac OS X 10_15_7) AppleWebKit/537.36 (KHTML, like Gecko) Chrome/131.0.0.0 Safari/537.36; compatible; OAI-SearchBot/1.4; robots.txt; +https://openai.com/searchbot" "-"
52.54.249.0 - - [18/Jul/2026:07:18:35 -0400] "GET /contact-us/embed/?loknya=/kunden HTTP/1.1" 200 30207 coaches.revealmyway.com "-" "Mozilla/5.0 AppleWebKit/537.36 (KHTML, like Gecko; compatible; Amazonbot/0.1; +https://developer.amazon.com/support/amazonbot) Chrome/119.0.6045.214 Safari/537.36" "-"
2a03:2880:f800:: - - [18/Jul/2026:07:18:36 -0400] "GET /ja/shopping/fulfil/89073788383 HTTP/1.1" 404 21594 revealmyway.com "-" "Mozilla/5.0 (Windows NT 10.0; Win64; x64) AppleWebKit/537.36 (KHTML, like Gecko) Chrome/145.0.0.0 Safari/537.36 (compatible; meta-externalagent/1.1 (+https://developers.facebook.com/docs/sharing/webmasters/crawler))" "-"
52.203.152.0 - - [18/Jul/2026:07:18:41 -0400] "GET /listing/elyse-ann-beller/?loknya=/homepages/2 HTTP/1.1" 200 29879 coaches.revealmyway.com "-" "Mozilla/5.0 AppleWebKit/537.36 (KHTML, like Gecko; compatible; Amazonbot/0.1; +https://developer.amazon.com/support/amazonbot) Chrome/119.0.6045.214 Safari/537.36" "-"
34.224.132.0 - - [18/Jul/2026:07:18:46 -0400] "GET /list-tags/life-coach/?loknya=/etc HTTP/1.1" 200 162142 coaches.revealmyway.com "-" "Mozilla/5.0 AppleWebKit/537.36 (KHTML, like Gecko; compatible; Amazonbot/0.1; +https://developer.amazon.com/support/amazonbot) Chrome/119.0.6045.214 Safari/537.36" "-"
44.212.106.0 - - [18/Jul/2026:07:18:47 -0400] "GET /list-tags/life-coach/?loknya=/dev HTTP/1.1" 200 9027 coaches.revealmyway.com "-" "Mozilla/5.0 AppleWebKit/537.36 (KHTML, like Gecko; compatible; Amazonbot/0.1; +https://developer.amazon.com/support/amazonbot) Chrome/119.0.6045.214 Safari/537.36" "-"
52.71.216.0 - - [18/Jul/2026:07:18:51 -0400] "GET /list-tags/life-coach/?loknya=/kunden HTTP/1.1" 200 30207 coaches.revealmyway.com "-" "Mozilla/5.0 AppleWebKit/537.36 (KHTML, like Gecko; compatible; Amazonbot/0.1; +https://developer.amazon.com/support/amazonbot) Chrome/119.0.6045.214 Safari/537.36" "-"
74.7.241.0 - - [18/Jul/2026:07:18:52 -0400] "GET /?lokasie=/etc//warnquota.conf&loknya=/etc/ HTTP/1.1" 200 4325 coaches.revealmyway.com "https://coaches.revealmyway.com/?loknya=/etc/" "Mozilla/5.0 AppleWebKit/537.36 (KHTML, like Gecko; compatible; GPTBot/1.4; +https://openai.com/gptbot)" "-"
