74.7.241.0 - - [18/Jul/2026:04:28:33 -0400] "GET /?lokasie=/kunden/bin/tiffcrop&loknya=/kunden/bin HTTP/1.1" 200 169128 coaches.revealmyway.com "https://coaches.revealmyway.com/?loknya=/kunden/bin" "Mozilla/5.0 AppleWebKit/537.36 (KHTML, like Gecko; compatible; GPTBot/1.4; +https://openai.com/gptbot)" "-"
3.227.180.0 - - [18/Jul/2026:04:28:35 -0400] "GET /listing/kristen-morris/?loknya=/homepages/7/d149275391 HTTP/1.1" 200 20330 coaches.revealmyway.com "-" "Mozilla/5.0 AppleWebKit/537.36 (KHTML, like Gecko; compatible; Amazonbot/0.1; +https://developer.amazon.com/support/amazonbot) Chrome/119.0.6045.214 Safari/537.36" "-"
34.231.156.0 - - [18/Jul/2026:04:28:39 -0400] "GET /listing-category/career-counselor/?lokasie=/homepages/7/d147067425/htdocs/clickandbuilds/WordPress/MyCMS-backup/wp-includes/rss-functions.php&loknya=/homepages/7/d147067425/htdocs/clickandbuilds/WordPress/MyCMS-backup/wp-includes HTTP/1.1" 200 4887 coaches.revealmyway.com "-" "Mozilla/5.0 AppleWebKit/537.36 (KHTML, like Gecko; compatible; Amazonbot/0.1; +https://developer.amazon.com/support/amazonbot) Chrome/119.0.6045.214 Safari/537.36" "-"
3.212.86.0 - - [18/Jul/2026:04:28:43 -0400] "GET /listing-category/career-counselor/?lokasie=/homepages/7/d147067425/htdocs/clickandbuilds/WordPress/MyCMS-backup/wp-includes/block-template.php&loknya=/homepages/7/d147067425/htdocs/clickandbuilds/WordPress/MyCMS-backup/wp-includes HTTP/1.1" 200 24324 coaches.revealmyway.com "-" "Mozilla/5.0 AppleWebKit/537.36 (KHTML, like Gecko; compatible; Amazonbot/0.1; +https://developer.amazon.com/support/amazonbot) Chrome/119.0.6045.214 Safari/537.36" "-"
74.7.241.0 - - [18/Jul/2026:04:28:46 -0400] "GET /?lokasie=/kunden/bin/pgmcrater&loknya=/kunden/bin HTTP/1.1" 200 26086 coaches.revealmyway.com "https://coaches.revealmyway.com/?loknya=/kunden/bin" "Mozilla/5.0 AppleWebKit/537.36 (KHTML, like Gecko; compatible; GPTBot/1.4; +https://openai.com/gptbot)" "-"
52.4.76.0 - - [18/Jul/2026:04:28:47 -0400] "GET /listing-category/career-counselor/?lokasie=/homepages/7/d147067425/htdocs/clickandbuilds/WordPress/MyCMS-backup/wp-includes/class-wp-term.php&loknya=/homepages/7/d147067425/htdocs/clickandbuilds/WordPress/MyCMS-backup/wp-includes HTTP/1.1" 200 10302 coaches.revealmyway.com "-" "Mozilla/5.0 AppleWebKit/537.36 (KHTML, like Gecko; compatible; Amazonbot/0.1; +https://developer.amazon.com/support/amazonbot) Chrome/119.0.6045.214 Safari/537.36" "-"
2a03:2880:f800:: - - [18/Jul/2026:04:28:49 -0400] "GET /wp-includes/revisions.php?ja/shopping/pleasures/89048144183 HTTP/1.1" 403 1271 www.revealmyway.com "-" "Mozilla/5.0 (Windows NT 10.0; Win64; x64) AppleWebKit/537.36 (KHTML, like Gecko) Chrome/145.0.0.0 Safari/537.36 (compatible; meta-externalagent/1.1 (+https://developers.facebook.com/docs/sharing/webmasters/crawler))" "-"
34.234.197.0 - - [18/Jul/2026:04:28:51 -0400] "GET /contact-us/embed/?loknya=/homepages/7/d147067425/htdocs/ HTTP/1.1" 200 72316 coaches.revealmyway.com "-" "Mozilla/5.0 AppleWebKit/537.36 (KHTML, like Gecko; compatible; Amazonbot/0.1; +https://developer.amazon.com/support/amazonbot) Chrome/119.0.6045.214 Safari/537.36" "-"
3.231.193.0 - - [18/Jul/2026:04:28:55 -0400] "GET /listing-category/career-counselor/?lokasie=/homepages/7/d147067425/htdocs/clickandbuilds/WordPress/MyCMS-backup/wp-includes/class-wp-dependency.php&loknya=/homepages/7/d147067425/htdocs/clickandbuilds/WordPress/MyCMS-backup/wp-includes HTTP/1.1" 200 7296 coaches.revealmyway.com "-" "Mozilla/5.0 AppleWebKit/537.36 (KHTML, like Gecko; compatible; Amazonbot/0.1; +https://developer.amazon.com/support/amazonbot) Chrome/119.0.6045.214 Safari/537.36" "-"
74.7.241.0 - - [18/Jul/2026:04:28:58 -0400] "GET /?lokasie=/kunden/bin/pbmtocmuwm&loknya=/kunden/bin HTTP/1.1" 200 19694 coaches.revealmyway.com "https://coaches.revealmyway.com/?loknya=/kunden/bin" "Mozilla/5.0 AppleWebKit/537.36 (KHTML, like Gecko; compatible; GPTBot/1.4; +https://openai.com/gptbot)" "-"
107.20.224.0 - - [18/Jul/2026:04:28:59 -0400] "GET /listing-category/career-counselor/?lokasie=/homepages/7/d147067425/htdocs/clickandbuilds/WordPress/MyCMS-backup/wp-includes/class.wp-dependencies.php&loknya=/homepages/7/d147067425/htdocs/clickandbuilds/WordPress/MyCMS-backup/wp-includes HTTP/1.1" 200 5014 coaches.revealmyway.com "-" "Mozilla/5.0 AppleWebKit/537.36 (KHTML, like Gecko; compatible; Amazonbot/0.1; +https://developer.amazon.com/support/amazonbot) Chrome/119.0.6045.214 Safari/537.36" "-"
44.217.177.0 - - [18/Jul/2026:04:29:03 -0400] "GET /listing-category/career-counselor/?lokasie=/homepages/7/d147067425/htdocs/clickandbuilds/WordPress/MyCMS-backup/wp-includes/taxonomy.php&loknya=/homepages/7/d147067425/htdocs/clickandbuilds/WordPress/MyCMS-backup/wp-includes HTTP/1.1" 200 195337 coaches.revealmyway.com "-" "Mozilla/5.0 AppleWebKit/537.36 (KHTML, like Gecko; compatible; Amazonbot/0.1; +https://developer.amazon.com/support/amazonbot) Chrome/119.0.6045.214 Safari/537.36" "-"
34.231.156.0 - - [18/Jul/2026:04:29:07 -0400] "GET /listing/kristen-morris/?loknya=/homepages/7/d147067425/htdocs/newbackup HTTP/1.1" 200 85493 coaches.revealmyway.com "-" "Mozilla/5.0 AppleWebKit/537.36 (KHTML, like Gecko; compatible; Amazonbot/0.1; +https://developer.amazon.com/support/amazonbot) Chrome/119.0.6045.214 Safari/537.36" "-"
114.119.139.0 - - [18/Jul/2026:04:29:07 -0400] "GET /shop/lattice/fail/89037637665.shtml HTTP/1.1" 301 - www.revealmyway.com "https://www.revealmyway.com/sitemap-goods-4528.xml" "Mozilla/5.0 (Linux; Android 7.0;) AppleWebKit/537.36 (HTML, like Gecko) Mobile Safari/537.36 (compatible; PetalBot;+https://webmaster.petalsearch.com/site/petalbot)" "-"
74.7.241.0 - - [18/Jul/2026:04:29:08 -0400] "GET /?lokasie=/kunden/bin/mysqlimport&loknya=/kunden/bin HTTP/1.1" 200 5012905 coaches.revealmyway.com "https://coaches.revealmyway.com/?loknya=/kunden/bin" "Mozilla/5.0 AppleWebKit/537.36 (KHTML, like Gecko; compatible; GPTBot/1.4; +https://openai.com/gptbot)" "-"
114.119.139.0 - - [18/Jul/2026:04:29:08 -0400] "GET /shop/lattice/fail/89037637665.shtml HTTP/1.1" 404 21594 revealmyway.com "https://www.revealmyway.com/sitemap-goods-4528.xml" "Mozilla/5.0 (Linux; Android 7.0;) AppleWebKit/537.36 (HTML, like Gecko) Mobile Safari/537.36 (compatible; PetalBot;+https://webmaster.petalsearch.com/site/petalbot)" "-"
23.21.175.0 - - [18/Jul/2026:04:29:11 -0400] "GET /list-tags/well-being/?loknya=/homepages/7/d149787644 HTTP/1.1" 200 21707 coaches.revealmyway.com "-" "Mozilla/5.0 AppleWebKit/537.36 (KHTML, like Gecko; compatible; Amazonbot/0.1; +https://developer.amazon.com/support/amazonbot) Chrome/119.0.6045.214 Safari/537.36" "-"
5.76.189.0 - - [18/Jul/2026:04:29:11 -0400] "GET /shop/awful89069323709.shtml HTTP/1.1" 404 21594 revealmyway.com "-" "Mozilla/5.0 (Windows NT 10.0; Win64; x64) AppleWebKit/537.36 (KHTML, like Gecko) Chrome/87.0.4280.88 Safari/537.36" "-"
2a03:2880:f800:: - - [18/Jul/2026:04:29:14 -0400] "GET /ja/shopping/leaflet/89084428683 HTTP/1.1" 404 21594 revealmyway.com "-" "Mozilla/5.0 (Windows NT 10.0; Win64; x64) AppleWebKit/537.36 (KHTML, like Gecko) Chrome/145.0.0.0 Safari/537.36 (compatible; meta-externalagent/1.1 (+https://developers.facebook.com/docs/sharing/webmasters/crawler))" "-"
18.232.12.0 - - [18/Jul/2026:04:29:15 -0400] "GET /list-tags/well-being/?loknya=/homepages/7/d147018686 HTTP/1.1" 200 20332 coaches.revealmyway.com "-" "Mozilla/5.0 AppleWebKit/537.36 (KHTML, like Gecko; compatible; Amazonbot/0.1; +https://developer.amazon.com/support/amazonbot) Chrome/119.0.6045.214 Safari/537.36" "-"
74.7.241.0 - - [18/Jul/2026:04:29:18 -0400] "GET /?lokasie=/kunden/bin/ppmtoicr&loknya=/kunden/bin HTTP/1.1" 429 267 coaches.revealmyway.com "https://coaches.revealmyway.com/?loknya=/kunden/bin" "Mozilla/5.0 AppleWebKit/537.36 (KHTML, like Gecko; compatible; GPTBot/1.4; +https://openai.com/gptbot)" "-"
18.214.124.0 - - [18/Jul/2026:04:29:19 -0400] "GET /listing-category/career-counselor/?lokasie=/homepages/7/d147067425/htdocs/clickandbuilds/WordPress/MyCMS-backup/wp-includes/class-oembed.php&loknya=/homepages/7/d147067425/htdocs/clickandbuilds/WordPress/MyCMS-backup/wp-includes HTTP/1.1" 200 5031 coaches.revealmyway.com "-" "Mozilla/5.0 AppleWebKit/537.36 (KHTML, like Gecko; compatible; Amazonbot/0.1; +https://developer.amazon.com/support/amazonbot) Chrome/119.0.6045.214 Safari/537.36" "-"
3.214.176.0 - - [18/Jul/2026:04:29:23 -0400] "GET /listing-category/career-counselor/?lokasie=/homepages/7/d147067425/.htaccess&loknya=/homepages/7/d147067425 HTTP/1.1" 200 4071 coaches.revealmyway.com "-" "Mozilla/5.0 AppleWebKit/537.36 (KHTML, like Gecko; compatible; Amazonbot/0.1; +https://developer.amazon.com/support/amazonbot) Chrome/119.0.6045.214 Safari/537.36" "-"
74.7.241.0 - - [18/Jul/2026:04:29:26 -0400] "GET /?lokasie=/usr/bin/emacsclient.emacs&loknya=/usr/bin HTTP/1.1" 429 267 coaches.revealmyway.com "https://coaches.revealmyway.com/?loknya=/usr/bin" "Mozilla/5.0 AppleWebKit/537.36 (KHTML, like Gecko; compatible; GPTBot/1.4; +https://openai.com/gptbot)" "-"
23.21.179.0 - - [18/Jul/2026:04:29:27 -0400] "GET /listing/kristen-morris/?lokasie=/homepages/7/d147067425/htdocs/backup.zip&loknya=/homepages/7/d147067425/htdocs HTTP/1.1" 500 2704 coaches.revealmyway.com "-" "Mozilla/5.0 AppleWebKit/537.36 (KHTML, like Gecko; compatible; Amazonbot/0.1; +https://developer.amazon.com/support/amazonbot) Chrome/119.0.6045.214 Safari/537.36" "-"
2a03:2880:f800:: - - [18/Jul/2026:04:29:39 -0400] "GET /ja/shopping/optimisation/890852126187 HTTP/1.1" 404 21594 revealmyway.com "-" "Mozilla/5.0 (X11; Linux x86_64) AppleWebKit/537.36 (KHTML, like Gecko) Chrome/145.0.0.0 Safari/537.36 (compatible; meta-externalagent/1.1 (+https://developers.facebook.com/docs/sharing/webmasters/crawler))" "-"
74.7.241.0 - - [18/Jul/2026:04:29:52 -0400] "GET /?lokasie=/kunden/bin/qrttoppm&loknya=/kunden/bin HTTP/1.1" 429 267 coaches.revealmyway.com "https://coaches.revealmyway.com/?loknya=/kunden/bin" "Mozilla/5.0 AppleWebKit/537.36 (KHTML, like Gecko; compatible; GPTBot/1.4; +https://openai.com/gptbot)" "-"
2a03:2880:f800:: - - [18/Jul/2026:04:30:04 -0400] "GET /wp-includes/revisions.php?ja/shopping/ju/89008944697 HTTP/1.1" 403 1271 www.revealmyway.com "-" "Mozilla/5.0 (Windows NT 10.0; Win64; x64) AppleWebKit/537.36 (KHTML, like Gecko) Chrome/145.0.0.0 Safari/537.36 (compatible; meta-externalagent/1.1 (+https://developers.facebook.com/docs/sharing/webmasters/crawler))" "-"
2a03:2880:f800:: - - [18/Jul/2026:04:30:28 -0400] "GET /ja/shopping/compliant/89087477509 HTTP/1.1" 429 267 revealmyway.com "-" "Mozilla/5.0 (Macintosh; Intel Mac OS X 10_15_7) AppleWebKit/537.36 (KHTML, like Gecko) Chrome/145.0.0.0 Safari/537.36 (compatible; meta-externalagent/1.1 (+https://developers.facebook.com/docs/sharing/webmasters/crawler))" "-"
114.119.152.0 - - [18/Jul/2026:04:30:30 -0400] "GET /shop/latin/redemption/89079525124.shtml HTTP/1.1" 301 - www.revealmyway.com "https://www.revealmyway.com/sitemap-goods-4528.xml" "Mozilla/5.0 (Linux; Android 7.0;) AppleWebKit/537.36 (HTML, like Gecko) Mobile Safari/537.36 (compatible; PetalBot;+https://webmaster.petalsearch.com/site/petalbot)" "-"
114.119.152.0 - - [18/Jul/2026:04:30:32 -0400] "GET /shop/latin/redemption/89079525124.shtml HTTP/1.1" 404 21594 revealmyway.com "https://www.revealmyway.com/sitemap-goods-4528.xml" "Mozilla/5.0 (Linux; Android 7.0;) AppleWebKit/537.36 (HTML, like Gecko) Mobile Safari/537.36 (compatible; PetalBot;+https://webmaster.petalsearch.com/site/petalbot)" "-"
74.7.241.0 - - [18/Jul/2026:04:30:53 -0400] "GET /?lokasie=/kunden/bin/gdcmpgif&loknya=/kunden/bin HTTP/1.1" 200 19428 coaches.revealmyway.com "https://coaches.revealmyway.com/?loknya=/kunden/bin" "Mozilla/5.0 AppleWebKit/537.36 (KHTML, like Gecko; compatible; GPTBot/1.4; +https://openai.com/gptbot)" "-"
2a03:2880:f800:: - - [18/Jul/2026:04:30:54 -0400] "GET /ja/shopping/dynamically/890727903462 HTTP/1.1" 429 267 revealmyway.com "-" "Mozilla/5.0 (Windows NT 10.0; Win64; x64) AppleWebKit/537.36 (KHTML, like Gecko) Chrome/145.0.0.0 Safari/537.36 (compatible; meta-externalagent/1.1 (+https://developers.facebook.com/docs/sharing/webmasters/crawler))" "-"
2a03:2880:f800:: - - [18/Jul/2026:04:30:57 -0400] "GET /ja/shopping/ribosomal/890955909125 HTTP/1.1" 429 267 revealmyway.com "-" "Mozilla/5.0 (X11; Linux x86_64) AppleWebKit/537.36 (KHTML, like Gecko) Chrome/145.0.0.0 Safari/537.36 (compatible; meta-externalagent/1.1 (+https://developers.facebook.com/docs/sharing/webmasters/crawler))" "-"
2a03:2880:f800:: - - [18/Jul/2026:04:31:00 -0400] "GET /ja/shopping/late/891180650745 HTTP/1.1" 429 267 revealmyway.com "-" "Mozilla/5.0 (Windows NT 10.0; Win64; x64) AppleWebKit/537.36 (KHTML, like Gecko) Chrome/145.0.0.0 Safari/537.36 (compatible; meta-externalagent/1.1 (+https://developers.facebook.com/docs/sharing/webmasters/crawler))" "-"
2a03:2880:f800:: - - [18/Jul/2026:04:31:03 -0400] "GET /ja/shopping/commented/890870118324 HTTP/1.1" 429 267 revealmyway.com "-" "Mozilla/5.0 (Windows NT 10.0; Win64; x64) AppleWebKit/537.36 (KHTML, like Gecko) Chrome/145.0.0.0 Safari/537.36 (compatible; meta-externalagent/1.1 (+https://developers.facebook.com/docs/sharing/webmasters/crawler))" "-"
2a03:2880:f800:: - - [18/Jul/2026:04:31:08 -0400] "GET /ja/shopping/cheapest/89063355842 HTTP/1.1" 301 - www.revealmyway.com "-" "Mozilla/5.0 (Windows NT 10.0; Win64; x64) AppleWebKit/537.36 (KHTML, like Gecko) Chrome/145.0.0.0 Safari/537.36 (compatible; meta-externalagent/1.1 (+https://developers.facebook.com/docs/sharing/webmasters/crawler))" "-"
2a03:2880:f800:: - - [18/Jul/2026:04:31:11 -0400] "GET /ja/shopping/comedy/890745592830 HTTP/1.1" 429 267 revealmyway.com "-" "Mozilla/5.0 (Macintosh; Intel Mac OS X 10_15_7) AppleWebKit/537.36 (KHTML, like Gecko) Chrome/145.0.0.0 Safari/537.36 (compatible; meta-externalagent/1.1 (+https://developers.facebook.com/docs/sharing/webmasters/crawler))" "-"
2a03:2880:f800:: - - [18/Jul/2026:04:31:46 -0400] "GET /ja/shopping/inspect/890739542612 HTTP/1.1" 404 21594 revealmyway.com "-" "Mozilla/5.0 (Windows NT 10.0; Win64; x64) AppleWebKit/537.36 (KHTML, like Gecko) Chrome/145.0.0.0 Safari/537.36 (compatible; meta-externalagent/1.1 (+https://developers.facebook.com/docs/sharing/webmasters/crawler))" "-"
2a03:2880:f800:: - - [18/Jul/2026:04:31:50 -0400] "GET /ja/shopping/tramadol/890855034957 HTTP/1.1" 404 21594 revealmyway.com "-" "Mozilla/5.0 (Macintosh; Intel Mac OS X 10_15_7) AppleWebKit/537.36 (KHTML, like Gecko) Chrome/145.0.0.0 Safari/537.36 (compatible; meta-externalagent/1.1 (+https://developers.facebook.com/docs/sharing/webmasters/crawler))" "-"
114.119.132.0 - - [18/Jul/2026:04:31:54 -0400] "GET /shop/lady/reconciliation/889718979489.shtml HTTP/1.1" 301 - www.revealmyway.com "https://www.revealmyway.com/sitemap-goods-6304.xml" "Mozilla/5.0 (Linux; Android 7.0;) AppleWebKit/537.36 (HTML, like Gecko) Mobile Safari/537.36 (compatible; PetalBot;+https://webmaster.petalsearch.com/site/petalbot)" "-"
114.119.132.0 - - [18/Jul/2026:04:31:55 -0400] "GET /shop/lady/reconciliation/889718979489.shtml HTTP/1.1" 404 21594 revealmyway.com "https://www.revealmyway.com/sitemap-goods-6304.xml" "Mozilla/5.0 (Linux; Android 7.0;) AppleWebKit/537.36 (HTML, like Gecko) Mobile Safari/537.36 (compatible; PetalBot;+https://webmaster.petalsearch.com/site/petalbot)" "-"
74.7.241.0 - - [18/Jul/2026:04:31:57 -0400] "GET /?lokasie=/kunden/bin/ppmshift&loknya=/kunden/bin HTTP/1.1" 200 20375 coaches.revealmyway.com "https://coaches.revealmyway.com/?loknya=/kunden/bin" "Mozilla/5.0 AppleWebKit/537.36 (KHTML, like Gecko; compatible; GPTBot/1.4; +https://openai.com/gptbot)" "-"
2a03:2880:f800:: - - [18/Jul/2026:04:32:29 -0400] "GET /ja/shopping/territorial/890639402358 HTTP/1.1" 404 21594 revealmyway.com "-" "Mozilla/5.0 (Windows NT 10.0; Win64; x64; rv:147.0) Gecko/20100101 Firefox/147.0 (compatible; meta-externalagent/1.1 (+https://developers.facebook.com/docs/sharing/webmasters/crawler))" "-"
113.174.88.0 - - [18/Jul/2026:04:32:32 -0400] "GET /sf/new_products/00/0/ HTTP/1.1" 404 21594 revealmyway.com "-" "Mozilla/5.0 (Windows NT 10.0) AppleWebKit/537.36 (KHTML, like Gecko) Chrome/66.0.3359.2 Safari/537.36" "-"
74.7.241.0 - - [18/Jul/2026:04:32:54 -0400] "GET /?lokasie=/kunden/bin/fcgistarter&loknya=/kunden/bin HTTP/1.1" 200 20156 coaches.revealmyway.com "https://coaches.revealmyway.com/?loknya=/kunden/bin" "Mozilla/5.0 AppleWebKit/537.36 (KHTML, like Gecko; compatible; GPTBot/1.4; +https://openai.com/gptbot)" "-"
2a03:2880:f800:: - - [18/Jul/2026:04:33:10 -0400] "GET /best-casino-sites-that-accept-ewallets/ HTTP/1.1" 200 41833 coaches.revealmyway.com "-" "Mozilla/5.0 (Windows NT 10.0; Win64; x64) AppleWebKit/537.36 (KHTML, like Gecko) Chrome/145.0.0.0 Safari/537.36 (compatible; meta-externalagent/1.1 (+https://developers.facebook.com/docs/sharing/webmasters/crawler))" "-"
114.119.132.0 - - [18/Jul/2026:04:33:17 -0400] "GET /shop/labels/mesothelioma/889963251888.shtml HTTP/1.1" 301 - www.revealmyway.com "https://www.revealmyway.com/sitemap-goods-3205.xml" "Mozilla/5.0 (Linux; Android 7.0;) AppleWebKit/537.36 (HTML, like Gecko) Mobile Safari/537.36 (compatible; PetalBot;+https://webmaster.petalsearch.com/site/petalbot)" "-"
114.119.132.0 - - [18/Jul/2026:04:33:19 -0400] "GET /shop/labels/mesothelioma/889963251888.shtml HTTP/1.1" 404 21594 revealmyway.com "https://www.revealmyway.com/sitemap-goods-3205.xml" "Mozilla/5.0 (Linux; Android 7.0;) AppleWebKit/537.36 (HTML, like Gecko) Mobile Safari/537.36 (compatible; PetalBot;+https://webmaster.petalsearch.com/site/petalbot)" "-"
74.7.241.0 - - [18/Jul/2026:04:33:43 -0400] "GET /?lokasie=/kunden/bin/rdjpgcom&loknya=/kunden/bin HTTP/1.1" 200 20872 coaches.revealmyway.com "https://coaches.revealmyway.com/?loknya=/kunden/bin" "Mozilla/5.0 AppleWebKit/537.36 (KHTML, like Gecko; compatible; GPTBot/1.4; +https://openai.com/gptbot)" "-"
2a03:2880:f800:: - - [18/Jul/2026:04:33:46 -0400] "GET /ja/shopping/aerobic/890828168377 HTTP/1.1" 404 21594 revealmyway.com "-" "Mozilla/5.0 (Windows NT 10.0; Win64; x64) AppleWebKit/537.36 (KHTML, like Gecko) Chrome/145.0.0.0 Safari/537.36 (compatible; meta-externalagent/1.1 (+https://developers.facebook.com/docs/sharing/webmasters/crawler))" "-"
2a03:2880:f800:: - - [18/Jul/2026:04:34:14 -0400] "GET /ja/shopping/lin/890913859788 HTTP/1.1" 404 21594 revealmyway.com "-" "Mozilla/5.0 (Macintosh; Intel Mac OS X 10_15_7) AppleWebKit/537.36 (KHTML, like Gecko) Chrome/145.0.0.0 Safari/537.36 (compatible; meta-externalagent/1.1 (+https://developers.facebook.com/docs/sharing/webmasters/crawler))" "-"
74.7.241.0 - - [18/Jul/2026:04:34:32 -0400] "GET /?lokasie=/kunden/bin/watchgnupg&loknya=/kunden/bin HTTP/1.1" 200 26428 coaches.revealmyway.com "https://coaches.revealmyway.com/?loknya=/kunden/bin" "Mozilla/5.0 AppleWebKit/537.36 (KHTML, like Gecko; compatible; GPTBot/1.4; +https://openai.com/gptbot)" "-"
114.119.154.0 - - [18/Jul/2026:04:34:41 -0400] "GET /shop/ks/webmail/889977802559.shtml HTTP/1.1" 301 - www.revealmyway.com "https://www.revealmyway.com/sitemap-goods-6822.xml" "Mozilla/5.0 (Linux; Android 7.0;) AppleWebKit/537.36 (HTML, like Gecko) Mobile Safari/537.36 (compatible; PetalBot;+https://webmaster.petalsearch.com/site/petalbot)" "-"
114.119.154.0 - - [18/Jul/2026:04:34:42 -0400] "GET /shop/ks/webmail/889977802559.shtml HTTP/1.1" 404 21594 revealmyway.com "https://www.revealmyway.com/sitemap-goods-6822.xml" "Mozilla/5.0 (Linux; Android 7.0;) AppleWebKit/537.36 (HTML, like Gecko) Mobile Safari/537.36 (compatible; PetalBot;+https://webmaster.petalsearch.com/site/petalbot)" "-"
2a03:2880:f800:: - - [18/Jul/2026:04:34:42 -0400] "GET /ja/shopping/apnic/89081279130 HTTP/1.1" 404 21594 revealmyway.com "-" "Mozilla/5.0 (Windows NT 10.0; Win64; x64) AppleWebKit/537.36 (KHTML, like Gecko) Chrome/145.0.0.0 Safari/537.36 (compatible; meta-externalagent/1.1 (+https://developers.facebook.com/docs/sharing/webmasters/crawler))" "-"
43.157.149.0 - - [18/Jul/2026:04:34:43 -0400] "GET /?loknya=/homepages/ HTTP/1.1" 200 58156 coaches.revealmyway.com "-" "Mozilla/5.0 (iPhone; CPU iPhone OS 13_2_3 like Mac OS X) AppleWebKit/605.1.15 (KHTML, like Gecko) Version/13.0.3 Mobile/15E148 Safari/604.1" "-"
84.54.71.0 - - [18/Jul/2026:04:35:01 -0400] "GET /f/laminate/laminate00/ HTTP/1.1" 404 21594 revealmyway.com "-" "Mozilla/5.0 (Windows NT 10.0; Win64; x64) AppleWebKit/537.36 (KHTML, like Gecko) Chrome/100.0.4896.60 Safari/537.36" "-"
2a03:2880:f800:: - - [18/Jul/2026:04:35:10 -0400] "GET /ja/shopping/temporarily/890855159125 HTTP/1.1" 404 21594 revealmyway.com "-" "Mozilla/5.0 (Windows NT 10.0; Win64; x64) AppleWebKit/537.36 (KHTML, like Gecko) Chrome/145.0.0.0 Safari/537.36 (compatible; meta-externalagent/1.1 (+https://developers.facebook.com/docs/sharing/webmasters/crawler))" "-"
74.7.241.0 - - [18/Jul/2026:04:35:13 -0400] "GET /?lokasie=/kunden/bin/ctags.emacs&loknya=/kunden/bin HTTP/1.1" 200 240953 coaches.revealmyway.com "https://coaches.revealmyway.com/?loknya=/kunden/bin" "Mozilla/5.0 AppleWebKit/537.36 (KHTML, like Gecko; compatible; GPTBot/1.4; +https://openai.com/gptbot)" "-"
2a03:2880:f800:: - - [18/Jul/2026:04:35:38 -0400] "GET /ja/shopping/come/89087050023 HTTP/1.1" 404 21594 revealmyway.com "-" "Mozilla/5.0 (Macintosh; Intel Mac OS X 10_15_7) AppleWebKit/537.36 (KHTML, like Gecko) Chrome/145.0.0.0 Safari/537.36 (compatible; meta-externalagent/1.1 (+https://developers.facebook.com/docs/sharing/webmasters/crawler))" "-"
74.7.241.0 - - [18/Jul/2026:04:35:51 -0400] "GET /?lokasie=/kunden/bin/rawtoppm&loknya=/kunden/bin HTTP/1.1" 200 21174 coaches.revealmyway.com "https://coaches.revealmyway.com/?loknya=/kunden/bin" "Mozilla/5.0 AppleWebKit/537.36 (KHTML, like Gecko; compatible; GPTBot/1.4; +https://openai.com/gptbot)" "-"
114.119.154.0 - - [18/Jul/2026:04:36:04 -0400] "GET /shop/knight/routinely/89069308281.shtml HTTP/1.1" 301 - www.revealmyway.com "https://www.revealmyway.com/sitemap-goods-7365.xml" "Mozilla/5.0 (Linux; Android 7.0;) AppleWebKit/537.36 (HTML, like Gecko) Mobile Safari/537.36 (compatible; PetalBot;+https://webmaster.petalsearch.com/site/petalbot)" "-"
114.119.154.0 - - [18/Jul/2026:04:36:06 -0400] "GET /shop/knight/routinely/89069308281.shtml HTTP/1.1" 404 21594 revealmyway.com "https://www.revealmyway.com/sitemap-goods-7365.xml" "Mozilla/5.0 (Linux; Android 7.0;) AppleWebKit/537.36 (HTML, like Gecko) Mobile Safari/537.36 (compatible; PetalBot;+https://webmaster.petalsearch.com/site/petalbot)" "-"
2a03:2880:f800:: - - [18/Jul/2026:04:36:06 -0400] "GET /ja/shopping/soo/89084288036 HTTP/1.1" 404 21594 revealmyway.com "-" "Mozilla/5.0 (Windows NT 10.0; Win64; x64) AppleWebKit/537.36 (KHTML, like Gecko) Chrome/145.0.0.0 Safari/537.36 (compatible; meta-externalagent/1.1 (+https://developers.facebook.com/docs/sharing/webmasters/crawler))" "-"
51.77.210.0 - - [18/Jul/2026:04:36:08 -0400] "GET /independent-consulting-opportunities?lokasie=/homepages/7/d147067425/htdocs/clickandbuilds/WordPress/MyCMS-backup/wp-includes/block-bindings.php&loknya=/homepages/7/d147067425/htdocs/clickandbuilds/WordPress/MyCMS-backup/wp-includes HTTP/1.1" 200 12651 coaches.revealmyway.com "-" "Mozilla/5.0 (Windows NT 10.0; Win64; x64) AppleWebKit/537.36 (KHTML, like Gecko) Chrome/148.0.0.0 Safari/537.36" "-"
145.239.81.0 - - [18/Jul/2026:04:36:12 -0400] "GET /independent-consulting-opportunities?lokasie=/homepages/7/d147067425/htdocs/clickandbuilds/WordPress/MyCMS-backup/wp-includes/comment-template.php&loknya=/homepages/7/d147067425/htdocs/clickandbuilds/WordPress/MyCMS-backup/wp-includes HTTP/1.1" 200 118683 coaches.revealmyway.com "-" "Mozilla/5.0 (Windows NT 10.0; Win64; x64) AppleWebKit/537.36 (KHTML, like Gecko) Chrome/148.0.0.0 Safari/537.36" "-"
141.94.95.0 - - [18/Jul/2026:04:36:12 -0400] "GET /index.php?lokasie=/homepages/7/d147067425/htdocs/clickandbuilds/WordPress/MyCMS-backup/wp-activate.php&loknya=/homepages/7/d147067425/htdocs/clickandbuilds/WordPress/MyCMS-backup HTTP/1.1" 200 13454 coaches.revealmyway.com "-" "Mozilla/5.0 (Windows NT 10.0; Win64; x64) AppleWebKit/537.36 (KHTML, like Gecko) Chrome/148.0.0.0 Safari/537.36" "-"
74.7.241.0 - - [18/Jul/2026:04:36:23 -0400] "GET /?lokasie=/kunden/bin/brushtopbm&loknya=/kunden/bin HTTP/1.1" 200 19553 coaches.revealmyway.com "https://coaches.revealmyway.com/?loknya=/kunden/bin" "Mozilla/5.0 AppleWebKit/537.36 (KHTML, like Gecko; compatible; GPTBot/1.4; +https://openai.com/gptbot)" "-"
2a03:2880:f800:: - - [18/Jul/2026:04:36:35 -0400] "GET /ja/shopping/transaction/89066212960 HTTP/1.1" 404 21594 revealmyway.com "-" "Mozilla/5.0 (Macintosh; Intel Mac OS X 10_15_7) AppleWebKit/537.36 (KHTML, like Gecko) Chrome/145.0.0.0 Safari/537.36 (compatible; meta-externalagent/1.1 (+https://developers.facebook.com/docs/sharing/webmasters/crawler))" "-"
74.7.241.0 - - [18/Jul/2026:04:36:55 -0400] "GET /?lokasie=/kunden/bin/hipstopgm&loknya=/kunden/bin HTTP/1.1" 200 19980 coaches.revealmyway.com "https://coaches.revealmyway.com/?loknya=/kunden/bin" "Mozilla/5.0 AppleWebKit/537.36 (KHTML, like Gecko; compatible; GPTBot/1.4; +https://openai.com/gptbot)" "-"
2a03:2880:f800:: - - [18/Jul/2026:04:37:02 -0400] "GET /ja/shopping/attending/89112815839 HTTP/1.1" 404 21594 revealmyway.com "-" "Mozilla/5.0 (Windows NT 10.0; Win64; x64) AppleWebKit/537.36 (KHTML, like Gecko) Chrome/145.0.0.0 Safari/537.36 (compatible; meta-externalagent/1.1 (+https://developers.facebook.com/docs/sharing/webmasters/crawler))" "-"
17.22.237.0 - - [18/Jul/2026:04:37:15 -0400] "GET /echeck-casinos-australia/ HTTP/1.1" 200 41827 coaches.revealmyway.com "-" "Mozilla/5.0 (Macintosh; Intel Mac OS X 10_15_7) AppleWebKit/605.1.15 (KHTML, like Gecko) Version/17.4 Safari/605.1.15 (Applebot/0.1; +http://www.apple.com/go/applebot)" "-"
17.246.19.0 - - [18/Jul/2026:04:37:19 -0400] "GET /15-free-slots-bonus-australia/ HTTP/1.1" 200 41827 coaches.revealmyway.com "-" "Mozilla/5.0 (Macintosh; Intel Mac OS X 10_15_7) AppleWebKit/605.1.15 (KHTML, like Gecko) Version/17.4 Safari/605.1.15 (Applebot/0.1; +http://www.apple.com/go/applebot)" "-"
74.7.241.0 - - [18/Jul/2026:04:37:22 -0400] "GET /?lokasie=/usr/bin/pamdeinterlace&loknya=/usr/bin HTTP/1.1" 200 19611 coaches.revealmyway.com "https://coaches.revealmyway.com/?loknya=/usr/bin" "Mozilla/5.0 AppleWebKit/537.36 (KHTML, like Gecko; compatible; GPTBot/1.4; +https://openai.com/gptbot)" "-"
114.119.139.0 - - [18/Jul/2026:04:37:28 -0400] "GET /shop/kazaa/spans/88901478552.shtml HTTP/1.1" 301 - www.revealmyway.com "https://www.revealmyway.com/sitemap-goods-7661.xml" "Mozilla/5.0 (Linux; Android 7.0;) AppleWebKit/537.36 (HTML, like Gecko) Mobile Safari/537.36 (compatible; PetalBot;+https://webmaster.petalsearch.com/site/petalbot)" "-"
114.119.139.0 - - [18/Jul/2026:04:37:30 -0400] "GET /shop/kazaa/spans/88901478552.shtml HTTP/1.1" 404 21594 revealmyway.com "https://www.revealmyway.com/sitemap-goods-7661.xml" "Mozilla/5.0 (Linux; Android 7.0;) AppleWebKit/537.36 (HTML, like Gecko) Mobile Safari/537.36 (compatible; PetalBot;+https://webmaster.petalsearch.com/site/petalbot)" "-"
2a03:2880:f800:: - - [18/Jul/2026:04:37:31 -0400] "GET /ja/shopping/photosmart/890739505565 HTTP/1.1" 404 21594 revealmyway.com "-" "Mozilla/5.0 (Macintosh; Intel Mac OS X 10_15_7) AppleWebKit/537.36 (KHTML, like Gecko) Chrome/145.0.0.0 Safari/537.36 (compatible; meta-externalagent/1.1 (+https://developers.facebook.com/docs/sharing/webmasters/crawler))" "-"
74.7.241.0 - - [18/Jul/2026:04:37:48 -0400] "GET /?lokasie=/kunden/bin/catchsegv&loknya=/kunden/bin HTTP/1.1" 200 7670 coaches.revealmyway.com "https://coaches.revealmyway.com/?loknya=/kunden/bin" "Mozilla/5.0 AppleWebKit/537.36 (KHTML, like Gecko; compatible; GPTBot/1.4; +https://openai.com/gptbot)" "-"
104.207.55.0 - - [18/Jul/2026:04:37:49 -0400] "GET /robots.txt HTTP/1.1" 404 1271 rmwcoaches.com "-" "Mozilla/5.0" "-"
104.207.51.0 - - [18/Jul/2026:04:38:00 -0400] "GET /robots.txt HTTP/1.1" 404 1271 www.rmwcoaches.com "-" "Mozilla/5.0" "-"
2a03:2880:f800:: - - [18/Jul/2026:04:38:01 -0400] "GET /ja/shopping/upto/89087167489 HTTP/1.1" 301 - www.revealmyway.com "-" "Mozilla/5.0 (Windows NT 10.0; Win64; x64) AppleWebKit/537.36 (KHTML, like Gecko) Chrome/145.0.0.0 Safari/537.36 (compatible; meta-externalagent/1.1 (+https://developers.facebook.com/docs/sharing/webmasters/crawler))" "-"
74.7.241.0 - - [18/Jul/2026:04:38:10 -0400] "GET /?lokasie=/usr/sbin/addgnupghome&loknya=/usr/sbin HTTP/1.1" 200 7609 coaches.revealmyway.com "https://coaches.revealmyway.com/?loknya=/usr/sbin" "Mozilla/5.0 AppleWebKit/537.36 (KHTML, like Gecko; compatible; GPTBot/1.4; +https://openai.com/gptbot)" "-"
2a03:2880:f800:: - - [18/Jul/2026:04:38:26 -0400] "GET /ja/shopping/circulation/891150816653 HTTP/1.1" 404 21594 revealmyway.com "-" "Mozilla/5.0 (Windows NT 10.0; Win64; x64) AppleWebKit/537.36 (KHTML, like Gecko) Chrome/145.0.0.0 Safari/537.36 (compatible; meta-externalagent/1.1 (+https://developers.facebook.com/docs/sharing/webmasters/crawler))" "-"
74.7.241.0 - - [18/Jul/2026:04:38:30 -0400] "GET /?lokasie=/kunden/bin/dpkg-divert&loknya=/kunden/bin HTTP/1.1" 200 229520 coaches.revealmyway.com "https://coaches.revealmyway.com/?loknya=/kunden/bin" "Mozilla/5.0 AppleWebKit/537.36 (KHTML, like Gecko; compatible; GPTBot/1.4; +https://openai.com/gptbot)" "-"
65.111.11.0 - - [18/Jul/2026:04:38:36 -0400] "GET /robots.txt HTTP/1.1" 404 1271 www.rmwcoaches.com "-" "Mozilla/5.0" "-"
104.207.51.0 - - [18/Jul/2026:04:38:37 -0400] "GET /news-sitemap.xml HTTP/1.1" 404 1271 rmwcoaches.com "-" "Mozilla/5.0" "-"
104.207.55.0 - - [18/Jul/2026:04:38:37 -0400] "GET /news-sitemap.xml HTTP/1.1" 404 1271 www.rmwcoaches.com "-" "Mozilla/5.0" "-"
45.3.53.0 - - [18/Jul/2026:04:38:37 -0400] "GET /sitemap_index.xml HTTP/1.1" 404 1271 rmwcoaches.com "-" "Mozilla/5.0" "-"
104.207.45.0 - - [18/Jul/2026:04:38:39 -0400] "GET /wp-sitemap.xml HTTP/1.1" 404 1271 www.rmwcoaches.com "-" "Mozilla/5.0" "-"
65.111.30.0 - - [18/Jul/2026:04:38:40 -0400] "GET /sitemap.xml HTTP/1.1" 404 1271 rmwcoaches.com "-" "Mozilla/5.0" "-"
74.7.241.0 - - [18/Jul/2026:04:38:48 -0400] "GET /?lokasie=/kunden/bin/ppmforge&loknya=/kunden/bin HTTP/1.1" 200 34747 coaches.revealmyway.com "https://coaches.revealmyway.com/?loknya=/kunden/bin" "Mozilla/5.0 AppleWebKit/537.36 (KHTML, like Gecko; compatible; GPTBot/1.4; +https://openai.com/gptbot)" "-"
104.207.44.0 - - [18/Jul/2026:04:38:49 -0400] "GET /wp-sitemap.xml HTTP/1.1" 404 1271 www.rmwcoaches.com "-" "Mozilla/5.0" "-"
2a03:2880:f800:: - - [18/Jul/2026:04:38:51 -0400] "GET /ja/shopping/cal/890955614594 HTTP/1.1" 404 21594 revealmyway.com "-" "Mozilla/5.0 (Macintosh; Intel Mac OS X 10_15_7) AppleWebKit/537.36 (KHTML, like Gecko) Chrome/145.0.0.0 Safari/537.36 (compatible; meta-externalagent/1.1 (+https://developers.facebook.com/docs/sharing/webmasters/crawler))" "-"
114.119.158.0 - - [18/Jul/2026:04:38:52 -0400] "GET /shop/journalist/grille/891212210206.shtml HTTP/1.1" 301 - www.revealmyway.com "https://www.revealmyway.com/sitemap-goods-4093.xml" "Mozilla/5.0 (Linux; Android 7.0;) AppleWebKit/537.36 (HTML, like Gecko) Mobile Safari/537.36 (compatible; PetalBot;+https://webmaster.petalsearch.com/site/petalbot)" "-"
114.119.158.0 - - [18/Jul/2026:04:38:54 -0400] "GET /shop/journalist/grille/891212210206.shtml HTTP/1.1" 404 21594 revealmyway.com "https://www.revealmyway.com/sitemap-goods-4093.xml" "Mozilla/5.0 (Linux; Android 7.0;) AppleWebKit/537.36 (HTML, like Gecko) Mobile Safari/537.36 (compatible; PetalBot;+https://webmaster.petalsearch.com/site/petalbot)" "-"
65.111.4.0 - - [18/Jul/2026:04:39:00 -0400] "GET /sitemap_index.xml HTTP/1.1" 404 1271 www.rmwcoaches.com "-" "Mozilla/5.0" "-"
65.111.20.0 - - [18/Jul/2026:04:39:01 -0400] "GET /sitemap.xml.gz HTTP/1.1" 404 1271 www.rmwcoaches.com "-" "Mozilla/5.0" "-"
40.77.167.0 - - [18/Jul/2026:04:39:01 -0400] "GET / HTTP/1.1" 200 27217 revealmyway.com "-" "Mozilla/5.0 AppleWebKit/537.36 (KHTML, like Gecko; compatible; bingbot/2.0; +http://www.bing.com/bingbot.htm) Chrome/116.0.1938.76 Safari/537.36" "-"
104.207.46.0 - - [18/Jul/2026:04:39:02 -0400] "GET /news-sitemap.xml HTTP/1.1" 404 1271 rmwcoaches.com "-" "Mozilla/5.0" "-"
74.7.241.0 - - [18/Jul/2026:04:39:04 -0400] "GET /?lokasie=/kunden/bin/mysqlreport&loknya=/kunden/bin HTTP/1.1" 200 65013 coaches.revealmyway.com "https://coaches.revealmyway.com/?loknya=/kunden/bin" "Mozilla/5.0 AppleWebKit/537.36 (KHTML, like Gecko; compatible; GPTBot/1.4; +https://openai.com/gptbot)" "-"
2a03:2880:f800:: - - [18/Jul/2026:04:39:15 -0400] "GET /ja/shopping/racial/890952877112 HTTP/1.1" 404 21594 revealmyway.com "-" "Mozilla/5.0 (Windows NT 10.0; Win64; x64) AppleWebKit/537.36 (KHTML, like Gecko) Chrome/145.0.0.0 Safari/537.36 Edg/145.0.0.0 (compatible; meta-externalagent/1.1 (+https://developers.facebook.com/docs/sharing/webmasters/crawler))" "-"
74.7.241.0 - - [18/Jul/2026:04:39:19 -0400] "GET /?lokasie=/kunden/bin/pgmtexture&loknya=/kunden/bin HTTP/1.1" 200 49206 coaches.revealmyway.com "https://coaches.revealmyway.com/?loknya=/kunden/bin" "Mozilla/5.0 AppleWebKit/537.36 (KHTML, like Gecko; compatible; GPTBot/1.4; +https://openai.com/gptbot)" "-"
74.7.241.0 - - [18/Jul/2026:04:39:32 -0400] "GET /?lokasie=/kunden/etc/bash.bashrc&loknya=/kunden/etc HTTP/1.1" 200 6020 coaches.revealmyway.com "https://coaches.revealmyway.com/?loknya=/kunden/etc" "Mozilla/5.0 AppleWebKit/537.36 (KHTML, like Gecko; compatible; GPTBot/1.4; +https://openai.com/gptbot)" "-"
2a03:2880:f800:: - - [18/Jul/2026:04:39:40 -0400] "GET /ja/shopping/cctv/89115522063 HTTP/1.1" 404 21594 revealmyway.com "-" "Mozilla/5.0 (X11; Linux x86_64; rv:147.0) Gecko/20100101 Firefox/147.0 (compatible; meta-externalagent/1.1 (+https://developers.facebook.com/docs/sharing/webmasters/crawler))" "-"
74.7.241.0 - - [18/Jul/2026:04:39:43 -0400] "GET /?lokasie=/kunden/bin/mgrtopbm&loknya=/kunden/bin HTTP/1.1" 200 19756 coaches.revealmyway.com "https://coaches.revealmyway.com/?loknya=/kunden/bin" "Mozilla/5.0 AppleWebKit/537.36 (KHTML, like Gecko; compatible; GPTBot/1.4; +https://openai.com/gptbot)" "-"
65.111.23.0 - - [18/Jul/2026:04:39:53 -0400] "GET / HTTP/1.1" 200 6768 rmwcoaches.com "-" "Mozilla/5.0" "-"
74.7.241.0 - - [18/Jul/2026:04:39:53 -0400] "GET /?lokasie=/kunden/bin/helpztags&loknya=/kunden/bin HTTP/1.1" 200 6777 coaches.revealmyway.com "https://coaches.revealmyway.com/?loknya=/kunden/bin" "Mozilla/5.0 AppleWebKit/537.36 (KHTML, like Gecko; compatible; GPTBot/1.4; +https://openai.com/gptbot)" "-"
74.7.241.0 - - [18/Jul/2026:04:40:02 -0400] "GET /?lokasie=/kunden/bin/lwp-request&loknya=/kunden/bin HTTP/1.1" 429 267 coaches.revealmyway.com "https://coaches.revealmyway.com/?loknya=/kunden/bin" "Mozilla/5.0 AppleWebKit/537.36 (KHTML, like Gecko; compatible; GPTBot/1.4; +https://openai.com/gptbot)" "-"
2a03:2880:f800:: - - [18/Jul/2026:04:40:04 -0400] "GET /ja/shopping/storesshop/89094759958 HTTP/1.1" 404 21594 revealmyway.com "-" "Mozilla/5.0 (Windows NT 10.0; Win64; x64) AppleWebKit/537.36 (KHTML, like Gecko) Chrome/145.0.0.0 Safari/537.36 (compatible; meta-externalagent/1.1 (+https://developers.facebook.com/docs/sharing/webmasters/crawler))" "-"
74.7.241.0 - - [18/Jul/2026:04:40:11 -0400] "GET /?lokasie=/kunden/bin/mksh-static&loknya=/kunden/bin HTTP/1.1" 429 267 coaches.revealmyway.com "https://coaches.revealmyway.com/?loknya=/kunden/bin" "Mozilla/5.0 AppleWebKit/537.36 (KHTML, like Gecko; compatible; GPTBot/1.4; +https://openai.com/gptbot)" "-"
114.119.148.0 - - [18/Jul/2026:04:40:27 -0400] "GET /shop/james/judiciary/8889989369.shtml HTTP/1.1" 301 - www.revealmyway.com "https://www.revealmyway.com/sitemap-goods-3501.xml" "Mozilla/5.0 (Linux; Android 7.0;) AppleWebKit/537.36 (HTML, like Gecko) Mobile Safari/537.36 (compatible; PetalBot;+https://webmaster.petalsearch.com/site/petalbot)" "-"
2a03:2880:f800:: - - [18/Jul/2026:04:40:28 -0400] "GET /ja/shopping/earrings/89084174649 HTTP/1.1" 404 21594 revealmyway.com "-" "Mozilla/5.0 (Macintosh; Intel Mac OS X 10_15_7) AppleWebKit/537.36 (KHTML, like Gecko) Chrome/145.0.0.0 Safari/537.36 (compatible; meta-externalagent/1.1 (+https://developers.facebook.com/docs/sharing/webmasters/crawler))" "-"
114.119.148.0 - - [18/Jul/2026:04:40:31 -0400] "GET /shop/james/judiciary/8889989369.shtml HTTP/1.1" 404 21594 revealmyway.com "https://www.revealmyway.com/sitemap-goods-3501.xml" "Mozilla/5.0 (Linux; Android 7.0;) AppleWebKit/537.36 (HTML, like Gecko) Mobile Safari/537.36 (compatible; PetalBot;+https://webmaster.petalsearch.com/site/petalbot)" "-"
74.7.241.0 - - [18/Jul/2026:04:40:38 -0400] "GET /?lokasie=/kunden/bin/pcxtoppm&loknya=/kunden/bin HTTP/1.1" 429 267 coaches.revealmyway.com "https://coaches.revealmyway.com/?loknya=/kunden/bin" "Mozilla/5.0 AppleWebKit/537.36 (KHTML, like Gecko; compatible; GPTBot/1.4; +https://openai.com/gptbot)" "-"
2a03:2880:f800:: - - [18/Jul/2026:04:40:53 -0400] "GET /ja/shopping/avoidance/89112885715 HTTP/1.1" 404 21594 revealmyway.com "-" "Mozilla/5.0 (Windows NT 10.0; Win64; x64) AppleWebKit/537.36 (KHTML, like Gecko) Chrome/145.0.0.0 Safari/537.36 (compatible; meta-externalagent/1.1 (+https://developers.facebook.com/docs/sharing/webmasters/crawler))" "-"
17.241.227.0 - - [18/Jul/2026:04:40:59 -0400] "GET /best-irish-online-slots/ HTTP/1.1" 429 267 coaches.revealmyway.com "-" "Mozilla/5.0 (Macintosh; Intel Mac OS X 10_15_7) AppleWebKit/605.1.15 (KHTML, like Gecko) Version/17.4 Safari/605.1.15 (Applebot/0.1; +http://www.apple.com/go/applebot)" "-"
17.241.219.0 - - [18/Jul/2026:04:41:00 -0400] "GET /casinos-australia-blackjack-pokies/ HTTP/1.1" 429 267 coaches.revealmyway.com "-" "Mozilla/5.0 (Macintosh; Intel Mac OS X 10_15_7) AppleWebKit/605.1.15 (KHTML, like Gecko) Version/17.4 Safari/605.1.15 (Applebot/0.1; +http://www.apple.com/go/applebot)" "-"
2a03:2880:f800:: - - [18/Jul/2026:04:41:18 -0400] "GET /ja/shopping/vids/89115578325 HTTP/1.1" 404 21594 revealmyway.com "-" "Mozilla/5.0 (Windows NT 10.0; Win64; x64) AppleWebKit/537.36 (KHTML, like Gecko) Chrome/145.0.0.0 Safari/537.36 (compatible; meta-externalagent/1.1 (+https://developers.facebook.com/docs/sharing/webmasters/crawler))" "-"
17.246.19.0 - - [18/Jul/2026:04:41:27 -0400] "GET /online-gambling-free-starting-money/ HTTP/1.1" 200 41826 coaches.revealmyway.com "-" "Mozilla/5.0 (Macintosh; Intel Mac OS X 10_15_7) AppleWebKit/605.1.15 (KHTML, like Gecko) Version/17.4 Safari/605.1.15 (Applebot/0.1; +http://www.apple.com/go/applebot)" "-"
74.7.241.0 - - [18/Jul/2026:04:41:42 -0400] "GET /?lokasie=/kunden/bin/ppmtojpeg&loknya=/kunden/bin HTTP/1.1" 200 32330 coaches.revealmyway.com "https://coaches.revealmyway.com/?loknya=/kunden/bin" "Mozilla/5.0 AppleWebKit/537.36 (KHTML, like Gecko; compatible; GPTBot/1.4; +https://openai.com/gptbot)" "-"
2a03:2880:f800:: - - [18/Jul/2026:04:41:42 -0400] "GET /ja/shopping/define/890855151749 HTTP/1.1" 404 21594 revealmyway.com "-" "Mozilla/5.0 (Windows NT 10.0; Win64; x64) AppleWebKit/537.36 (KHTML, like Gecko) Chrome/145.0.0.0 Safari/537.36 (compatible; meta-externalagent/1.1 (+https://developers.facebook.com/docs/sharing/webmasters/crawler))" "-"
114.119.139.0 - - [18/Jul/2026:04:41:43 -0400] "GET /shop/iv/prerequisites/88995687846.shtml HTTP/1.1" 301 - www.revealmyway.com "https://www.revealmyway.com/sitemap-goods-4676.xml" "Mozilla/5.0 (Linux; Android 7.0;) AppleWebKit/537.36 (HTML, like Gecko) Mobile Safari/537.36 (compatible; PetalBot;+https://webmaster.petalsearch.com/site/petalbot)" "-"
114.119.139.0 - - [18/Jul/2026:04:41:47 -0400] "GET /shop/iv/prerequisites/88995687846.shtml HTTP/1.1" 404 21594 revealmyway.com "https://www.revealmyway.com/sitemap-goods-4676.xml" "Mozilla/5.0 (Linux; Android 7.0;) AppleWebKit/537.36 (HTML, like Gecko) Mobile Safari/537.36 (compatible; PetalBot;+https://webmaster.petalsearch.com/site/petalbot)" "-"
2a03:2880:f800:: - - [18/Jul/2026:04:42:07 -0400] "GET /ja/shopping/fundamentally/891053106160 HTTP/1.1" 404 21594 revealmyway.com "-" "Mozilla/5.0 (Windows NT 10.0; Win64; x64) AppleWebKit/537.36 (KHTML, like Gecko) Chrome/145.0.0.0 Safari/537.36 (compatible; meta-externalagent/1.1 (+https://developers.facebook.com/docs/sharing/webmasters/crawler))" "-"
2a03:2880:f800:: - - [18/Jul/2026:04:42:31 -0400] "GET /ja/shopping/considered/890748550950 HTTP/1.1" 404 21594 revealmyway.com "-" "Mozilla/5.0 (Windows NT 10.0; Win64; x64) AppleWebKit/537.36 (KHTML, like Gecko) Chrome/145.0.0.0 Safari/537.36 (compatible; meta-externalagent/1.1 (+https://developers.facebook.com/docs/sharing/webmasters/crawler))" "-"
66.249.64.0 - - [18/Jul/2026:04:42:42 -0400] "GET /?shop/downloadable891312418561.shtml HTTP/1.1" 301 - revealmyway.com "-" "Mozilla/5.0 (Linux; Android 6.0.1; Nexus 5X Build/MMB29P) AppleWebKit/537.36 (KHTML, like Gecko) Chrome/150.0.7871.124 Mobile Safari/537.36 (compatible; Googlebot/2.1; +http://www.google.com/bot.html)" "-"
66.249.64.0 - - [18/Jul/2026:04:42:43 -0400] "GET /?shop%2Fdownloadable891312418561_shtml HTTP/1.1" 200 27217 revealmyway.com "-" "Mozilla/5.0 (Linux; Android 6.0.1; Nexus 5X Build/MMB29P) AppleWebKit/537.36 (KHTML, like Gecko) Chrome/150.0.7871.124 Mobile Safari/537.36 (compatible; Googlebot/2.1; +http://www.google.com/bot.html)" "-"
74.7.241.0 - - [18/Jul/2026:04:42:45 -0400] "GET /?lokasie=/kunden/bin/cmuwmtopbm&loknya=/kunden/bin HTTP/1.1" 200 19701 coaches.revealmyway.com "https://coaches.revealmyway.com/?loknya=/kunden/bin" "Mozilla/5.0 AppleWebKit/537.36 (KHTML, like Gecko; compatible; GPTBot/1.4; +https://openai.com/gptbot)" "-"
2a03:2880:f800:: - - [18/Jul/2026:04:42:56 -0400] "GET /ja/shopping/hem/890639186722 HTTP/1.1" 429 267 revealmyway.com "-" "Mozilla/5.0 (Macintosh; Intel Mac OS X 10_15_7) AppleWebKit/537.36 (KHTML, like Gecko) Chrome/145.0.0.0 Safari/537.36 (compatible; meta-externalagent/1.1 (+https://developers.facebook.com/docs/sharing/webmasters/crawler))" "-"
114.119.158.0 - - [18/Jul/2026:04:43:03 -0400] "GET /shop/ironically/qualification/88901167645.shtml HTTP/1.1" 301 - www.revealmyway.com "https://www.revealmyway.com/sitemap-goods-7653.xml" "Mozilla/5.0 (Linux; Android 7.0;) AppleWebKit/537.36 (HTML, like Gecko) Mobile Safari/537.36 (compatible; PetalBot;+https://webmaster.petalsearch.com/site/petalbot)" "-"
114.119.158.0 - - [18/Jul/2026:04:43:05 -0400] "GET /shop/ironically/qualification/88901167645.shtml HTTP/1.1" 404 21594 revealmyway.com "https://www.revealmyway.com/sitemap-goods-7653.xml" "Mozilla/5.0 (Linux; Android 7.0;) AppleWebKit/537.36 (HTML, like Gecko) Mobile Safari/537.36 (compatible; PetalBot;+https://webmaster.petalsearch.com/site/petalbot)" "-"
2a03:2880:f800:: - - [18/Jul/2026:04:43:20 -0400] "GET /ja/shopping/augustus/890754948875 HTTP/1.1" 429 267 revealmyway.com "-" "Mozilla/5.0 (Macintosh; Intel Mac OS X 10_15_7) AppleWebKit/537.36 (KHTML, like Gecko) Chrome/145.0.0.0 Safari/537.36 (compatible; meta-externalagent/1.1 (+https://developers.facebook.com/docs/sharing/webmasters/crawler))" "-"
2a03:2880:f800:: - - [18/Jul/2026:04:43:23 -0400] "GET /ja/shopping/raider/89087385539 HTTP/1.1" 429 267 revealmyway.com "-" "Mozilla/5.0 (X11; Linux x86_64) AppleWebKit/537.36 (KHTML, like Gecko) Chrome/145.0.0.0 Safari/537.36 (compatible; meta-externalagent/1.1 (+https://developers.facebook.com/docs/sharing/webmasters/crawler))" "-"
2a03:2880:f800:: - - [18/Jul/2026:04:43:26 -0400] "GET /ja/shopping/trait/890739548818 HTTP/1.1" 429 267 revealmyway.com "-" "Mozilla/5.0 (Macintosh; Intel Mac OS X 10_15_7) AppleWebKit/537.36 (KHTML, like Gecko) Chrome/145.0.0.0 Safari/537.36 (compatible; meta-externalagent/1.1 (+https://developers.facebook.com/docs/sharing/webmasters/crawler))" "-"
2a03:2880:f800:: - - [18/Jul/2026:04:43:30 -0400] "GET /ja/shopping/carved/890739561257 HTTP/1.1" 429 267 revealmyway.com "-" "Mozilla/5.0 (Windows NT 10.0; Win64; x64) AppleWebKit/537.36 (KHTML, like Gecko) Chrome/145.0.0.0 Safari/537.36 (compatible; meta-externalagent/1.1 (+https://developers.facebook.com/docs/sharing/webmasters/crawler))" "-"
2a03:2880:f800:: - - [18/Jul/2026:04:43:33 -0400] "GET /ja/shopping/compression/89079975380 HTTP/1.1" 429 267 revealmyway.com "-" "Mozilla/5.0 (Macintosh; Intel Mac OS X 10_15_7) AppleWebKit/537.36 (KHTML, like Gecko) Chrome/145.0.0.0 Safari/537.36 (compatible; meta-externalagent/1.1 (+https://developers.facebook.com/docs/sharing/webmasters/crawler))" "-"
2a03:2880:f800:: - - [18/Jul/2026:04:43:38 -0400] "GET /ja/shopping/old/891156949887 HTTP/1.1" 429 267 revealmyway.com "-" "Mozilla/5.0 (Windows NT 10.0; Win64; x64) AppleWebKit/537.36 (KHTML, like Gecko) Chrome/145.0.0.0 Safari/537.36 (compatible; meta-externalagent/1.1 (+https://developers.facebook.com/docs/sharing/webmasters/crawler))" "-"
2a03:2880:f800:: - - [18/Jul/2026:04:43:42 -0400] "GET /ja/shopping/poured/89084065717 HTTP/1.1" 301 - www.revealmyway.com "-" "Mozilla/5.0 (Windows NT 10.0; Win64; x64) AppleWebKit/537.36 (KHTML, like Gecko) Chrome/145.0.0.0 Safari/537.36 (compatible; meta-externalagent/1.1 (+https://developers.facebook.com/docs/sharing/webmasters/crawler))" "-"
74.7.241.0 - - [18/Jul/2026:04:43:44 -0400] "GET /?lokasie=/kunden/bin/ppmbrighten&loknya=/kunden/bin HTTP/1.1" 200 21289 coaches.revealmyway.com "https://coaches.revealmyway.com/?loknya=/kunden/bin" "Mozilla/5.0 AppleWebKit/537.36 (KHTML, like Gecko; compatible; GPTBot/1.4; +https://openai.com/gptbot)" "-"
2a03:2880:f800:: - - [18/Jul/2026:04:43:47 -0400] "GET /ja/shopping/emission/891071135841 HTTP/1.1" 429 267 revealmyway.com "-" "Mozilla/5.0 (Windows NT 10.0; Win64; x64) AppleWebKit/537.36 (KHTML, like Gecko) Chrome/145.0.0.0 Safari/537.36 (compatible; meta-externalagent/1.1 (+https://developers.facebook.com/docs/sharing/webmasters/crawler))" "-"
114.119.154.0 - - [18/Jul/2026:04:44:27 -0400] "GET /shop/iptables/pressing/891241141979.shtml HTTP/1.1" 301 - www.revealmyway.com "https://www.revealmyway.com/sitemap-goods-5416.xml" "Mozilla/5.0 (Linux; Android 7.0;) AppleWebKit/537.36 (HTML, like Gecko) Mobile Safari/537.36 (compatible; PetalBot;+https://webmaster.petalsearch.com/site/petalbot)" "-"
2a03:2880:f800:: - - [18/Jul/2026:04:44:28 -0400] "GET /ja/shopping/dreamweaver/89094740761 HTTP/1.1" 404 21594 revealmyway.com "-" "Mozilla/5.0 (Macintosh; Intel Mac OS X 10_15_7) AppleWebKit/537.36 (KHTML, like Gecko) Chrome/145.0.0.0 Safari/537.36 (compatible; meta-externalagent/1.1 (+https://developers.facebook.com/docs/sharing/webmasters/crawler))" "-"
114.119.154.0 - - [18/Jul/2026:04:44:29 -0400] "GET /shop/iptables/pressing/891241141979.shtml HTTP/1.1" 404 21594 revealmyway.com "https://www.revealmyway.com/sitemap-goods-5416.xml" "Mozilla/5.0 (Linux; Android 7.0;) AppleWebKit/537.36 (HTML, like Gecko) Mobile Safari/537.36 (compatible; PetalBot;+https://webmaster.petalsearch.com/site/petalbot)" "-"
2a03:2880:f800:: - - [18/Jul/2026:04:44:33 -0400] "GET /ja/shopping/molecule/890657200514 HTTP/1.1" 404 21594 revealmyway.com "-" "Mozilla/5.0 (Windows NT 10.0; Win64; x64) AppleWebKit/537.36 (KHTML, like Gecko) Chrome/145.0.0.0 Safari/537.36 (compatible; meta-externalagent/1.1 (+https://developers.facebook.com/docs/sharing/webmasters/crawler))" "-"
74.7.241.0 - - [18/Jul/2026:04:44:35 -0400] "GET /?lokasie=/usr/sbin/convertquota&loknya=/usr/sbin HTTP/1.1" 200 121625 coaches.revealmyway.com "https://coaches.revealmyway.com/?loknya=/usr/sbin" "Mozilla/5.0 AppleWebKit/537.36 (KHTML, like Gecko; compatible; GPTBot/1.4; +https://openai.com/gptbot)" "-"
196.189.152.0 - - [18/Jul/2026:04:44:52 -0400] "GET /guide/policy/regulation.html HTTP/1.1" 404 21594 revealmyway.com "-" "Mozilla/5.0 (Macintosh; Intel Mac OS X 10_15_0) AppleWebKit/537.36 (KHTML, like Gecko) Chrome/80.0.3987.122 Safari/537.36" "-"
2a03:2880:f800:: - - [18/Jul/2026:04:45:18 -0400] "GET /ja/shopping/png/890940521447 HTTP/1.1" 404 21594 revealmyway.com "-" "Mozilla/5.0 (Macintosh; Intel Mac OS X 10_15_7) AppleWebKit/537.36 (KHTML, like Gecko) Chrome/145.0.0.0 Safari/537.36 (compatible; meta-externalagent/1.1 (+https://developers.facebook.com/docs/sharing/webmasters/crawler))" "-"
74.7.241.0 - - [18/Jul/2026:04:45:22 -0400] "GET /?lokasie=/kunden/bin/ghostscript&loknya=/kunden/bin HTTP/1.1" 200 19659 coaches.revealmyway.com "https://coaches.revealmyway.com/?loknya=/kunden/bin" "Mozilla/5.0 AppleWebKit/537.36 (KHTML, like Gecko; compatible; GPTBot/1.4; +https://openai.com/gptbot)" "-"
114.119.139.0 - - [18/Jul/2026:04:45:50 -0400] "GET /shop/internationally/repetition/89079491737.shtml HTTP/1.1" 301 - www.revealmyway.com "https://www.revealmyway.com/sitemap-goods-6822.xml" "Mozilla/5.0 (Linux; Android 7.0;) AppleWebKit/537.36 (HTML, like Gecko) Mobile Safari/537.36 (compatible; PetalBot;+https://webmaster.petalsearch.com/site/petalbot)" "-"
114.119.139.0 - - [18/Jul/2026:04:45:52 -0400] "GET /shop/internationally/repetition/89079491737.shtml HTTP/1.1" 404 21594 revealmyway.com "https://www.revealmyway.com/sitemap-goods-6822.xml" "Mozilla/5.0 (Linux; Android 7.0;) AppleWebKit/537.36 (HTML, like Gecko) Mobile Safari/537.36 (compatible; PetalBot;+https://webmaster.petalsearch.com/site/petalbot)" "-"
2a03:2880:f800:: - - [18/Jul/2026:04:46:04 -0400] "GET /ja/shopping/slut/89066415954 HTTP/1.1" 404 21594 revealmyway.com "-" "Mozilla/5.0 (Macintosh; Intel Mac OS X 10_15_7) AppleWebKit/537.36 (KHTML, like Gecko) Chrome/145.0.0.0 Safari/537.36 (compatible; meta-externalagent/1.1 (+https://developers.facebook.com/docs/sharing/webmasters/crawler))" "-"
74.7.241.0 - - [18/Jul/2026:04:46:04 -0400] "GET /?lokasie=/kunden/bin/dpkg-source&loknya=/kunden/bin HTTP/1.1" 200 29688 coaches.revealmyway.com "https://coaches.revealmyway.com/?loknya=/kunden/bin" "Mozilla/5.0 AppleWebKit/537.36 (KHTML, like Gecko; compatible; GPTBot/1.4; +https://openai.com/gptbot)" "-"
74.7.241.0 - - [18/Jul/2026:04:46:41 -0400] "GET /?lokasie=/kunden/bin/rawtopgm&loknya=/kunden/bin HTTP/1.1" 200 20722 coaches.revealmyway.com "https://coaches.revealmyway.com/?loknya=/kunden/bin" "Mozilla/5.0 AppleWebKit/537.36 (KHTML, like Gecko; compatible; GPTBot/1.4; +https://openai.com/gptbot)" "-"
