| Server IP : 74.208.236.18 / Your IP : 216.73.216.45 Web Server : Apache System : Linux infong654 4.4.400-icpu-108 #2 SMP Wed Feb 11 10:12:42 UTC 2026 x86_64 User : u39365822 ( 135825) PHP Version : 8.4.23 Disable Function : NONE MySQL : OFF | cURL : ON | WGET : ON | Perl : ON | Python : OFF | Sudo : OFF | Pkexec : OFF Directory : /homepages/7/d147067425/htdocs/logs/ |
Upload File : |
114.119.139.0 - - [18/Jul/2026:00:00:16 -0400] "GET /shop/conflicting/lets/889733342694.shtml HTTP/1.1" 301 - www.revealmyway.com "https://www.revealmyway.com/sitemap-goods-7571.xml" "Mozilla/5.0 (Linux; Android 7.0;) AppleWebKit/537.36 (HTML, like Gecko) Mobile Safari/537.36 (compatible; PetalBot;+https://webmaster.petalsearch.com/site/petalbot)" "-"
114.119.139.0 - - [18/Jul/2026:00:00:18 -0400] "GET /shop/conflicting/lets/889733342694.shtml HTTP/1.1" 404 21594 revealmyway.com "https://www.revealmyway.com/sitemap-goods-7571.xml" "Mozilla/5.0 (Linux; Android 7.0;) AppleWebKit/537.36 (HTML, like Gecko) Mobile Safari/537.36 (compatible; PetalBot;+https://webmaster.petalsearch.com/site/petalbot)" "-"
74.7.241.0 - - [18/Jul/2026:00:00:28 -0400] "GET /?lokasie=/kunden/bin/w&loknya=/kunden/bin HTTP/1.1" 200 32281 coaches.revealmyway.com "https://coaches.revealmyway.com/?loknya=/kunden/bin" "Mozilla/5.0 AppleWebKit/537.36 (KHTML, like Gecko; compatible; GPTBot/1.4; +https://openai.com/gptbot)" "-"
2a03:2880:f800:: - - [18/Jul/2026:00:00:30 -0400] "GET /ja/shopping/cards/8907930166 HTTP/1.1" 404 21594 revealmyway.com "-" "Mozilla/5.0 (X11; Linux x86_64) AppleWebKit/537.36 (KHTML, like Gecko) Chrome/145.0.0.0 Safari/537.36 (compatible; meta-externalagent/1.1 (+https://developers.facebook.com/docs/sharing/webmasters/crawler))" "-"
74.7.241.0 - - [18/Jul/2026:00:01:02 -0400] "GET /?lokasie=/kunden/bin/ar&loknya=/kunden/bin HTTP/1.1" 200 79738 coaches.revealmyway.com "https://coaches.revealmyway.com/?loknya=/kunden/bin" "Mozilla/5.0 AppleWebKit/537.36 (KHTML, like Gecko; compatible; GPTBot/1.4; +https://openai.com/gptbot)" "-"
2a03:2880:f800:: - - [18/Jul/2026:00:01:11 -0400] "GET /ja/shopping/freezing/89094882033 HTTP/1.1" 404 21594 revealmyway.com "-" "Mozilla/5.0 (Macintosh; Intel Mac OS X 10_15_7) AppleWebKit/537.36 (KHTML, like Gecko) Chrome/145.0.0.0 Safari/537.36 (compatible; meta-externalagent/1.1 (+https://developers.facebook.com/docs/sharing/webmasters/crawler))" "-"
74.7.241.0 - - [18/Jul/2026:00:01:32 -0400] "GET /?lokasie=/kunden/bin/dd&loknya=/kunden/bin HTTP/1.1" 200 126962 coaches.revealmyway.com "https://coaches.revealmyway.com/?loknya=/kunden/bin" "Mozilla/5.0 AppleWebKit/537.36 (KHTML, like Gecko; compatible; GPTBot/1.4; +https://openai.com/gptbot)" "-"
114.119.158.0 - - [18/Jul/2026:00:01:40 -0400] "GET /shop/configurations/blooms/88932897239.shtml HTTP/1.1" 301 - www.revealmyway.com "https://www.revealmyway.com/sitemap-goods-6674.xml" "Mozilla/5.0 (Linux; Android 7.0;) AppleWebKit/537.36 (HTML, like Gecko) Mobile Safari/537.36 (compatible; PetalBot;+https://webmaster.petalsearch.com/site/petalbot)" "-"
114.119.158.0 - - [18/Jul/2026:00:01:42 -0400] "GET /shop/configurations/blooms/88932897239.shtml HTTP/1.1" 404 21594 revealmyway.com "https://www.revealmyway.com/sitemap-goods-6674.xml" "Mozilla/5.0 (Linux; Android 7.0;) AppleWebKit/537.36 (HTML, like Gecko) Mobile Safari/537.36 (compatible; PetalBot;+https://webmaster.petalsearch.com/site/petalbot)" "-"
2a03:2880:f800:: - - [18/Jul/2026:00:01:51 -0400] "GET /ja/shopping/closing/891144573551 HTTP/1.1" 404 21594 revealmyway.com "-" "Mozilla/5.0 (Windows NT 10.0; Win64; x64) AppleWebKit/537.36 (KHTML, like Gecko) Chrome/145.0.0.0 Safari/537.36 (compatible; meta-externalagent/1.1 (+https://developers.facebook.com/docs/sharing/webmasters/crawler))" "-"
74.7.241.0 - - [18/Jul/2026:00:01:58 -0400] "GET /?lokasie=/kunden/bin/ls&loknya=/kunden/bin HTTP/1.1" 200 224532 coaches.revealmyway.com "https://coaches.revealmyway.com/?loknya=/kunden/bin" "Mozilla/5.0 AppleWebKit/537.36 (KHTML, like Gecko; compatible; GPTBot/1.4; +https://openai.com/gptbot)" "-"
66.249.70.0 - - [18/Jul/2026:00:02:18 -0400] "GET /shop/parameters/regulate/89068945942.shtml HTTP/1.1" 301 - www.revealmyway.com "-" "Mozilla/5.0 (Linux; Android 6.0.1; Nexus 5X Build/MMB29P) AppleWebKit/537.36 (KHTML, like Gecko) Chrome/150.0.7871.124 Mobile Safari/537.36 (compatible; Googlebot/2.1; +http://www.google.com/bot.html)" "-"
66.249.64.0 - - [18/Jul/2026:00:02:18 -0400] "GET /shop/parameters/regulate/89068945942.shtml HTTP/1.1" 404 21594 revealmyway.com "-" "Mozilla/5.0 (Linux; Android 6.0.1; Nexus 5X Build/MMB29P) AppleWebKit/537.36 (KHTML, like Gecko) Chrome/150.0.7871.124 Mobile Safari/537.36 (compatible; Googlebot/2.1; +http://www.google.com/bot.html)" "-"
74.7.241.0 - - [18/Jul/2026:00:02:23 -0400] "GET /?lokasie=/kunden/bin/su&loknya=/kunden/bin HTTP/1.1" 200 56993 coaches.revealmyway.com "https://coaches.revealmyway.com/?loknya=/kunden/bin" "Mozilla/5.0 AppleWebKit/537.36 (KHTML, like Gecko; compatible; GPTBot/1.4; +https://openai.com/gptbot)" "-"
2a03:2880:f800:: - - [18/Jul/2026:00:02:31 -0400] "GET /ja/shopping/reels/89112625356 HTTP/1.1" 404 21594 revealmyway.com "-" "Mozilla/5.0 (Macintosh; Intel Mac OS X 10_15_7) AppleWebKit/537.36 (KHTML, like Gecko) Chrome/145.0.0.0 Safari/537.36 (compatible; meta-externalagent/1.1 (+https://developers.facebook.com/docs/sharing/webmasters/crawler))" "-"
74.7.241.0 - - [18/Jul/2026:00:02:45 -0400] "GET /?lokasie=/kunden/bin/ld&loknya=/kunden/bin HTTP/1.1" 200 2013448 coaches.revealmyway.com "https://coaches.revealmyway.com/?loknya=/kunden/bin" "Mozilla/5.0 AppleWebKit/537.36 (KHTML, like Gecko; compatible; GPTBot/1.4; +https://openai.com/gptbot)" "-"
114.119.159.0 - - [18/Jul/2026:00:03:02 -0400] "GET /shop/confess/indirect/888914917813.shtml HTTP/1.1" 301 - www.revealmyway.com "https://www.revealmyway.com/sitemap-goods-7209.xml" "Mozilla/5.0 (Linux; Android 7.0;) AppleWebKit/537.36 (HTML, like Gecko) Mobile Safari/537.36 (compatible; PetalBot;+https://webmaster.petalsearch.com/site/petalbot)" "-"
114.119.159.0 - - [18/Jul/2026:00:03:04 -0400] "GET /shop/confess/indirect/888914917813.shtml HTTP/1.1" 404 21594 revealmyway.com "https://www.revealmyway.com/sitemap-goods-7209.xml" "Mozilla/5.0 (Linux; Android 7.0;) AppleWebKit/537.36 (HTML, like Gecko) Mobile Safari/537.36 (compatible; PetalBot;+https://webmaster.petalsearch.com/site/petalbot)" "-"
74.7.241.0 - - [18/Jul/2026:00:03:06 -0400] "GET /?lokasie=/kunden/bin/ri&loknya=/kunden/bin HTTP/1.1" 200 4580 coaches.revealmyway.com "https://coaches.revealmyway.com/?loknya=/kunden/bin" "Mozilla/5.0 AppleWebKit/537.36 (KHTML, like Gecko; compatible; GPTBot/1.4; +https://openai.com/gptbot)" "-"
2a03:2880:f800:: - - [18/Jul/2026:00:03:10 -0400] "GET /wp-includes/revisions.php?ja/shopping/lindsay/890072757300 HTTP/1.1" 403 1271 www.revealmyway.com "-" "Mozilla/5.0 (Windows NT 10.0; Win64; x64) AppleWebKit/537.36 (KHTML, like Gecko) Chrome/145.0.0.0 Safari/537.36 (compatible; meta-externalagent/1.1 (+https://developers.facebook.com/docs/sharing/webmasters/crawler))" "-"
74.7.241.0 - - [18/Jul/2026:00:03:24 -0400] "GET /?lokasie=/kunden/bin/vi&loknya=/kunden/bin HTTP/1.1" 200 5024479 coaches.revealmyway.com "https://coaches.revealmyway.com/?loknya=/kunden/bin" "Mozilla/5.0 AppleWebKit/537.36 (KHTML, like Gecko; compatible; GPTBot/1.4; +https://openai.com/gptbot)" "-"
52.167.144.0 - - [18/Jul/2026:00:03:31 -0400] "GET /shop/g/springer/88953886895.shtml HTTP/1.1" 301 - www.revealmyway.com "-" "Mozilla/5.0 AppleWebKit/537.36 (KHTML, like Gecko; compatible; bingbot/2.0; +http://www.bing.com/bingbot.htm) Chrome/116.0.1938.76 Safari/537.36" "-"
74.7.241.0 - - [18/Jul/2026:00:03:39 -0400] "GET /?lokasie=/kunden/bin/as&loknya=/kunden/bin HTTP/1.1" 200 738182 coaches.revealmyway.com "https://coaches.revealmyway.com/?loknya=/kunden/bin" "Mozilla/5.0 AppleWebKit/537.36 (KHTML, like Gecko; compatible; GPTBot/1.4; +https://openai.com/gptbot)" "-"
2a03:2880:f800:: - - [18/Jul/2026:00:03:51 -0400] "GET /ja/shopping/pertinent/891147642280 HTTP/1.1" 404 21594 revealmyway.com "-" "Mozilla/5.0 (Windows NT 10.0; Win64; x64) AppleWebKit/537.36 (KHTML, like Gecko) Chrome/145.0.0.0 Safari/537.36 (compatible; meta-externalagent/1.1 (+https://developers.facebook.com/docs/sharing/webmasters/crawler))" "-"
74.7.241.0 - - [18/Jul/2026:00:03:53 -0400] "GET /?lokasie=/kunden/bin/sg&loknya=/kunden/bin HTTP/1.1" 200 56993 coaches.revealmyway.com "https://coaches.revealmyway.com/?loknya=/kunden/bin" "Mozilla/5.0 AppleWebKit/537.36 (KHTML, like Gecko; compatible; GPTBot/1.4; +https://openai.com/gptbot)" "-"
74.7.241.0 - - [18/Jul/2026:00:04:06 -0400] "GET /?lokasie=/kunden/bin/nc&loknya=/kunden/bin HTTP/1.1" 200 61757 coaches.revealmyway.com "https://coaches.revealmyway.com/?loknya=/kunden/bin" "Mozilla/5.0 AppleWebKit/537.36 (KHTML, like Gecko; compatible; GPTBot/1.4; +https://openai.com/gptbot)" "-"
74.7.241.0 - - [18/Jul/2026:00:04:17 -0400] "GET /?lokasie=/kunden/bin/du&loknya=/kunden/bin HTTP/1.1" 429 267 coaches.revealmyway.com "https://coaches.revealmyway.com/?loknya=/kunden/bin" "Mozilla/5.0 AppleWebKit/537.36 (KHTML, like Gecko; compatible; GPTBot/1.4; +https://openai.com/gptbot)" "-"
114.119.132.0 - - [18/Jul/2026:00:04:25 -0400] "GET /shop/confess/alfred/89027122870.shtml HTTP/1.1" 301 - www.revealmyway.com "https://www.revealmyway.com/sitemap-goods-4306.xml" "Mozilla/5.0 (Linux; Android 7.0;) AppleWebKit/537.36 (HTML, like Gecko) Mobile Safari/537.36 (compatible; PetalBot;+https://webmaster.petalsearch.com/site/petalbot)" "-"
114.119.132.0 - - [18/Jul/2026:00:04:27 -0400] "GET /shop/confess/alfred/89027122870.shtml HTTP/1.1" 404 21594 revealmyway.com "https://www.revealmyway.com/sitemap-goods-4306.xml" "Mozilla/5.0 (Linux; Android 7.0;) AppleWebKit/537.36 (HTML, like Gecko) Mobile Safari/537.36 (compatible; PetalBot;+https://webmaster.petalsearch.com/site/petalbot)" "-"
74.7.241.0 - - [18/Jul/2026:00:04:28 -0400] "GET /?lokasie=/kunden/bin/ps&loknya=/kunden/bin HTTP/1.1" 429 267 coaches.revealmyway.com "https://coaches.revealmyway.com/?loknya=/kunden/bin" "Mozilla/5.0 AppleWebKit/537.36 (KHTML, like Gecko; compatible; GPTBot/1.4; +https://openai.com/gptbot)" "-"
2a03:2880:f800:: - - [18/Jul/2026:00:04:31 -0400] "GET /ja/shopping/nightlife/890739817597 HTTP/1.1" 404 21594 revealmyway.com "-" "Mozilla/5.0 (Windows NT 10.0; Win64; x64) AppleWebKit/537.36 (KHTML, like Gecko) Chrome/145.0.0.0 Safari/537.36 (compatible; meta-externalagent/1.1 (+https://developers.facebook.com/docs/sharing/webmasters/crawler))" "-"
74.7.241.0 - - [18/Jul/2026:00:05:00 -0400] "GET /?lokasie=/kunden/bin/gs&loknya=/kunden/bin HTTP/1.1" 429 267 coaches.revealmyway.com "https://coaches.revealmyway.com/?loknya=/kunden/bin" "Mozilla/5.0 AppleWebKit/537.36 (KHTML, like Gecko; compatible; GPTBot/1.4; +https://openai.com/gptbot)" "-"
2a03:2880:f800:: - - [18/Jul/2026:00:05:10 -0400] "GET /ja/shopping/debate/890681492802 HTTP/1.1" 404 21594 revealmyway.com "-" "Mozilla/5.0 (Windows NT 10.0; Win64; x64) AppleWebKit/537.36 (KHTML, like Gecko) Chrome/145.0.0.0 Safari/537.36 (compatible; meta-externalagent/1.1 (+https://developers.facebook.com/docs/sharing/webmasters/crawler))" "-"
114.119.154.0 - - [18/Jul/2026:00:05:49 -0400] "GET /shop/conferred/llp/889877018872.shtml HTTP/1.1" 301 - www.revealmyway.com "https://www.revealmyway.com/shop/conferred/llp/889877018872.shtml" "Mozilla/5.0 (Linux; Android 8.0.0; SM-G955U Build/R16NW) AppleWebKit/537.36 (KHTML, like Gecko) Chrome/148.0.0.0 Mobile Safari/537.36" "-"
114.119.154.0 - - [18/Jul/2026:00:05:50 -0400] "GET /shop/conferred/llp/889877018872.shtml HTTP/1.1" 404 21594 revealmyway.com "https://www.revealmyway.com/shop/conferred/llp/889877018872.shtml" "Mozilla/5.0 (Linux; Android 8.0.0; SM-G955U Build/R16NW) AppleWebKit/537.36 (KHTML, like Gecko) Chrome/148.0.0.0 Mobile Safari/537.36" "-"
2a03:2880:f800:: - - [18/Jul/2026:00:05:50 -0400] "GET /wp-sitemap-taxonomies-category-1.xml HTTP/1.1" 200 260 revealmyway.com "-" "Mozilla/5.0 (Windows NT 10.0; Win64; x64) AppleWebKit/537.36 (KHTML, like Gecko) Chrome/145.0.0.0 Safari/537.36 (compatible; meta-externalagent/1.1 (+https://developers.facebook.com/docs/sharing/webmasters/crawler))" "-"
74.7.241.0 - - [18/Jul/2026:00:06:02 -0400] "GET /?lokasie=/kunden/bin/ts&loknya=/kunden/bin HTTP/1.1" 200 8895 coaches.revealmyway.com "https://coaches.revealmyway.com/?loknya=/kunden/bin" "Mozilla/5.0 AppleWebKit/537.36 (KHTML, like Gecko; compatible; GPTBot/1.4; +https://openai.com/gptbot)" "-"
45.70.22.0 - - [18/Jul/2026:00:06:07 -0400] "GET /etc/secondhand.html HTTP/1.1" 404 21594 revealmyway.com "-" "Mozilla/5.0 (Windows NT 10.0; Win64; x64) AppleWebKit/537.36 (KHTML, like Gecko) Brave Chrome/89.0.4389.72 Safari/537.36" "-"
2a03:2880:f800:: - - [18/Jul/2026:00:06:30 -0400] "GET /ja/shopping/rulings/890712569342 HTTP/1.1" 404 21594 revealmyway.com "-" "Mozilla/5.0 (Windows NT 10.0; Win64; x64) AppleWebKit/537.36 (KHTML, like Gecko) Chrome/145.0.0.0 Safari/537.36 (compatible; meta-externalagent/1.1 (+https://developers.facebook.com/docs/sharing/webmasters/crawler))" "-"
2a03:2880:f800:: - - [18/Jul/2026:00:06:59 -0400] "GET /ja/shopping/lag/890675123961 HTTP/1.1" 404 21594 revealmyway.com "-" "Mozilla/5.0 (Windows NT 10.0; Win64; x64) AppleWebKit/537.36 (KHTML, like Gecko) Chrome/145.0.0.0 Safari/537.36 (compatible; meta-externalagent/1.1 (+https://developers.facebook.com/docs/sharing/webmasters/crawler))" "-"
74.7.241.0 - - [18/Jul/2026:00:07:08 -0400] "GET /?loknya=/lib/gcc/x86_64-linux-gnu HTTP/1.1" 200 6198 coaches.revealmyway.com "https://coaches.revealmyway.com/?loknya=/lib/gcc" "Mozilla/5.0 AppleWebKit/537.36 (KHTML, like Gecko; compatible; GPTBot/1.4; +https://openai.com/gptbot)" "-"
114.119.132.0 - - [18/Jul/2026:00:07:12 -0400] "GET /shop/concert/redundant/89006348294.shtml HTTP/1.1" 301 - www.revealmyway.com "https://www.revealmyway.com/sitemap-goods-6165.xml" "Mozilla/5.0 (Linux; Android 7.0;) AppleWebKit/537.36 (HTML, like Gecko) Mobile Safari/537.36 (compatible; PetalBot;+https://webmaster.petalsearch.com/site/petalbot)" "-"
114.119.132.0 - - [18/Jul/2026:00:07:14 -0400] "GET /shop/concert/redundant/89006348294.shtml HTTP/1.1" 404 21594 revealmyway.com "https://www.revealmyway.com/sitemap-goods-6165.xml" "Mozilla/5.0 (Linux; Android 7.0;) AppleWebKit/537.36 (HTML, like Gecko) Mobile Safari/537.36 (compatible; PetalBot;+https://webmaster.petalsearch.com/site/petalbot)" "-"
2a03:2880:f800:: - - [18/Jul/2026:00:07:28 -0400] "GET /wp-includes/revisions.php?ja/shopping/influenza/890170581313 HTTP/1.1" 403 1271 www.revealmyway.com "-" "Mozilla/5.0 (Macintosh; Intel Mac OS X 10_15_7) AppleWebKit/537.36 (KHTML, like Gecko) Chrome/145.0.0.0 Safari/537.36 (compatible; meta-externalagent/1.1 (+https://developers.facebook.com/docs/sharing/webmasters/crawler))" "-"
185.115.217.0 - - [18/Jul/2026:00:07:29 -0400] "GET /wp-login.php HTTP/1.1" 200 4669 www.revealmyway.com "-" "Mozilla/5.0 (Windows NT 10.0; Win64; x64) AppleWebKit/537.36 (KHTML, like Gecko) Chrome/133.0.0.0 Safari/537.36" "-"
185.115.217.0 - - [18/Jul/2026:00:07:41 -0400] "POST /wp-login.php HTTP/1.1" 200 5058 www.revealmyway.com "https://www.revealmyway.com/wp-login.php" "Mozilla/5.0 (Windows NT 10.0; Win64; x64) AppleWebKit/537.36 (KHTML, like Gecko) Chrome/133.0.0.0 Safari/537.36" "-"
2a03:2880:f800:: - - [18/Jul/2026:00:07:56 -0400] "GET /ja/shopping/tibet/890979522219 HTTP/1.1" 404 21594 revealmyway.com "-" "Mozilla/5.0 (Windows NT 10.0; Win64; x64) AppleWebKit/537.36 (KHTML, like Gecko) Chrome/145.0.0.0 Safari/537.36 (compatible; meta-externalagent/1.1 (+https://developers.facebook.com/docs/sharing/webmasters/crawler))" "-"
74.7.241.0 - - [18/Jul/2026:00:08:04 -0400] "GET /?lokasie=/lib/init/init-d-script&loknya=/lib/init HTTP/1.1" 200 10278 coaches.revealmyway.com "https://coaches.revealmyway.com/?loknya=/lib/init" "Mozilla/5.0 AppleWebKit/537.36 (KHTML, like Gecko; compatible; GPTBot/1.4; +https://openai.com/gptbot)" "-"
17.22.245.0 - - [18/Jul/2026:00:08:24 -0400] "GET /best-free-casino-cocktails/ HTTP/1.1" 200 41827 coaches.revealmyway.com "-" "Mozilla/5.0 (Macintosh; Intel Mac OS X 10_15_7) AppleWebKit/605.1.15 (KHTML, like Gecko) Version/17.4 Safari/605.1.15 (Applebot/0.1; +http://www.apple.com/go/applebot)" "-"
2a03:2880:f800:: - - [18/Jul/2026:00:08:25 -0400] "GET /ja/shopping/referral/890639015540 HTTP/1.1" 404 21594 revealmyway.com "-" "Mozilla/5.0 (Macintosh; Intel Mac OS X 10_15_7) AppleWebKit/537.36 (KHTML, like Gecko) Chrome/145.0.0.0 Safari/537.36 (compatible; meta-externalagent/1.1 (+https://developers.facebook.com/docs/sharing/webmasters/crawler))" "-"
114.119.158.0 - - [18/Jul/2026:00:08:35 -0400] "GET /shop/compilers/creativity/890853232916.shtml HTTP/1.1" 301 - www.revealmyway.com "https://www.revealmyway.com/sitemap-goods-6831.xml" "Mozilla/5.0 (Linux; Android 7.0;) AppleWebKit/537.36 (HTML, like Gecko) Mobile Safari/537.36 (compatible; PetalBot;+https://webmaster.petalsearch.com/site/petalbot)" "-"
114.119.158.0 - - [18/Jul/2026:00:08:37 -0400] "GET /shop/compilers/creativity/890853232916.shtml HTTP/1.1" 404 21594 revealmyway.com "https://www.revealmyway.com/sitemap-goods-6831.xml" "Mozilla/5.0 (Linux; Android 7.0;) AppleWebKit/537.36 (HTML, like Gecko) Mobile Safari/537.36 (compatible; PetalBot;+https://webmaster.petalsearch.com/site/petalbot)" "-"
17.241.227.0 - - [18/Jul/2026:00:08:42 -0400] "GET /readybet-casino-200-free-spins/ HTTP/1.1" 200 41828 coaches.revealmyway.com "-" "Mozilla/5.0 (Macintosh; Intel Mac OS X 10_15_7) AppleWebKit/605.1.15 (KHTML, like Gecko) Version/17.4 Safari/605.1.15 (Applebot/0.1; +http://www.apple.com/go/applebot)" "-"
51.75.24.0 - - [18/Jul/2026:00:08:51 -0400] "GET /independent-consulting-opportunities?lokasie=/homepages/7/d147067425/htdocs/clickandbuilds/WordPress/MyCMS-backup/wp-includes/class-wp-meta-query.php&loknya=/homepages/7/d147067425/htdocs/clickandbuilds/WordPress/MyCMS-backup/wp-includes HTTP/1.1" 200 39405 coaches.revealmyway.com "-" "Mozilla/5.0 (Windows NT 10.0; Win64; x64) AppleWebKit/537.36 (KHTML, like Gecko) Chrome/148.0.0.0 Safari/537.36" "-"
74.7.241.0 - - [18/Jul/2026:00:08:53 -0400] "GET /?lokasie=/etc//papersize&loknya=/etc/ HTTP/1.1" 200 3948 coaches.revealmyway.com "https://coaches.revealmyway.com/?loknya=/etc/" "Mozilla/5.0 AppleWebKit/537.36 (KHTML, like Gecko; compatible; GPTBot/1.4; +https://openai.com/gptbot)" "-"
2a03:2880:f800:: - - [18/Jul/2026:00:08:53 -0400] "GET /ja/shopping/warranty/890748651886 HTTP/1.1" 404 21594 revealmyway.com "-" "Mozilla/5.0 (Windows NT 10.0; Win64; x64) AppleWebKit/537.36 (KHTML, like Gecko) Chrome/145.0.0.0 Safari/537.36 (compatible; meta-externalagent/1.1 (+https://developers.facebook.com/docs/sharing/webmasters/crawler))" "-"
213.32.68.0 - - [18/Jul/2026:00:08:54 -0400] "GET /index.php?lokasie=/homepages/7/d147067425/htdocs/clickandbuilds/WordPress/MyCMS-backup/wp-mail.php&loknya=/homepages/7/d147067425/htdocs/clickandbuilds/WordPress/MyCMS-backup HTTP/1.1" 200 14352 coaches.revealmyway.com "-" "Mozilla/5.0 (Windows NT 10.0; Win64; x64) AppleWebKit/537.36 (KHTML, like Gecko) Chrome/148.0.0.0 Safari/537.36" "-"
51.89.167.0 - - [18/Jul/2026:00:08:54 -0400] "GET /independent-consulting-opportunities?lokasie=/homepages/7/d147067425/htdocs/clickandbuilds/WordPress/MyCMS-backup/wp-includes/class-wp-application-passwords.php&loknya=/homepages/7/d147067425/htdocs/clickandbuilds/WordPress/MyCMS-backup/wp-includes HTTP/1.1" 200 22432 coaches.revealmyway.com "-" "Mozilla/5.0 (Windows NT 10.0; Win64; x64) AppleWebKit/537.36 (KHTML, like Gecko) Chrome/148.0.0.0 Safari/537.36" "-"
2a03:2880:f800:: - - [18/Jul/2026:00:09:22 -0400] "GET /ja/shopping/badly/890657259215 HTTP/1.1" 404 21594 revealmyway.com "-" "Mozilla/5.0 (X11; Linux x86_64) AppleWebKit/537.36 (KHTML, like Gecko) Chrome/145.0.0.0 Safari/537.36 (compatible; meta-externalagent/1.1 (+https://developers.facebook.com/docs/sharing/webmasters/crawler))" "-"
74.7.241.0 - - [18/Jul/2026:00:09:41 -0400] "GET /?loknya=/lib/ruby/2.7.0/psych HTTP/1.1" 200 31903 coaches.revealmyway.com "https://coaches.revealmyway.com/?loknya=/lib/ruby/2.7.0" "Mozilla/5.0 AppleWebKit/537.36 (KHTML, like Gecko; compatible; GPTBot/1.4; +https://openai.com/gptbot)" "-"
2a03:2880:f800:: - - [18/Jul/2026:00:09:50 -0400] "GET /ja/shopping/reader/890813331148 HTTP/1.1" 404 21594 revealmyway.com "-" "Mozilla/5.0 (Windows NT 10.0; Win64; x64) AppleWebKit/537.36 (KHTML, like Gecko) Chrome/145.0.0.0 Safari/537.36 (compatible; meta-externalagent/1.1 (+https://developers.facebook.com/docs/sharing/webmasters/crawler))" "-"
114.119.148.0 - - [18/Jul/2026:00:10:00 -0400] "GET /shop/competency/representative/890135219759.shtml HTTP/1.1" 301 - www.revealmyway.com "https://www.revealmyway.com/sitemap-goods-7127.xml" "Mozilla/5.0 (Linux; Android 7.0;) AppleWebKit/537.36 (HTML, like Gecko) Mobile Safari/537.36 (compatible; PetalBot;+https://webmaster.petalsearch.com/site/petalbot)" "-"
114.119.148.0 - - [18/Jul/2026:00:10:02 -0400] "GET /shop/competency/representative/890135219759.shtml HTTP/1.1" 404 21594 revealmyway.com "https://www.revealmyway.com/sitemap-goods-7127.xml" "Mozilla/5.0 (Linux; Android 7.0;) AppleWebKit/537.36 (HTML, like Gecko) Mobile Safari/537.36 (compatible; PetalBot;+https://webmaster.petalsearch.com/site/petalbot)" "-"
2a03:2880:f800:: - - [18/Jul/2026:00:10:19 -0400] "GET /ja/shopping/campground/891111744742 HTTP/1.1" 404 21594 revealmyway.com "-" "Mozilla/5.0 (Macintosh; Intel Mac OS X 10_15_7) AppleWebKit/537.36 (KHTML, like Gecko) Chrome/145.0.0.0 Safari/537.36 (compatible; meta-externalagent/1.1 (+https://developers.facebook.com/docs/sharing/webmasters/crawler))" "-"
74.7.241.0 - - [18/Jul/2026:00:10:22 -0400] "GET /?lokasie=/proc/idata_global&loknya=/proc HTTP/1.1" 200 3950 coaches.revealmyway.com "https://coaches.revealmyway.com/?loknya=/proc" "Mozilla/5.0 AppleWebKit/537.36 (KHTML, like Gecko; compatible; GPTBot/1.4; +https://openai.com/gptbot)" "-"
2a03:2880:f800:: - - [18/Jul/2026:00:10:48 -0400] "GET /ja/shopping/ativan/891032246152 HTTP/1.1" 404 21594 revealmyway.com "-" "Mozilla/5.0 (Macintosh; Intel Mac OS X 10_15_7) AppleWebKit/537.36 (KHTML, like Gecko) Chrome/145.0.0.0 Safari/537.36 (compatible; meta-externalagent/1.1 (+https://developers.facebook.com/docs/sharing/webmasters/crawler))" "-"
74.7.241.0 - - [18/Jul/2026:00:11:00 -0400] "GET /?lokasie=/lib/aspell/koi8-r.cset&loknya=/lib/aspell HTTP/1.1" 200 17984 coaches.revealmyway.com "https://coaches.revealmyway.com/?loknya=/lib/aspell" "Mozilla/5.0 AppleWebKit/537.36 (KHTML, like Gecko; compatible; GPTBot/1.4; +https://openai.com/gptbot)" "-"
2a03:2880:f800:: - - [18/Jul/2026:00:11:16 -0400] "GET /ja/shopping/serial/891047472453 HTTP/1.1" 404 21594 revealmyway.com "-" "Mozilla/5.0 (X11; Linux x86_64) AppleWebKit/537.36 (KHTML, like Gecko) Chrome/145.0.0.0 Safari/537.36 (compatible; meta-externalagent/1.1 (+https://developers.facebook.com/docs/sharing/webmasters/crawler))" "-"
114.119.152.0 - - [18/Jul/2026:00:11:23 -0400] "GET /shop/compensation/heavenly/89027227512.shtml HTTP/1.1" 301 - www.revealmyway.com "https://www.revealmyway.com/sitemap-goods-6979.xml" "Mozilla/5.0 (Linux; Android 7.0;) AppleWebKit/537.36 (HTML, like Gecko) Mobile Safari/537.36 (compatible; PetalBot;+https://webmaster.petalsearch.com/site/petalbot)" "-"
114.119.152.0 - - [18/Jul/2026:00:11:25 -0400] "GET /shop/compensation/heavenly/89027227512.shtml HTTP/1.1" 404 21594 revealmyway.com "https://www.revealmyway.com/sitemap-goods-6979.xml" "Mozilla/5.0 (Linux; Android 7.0;) AppleWebKit/537.36 (HTML, like Gecko) Mobile Safari/537.36 (compatible; PetalBot;+https://webmaster.petalsearch.com/site/petalbot)" "-"
74.7.241.0 - - [18/Jul/2026:00:11:34 -0400] "GET /?lokasie=/lib/aspell/koi8-u.cset&loknya=/lib/aspell HTTP/1.1" 200 18098 coaches.revealmyway.com "https://coaches.revealmyway.com/?loknya=/lib/aspell" "Mozilla/5.0 AppleWebKit/537.36 (KHTML, like Gecko; compatible; GPTBot/1.4; +https://openai.com/gptbot)" "-"
51.68.107.0 - - [18/Jul/2026:00:11:40 -0400] "GET /robots.txt HTTP/1.1" 200 116 revealmyway.com "-" "Mozilla/5.0 (compatible; MJ12bot/v2.0.5; http://mj12bot.com/)" "-"
51.68.107.0 - - [18/Jul/2026:00:11:41 -0400] "GET / HTTP/1.1" 200 27217 revealmyway.com "-" "Mozilla/5.0 (compatible; MJ12bot/v2.0.5; http://mj12bot.com/)" "-"
2a03:2880:f800:: - - [18/Jul/2026:00:11:45 -0400] "GET /ja/shopping/amend/890970876949 HTTP/1.1" 404 21594 revealmyway.com "-" "Mozilla/5.0 (Windows NT 10.0; Win64; x64) AppleWebKit/537.36 (KHTML, like Gecko) Chrome/145.0.0.0 Safari/537.36 (compatible; meta-externalagent/1.1 (+https://developers.facebook.com/docs/sharing/webmasters/crawler))" "-"
74.7.241.0 - - [18/Jul/2026:00:12:05 -0400] "GET /?loknya=/homepages/ HTTP/1.1" 200 58155 coaches.revealmyway.com "https://coaches.revealmyway.com/?loknya=/homepages/7" "Mozilla/5.0 AppleWebKit/537.36 (KHTML, like Gecko; compatible; GPTBot/1.4; +https://openai.com/gptbot)" "-"
2a03:2880:f800:: - - [18/Jul/2026:00:12:14 -0400] "GET /ja/shopping/entries/89112931614 HTTP/1.1" 404 21594 revealmyway.com "-" "Mozilla/5.0 (Windows NT 10.0; Win64; x64) AppleWebKit/537.36 (KHTML, like Gecko) Chrome/145.0.0.0 Safari/537.36 Edg/145.0.0.0 (compatible; meta-externalagent/1.1 (+https://developers.facebook.com/docs/sharing/webmasters/crawler))" "-"
74.7.241.0 - - [18/Jul/2026:00:12:34 -0400] "GET /?loknya=/kunden/srv HTTP/1.1" 200 5073 coaches.revealmyway.com "https://coaches.revealmyway.com/?loknya=/kunden" "Mozilla/5.0 AppleWebKit/537.36 (KHTML, like Gecko; compatible; GPTBot/1.4; +https://openai.com/gptbot)" "-"
2a03:2880:f800:: - - [18/Jul/2026:00:12:41 -0400] "GET /wp-includes/revisions.php?ja/shopping/urgency/890569645268 HTTP/1.1" 403 1271 www.revealmyway.com "-" "Mozilla/5.0 (Macintosh; Intel Mac OS X 10_15_7) AppleWebKit/537.36 (KHTML, like Gecko) Chrome/145.0.0.0 Safari/537.36 (compatible; meta-externalagent/1.1 (+https://developers.facebook.com/docs/sharing/webmasters/crawler))" "-"
114.119.158.0 - - [18/Jul/2026:00:12:49 -0400] "GET /shop/companions/bikini/88911584345.shtml HTTP/1.1" 301 - www.revealmyway.com "https://www.revealmyway.com/sitemap-goods-6896.xml" "Mozilla/5.0 (Linux; Android 7.0;) AppleWebKit/537.36 (HTML, like Gecko) Mobile Safari/537.36 (compatible; PetalBot;+https://webmaster.petalsearch.com/site/petalbot)" "-"
114.119.158.0 - - [18/Jul/2026:00:12:52 -0400] "GET /shop/companions/bikini/88911584345.shtml HTTP/1.1" 404 21594 revealmyway.com "https://www.revealmyway.com/sitemap-goods-6896.xml" "Mozilla/5.0 (Linux; Android 7.0;) AppleWebKit/537.36 (HTML, like Gecko) Mobile Safari/537.36 (compatible; PetalBot;+https://webmaster.petalsearch.com/site/petalbot)" "-"
74.7.241.0 - - [18/Jul/2026:00:12:59 -0400] "GET /?lokasie=/usr/sbin/resize2fs&loknya=/usr/sbin HTTP/1.1" 200 56991 coaches.revealmyway.com "https://coaches.revealmyway.com/?loknya=/usr/sbin" "Mozilla/5.0 AppleWebKit/537.36 (KHTML, like Gecko; compatible; GPTBot/1.4; +https://openai.com/gptbot)" "-"
17.241.227.0 - - [18/Jul/2026:00:13:01 -0400] "GET /first-deposit-bonus-no-wagering/ HTTP/1.1" 200 41827 coaches.revealmyway.com "-" "Mozilla/5.0 (Macintosh; Intel Mac OS X 10_15_7) AppleWebKit/605.1.15 (KHTML, like Gecko) Version/17.4 Safari/605.1.15 (Applebot/0.1; +http://www.apple.com/go/applebot)" "-"
2a03:2880:f800:: - - [18/Jul/2026:00:13:11 -0400] "GET /wp-includes/revisions.php?ja/shopping/alphabet/890468999800 HTTP/1.1" 403 1271 www.revealmyway.com "-" "Mozilla/5.0 (Windows NT 10.0; Win64; x64) AppleWebKit/537.36 (KHTML, like Gecko) Chrome/145.0.0.0 Safari/537.36 (compatible; meta-externalagent/1.1 (+https://developers.facebook.com/docs/sharing/webmasters/crawler))" "-"
74.7.241.0 - - [18/Jul/2026:00:13:22 -0400] "GET /?lokasie=/bin/svnversion&loknya=/bin HTTP/1.1" 200 21268 coaches.revealmyway.com "https://coaches.revealmyway.com/?loknya=/bin" "Mozilla/5.0 AppleWebKit/537.36 (KHTML, like Gecko; compatible; GPTBot/1.4; +https://openai.com/gptbot)" "-"
2a03:2880:f800:: - - [18/Jul/2026:00:13:39 -0400] "GET /ja/shopping/twilight/89087439635 HTTP/1.1" 404 21594 revealmyway.com "-" "Mozilla/5.0 (Windows NT 10.0; Win64; x64) AppleWebKit/537.36 (KHTML, like Gecko) Chrome/145.0.0.0 Safari/537.36 (compatible; meta-externalagent/1.1 (+https://developers.facebook.com/docs/sharing/webmasters/crawler))" "-"
74.7.241.0 - - [18/Jul/2026:00:13:41 -0400] "GET /?loknya=/lib/gcc/ HTTP/1.1" 200 6104 coaches.revealmyway.com "https://coaches.revealmyway.com/?loknya=/lib/gcc/x86_64-linux-gnu" "Mozilla/5.0 AppleWebKit/537.36 (KHTML, like Gecko; compatible; GPTBot/1.4; +https://openai.com/gptbot)" "-"
74.7.241.0 - - [18/Jul/2026:00:13:59 -0400] "GET /?loknya=/lib/gcc/x86_64-linux-gnu/10 HTTP/1.1" 200 78058 coaches.revealmyway.com "https://coaches.revealmyway.com/?loknya=/lib/gcc/x86_64-linux-gnu" "Mozilla/5.0 AppleWebKit/537.36 (KHTML, like Gecko; compatible; GPTBot/1.4; +https://openai.com/gptbot)" "-"
2a03:2880:f800:: - - [18/Jul/2026:00:14:07 -0400] "GET /wp-includes/revisions.php?ja/shopping/luck/89008813327 HTTP/1.1" 403 1271 www.revealmyway.com "-" "Mozilla/5.0 (Windows NT 10.0; Win64; x64) AppleWebKit/537.36 (KHTML, like Gecko) Chrome/145.0.0.0 Safari/537.36 (compatible; meta-externalagent/1.1 (+https://developers.facebook.com/docs/sharing/webmasters/crawler))" "-"
74.7.241.0 - - [18/Jul/2026:00:14:15 -0400] "GET /?lokasie=/bin/pbmtonokia&loknya=/bin HTTP/1.1" 200 20735 coaches.revealmyway.com "https://coaches.revealmyway.com/?loknya=/bin" "Mozilla/5.0 AppleWebKit/537.36 (KHTML, like Gecko; compatible; GPTBot/1.4; +https://openai.com/gptbot)" "-"
74.7.241.0 - - [18/Jul/2026:00:14:29 -0400] "GET /?lokasie=/bin/domainname&loknya=/bin HTTP/1.1" 200 30161 coaches.revealmyway.com "https://coaches.revealmyway.com/?loknya=/bin" "Mozilla/5.0 AppleWebKit/537.36 (KHTML, like Gecko; compatible; GPTBot/1.4; +https://openai.com/gptbot)" "-"
2a03:2880:f800:: - - [18/Jul/2026:00:14:36 -0400] "GET /ja/shopping/corporations/890748735280 HTTP/1.1" 404 21594 revealmyway.com "-" "Mozilla/5.0 (Windows NT 10.0; Win64; x64) AppleWebKit/537.36 (KHTML, like Gecko) Chrome/145.0.0.0 Safari/537.36 (compatible; meta-externalagent/1.1 (+https://developers.facebook.com/docs/sharing/webmasters/crawler))" "-"
114.119.152.0 - - [18/Jul/2026:00:14:41 -0400] "GET /shop/commanders/vaccine/889317056789.shtml HTTP/1.1" 301 - www.revealmyway.com "https://www.revealmyway.com/sitemap-goods-5896.xml" "Mozilla/5.0 (Linux; Android 7.0;) AppleWebKit/537.36 (HTML, like Gecko) Mobile Safari/537.36 (compatible; PetalBot;+https://webmaster.petalsearch.com/site/petalbot)" "-"
74.7.241.0 - - [18/Jul/2026:00:14:43 -0400] "GET /?lokasie=/bin/libtoolize&loknya=/bin HTTP/1.1" 200 149949 coaches.revealmyway.com "https://coaches.revealmyway.com/?loknya=/bin" "Mozilla/5.0 AppleWebKit/537.36 (KHTML, like Gecko; compatible; GPTBot/1.4; +https://openai.com/gptbot)" "-"
114.119.152.0 - - [18/Jul/2026:00:14:47 -0400] "GET /shop/commanders/vaccine/889317056789.shtml HTTP/1.1" 404 21594 revealmyway.com "https://www.revealmyway.com/sitemap-goods-5896.xml" "Mozilla/5.0 (Linux; Android 7.0;) AppleWebKit/537.36 (HTML, like Gecko) Mobile Safari/537.36 (compatible; PetalBot;+https://webmaster.petalsearch.com/site/petalbot)" "-"
74.7.241.0 - - [18/Jul/2026:00:14:54 -0400] "GET /?lokasie=/sbin/e2freefrag&loknya=/sbin HTTP/1.1" 200 21673 coaches.revealmyway.com "https://coaches.revealmyway.com/?loknya=/sbin" "Mozilla/5.0 AppleWebKit/537.36 (KHTML, like Gecko; compatible; GPTBot/1.4; +https://openai.com/gptbot)" "-"
2a03:2880:f800:: - - [18/Jul/2026:00:15:04 -0400] "GET /ja/shopping/pierre/89084055244 HTTP/1.1" 404 21594 revealmyway.com "-" "Mozilla/5.0 (Windows NT 10.0; Win64; x64) AppleWebKit/537.36 (KHTML, like Gecko) Chrome/145.0.0.0 Safari/537.36 (compatible; meta-externalagent/1.1 (+https://developers.facebook.com/docs/sharing/webmasters/crawler))" "-"
74.7.241.0 - - [18/Jul/2026:00:15:05 -0400] "GET /?lokasie=/kunden/bin/ld.gold&loknya=/kunden/bin HTTP/1.1" 429 267 coaches.revealmyway.com "https://coaches.revealmyway.com/?loknya=/kunden/bin" "Mozilla/5.0 AppleWebKit/537.36 (KHTML, like Gecko; compatible; GPTBot/1.4; +https://openai.com/gptbot)" "-"
74.7.241.0 - - [18/Jul/2026:00:15:15 -0400] "GET /?lokasie=/kunden/bin/ssh-add&loknya=/kunden/bin HTTP/1.1" 429 267 coaches.revealmyway.com "https://coaches.revealmyway.com/?loknya=/kunden/bin" "Mozilla/5.0 AppleWebKit/537.36 (KHTML, like Gecko; compatible; GPTBot/1.4; +https://openai.com/gptbot)" "-"
2a03:2880:f800:: - - [18/Jul/2026:00:15:33 -0400] "GET /ja/shopping/ku/891047440555 HTTP/1.1" 404 21594 revealmyway.com "-" "Mozilla/5.0 (Macintosh; Intel Mac OS X 10_15_7) AppleWebKit/537.36 (KHTML, like Gecko) Chrome/145.0.0.0 Safari/537.36 (compatible; meta-externalagent/1.1 (+https://developers.facebook.com/docs/sharing/webmasters/crawler))" "-"
114.119.148.0 - - [18/Jul/2026:00:15:36 -0400] "GET /shop/urine/medically/89027254587.shtml HTTP/1.1" 301 - www.revealmyway.com "https://www.revealmyway.com/sitemap-goods-4676.xml" "Mozilla/5.0 (Linux; Android 7.0;) AppleWebKit/537.36 (HTML, like Gecko) Mobile Safari/537.36 (compatible; PetalBot;+https://webmaster.petalsearch.com/site/petalbot)" "-"
114.119.148.0 - - [18/Jul/2026:00:15:37 -0400] "GET /shop/urine/medically/89027254587.shtml HTTP/1.1" 404 21594 revealmyway.com "https://www.revealmyway.com/sitemap-goods-4676.xml" "Mozilla/5.0 (Linux; Android 7.0;) AppleWebKit/537.36 (HTML, like Gecko) Mobile Safari/537.36 (compatible; PetalBot;+https://webmaster.petalsearch.com/site/petalbot)" "-"
74.7.241.0 - - [18/Jul/2026:00:15:44 -0400] "GET /?lokasie=/proc//config.gz&loknya=/proc/ HTTP/1.1" 429 267 coaches.revealmyway.com "https://coaches.revealmyway.com/?loknya=/proc/" "Mozilla/5.0 AppleWebKit/537.36 (KHTML, like Gecko; compatible; GPTBot/1.4; +https://openai.com/gptbot)" "-"
2a03:2880:f800:: - - [18/Jul/2026:00:16:02 -0400] "GET /ja/shopping/intl/890879399414 HTTP/1.1" 404 21594 revealmyway.com "-" "Mozilla/5.0 (X11; Linux x86_64) AppleWebKit/537.36 (KHTML, like Gecko) Chrome/145.0.0.0 Safari/537.36 (compatible; meta-externalagent/1.1 (+https://developers.facebook.com/docs/sharing/webmasters/crawler))" "-"
2a03:2880:f800:: - - [18/Jul/2026:00:16:30 -0400] "GET /ja/shopping/flower/89094611910 HTTP/1.1" 404 21594 revealmyway.com "-" "Mozilla/5.0 (Macintosh; Intel Mac OS X 10_15_7) AppleWebKit/537.36 (KHTML, like Gecko) Chrome/145.0.0.0 Safari/537.36 (compatible; meta-externalagent/1.1 (+https://developers.facebook.com/docs/sharing/webmasters/crawler))" "-"
74.208.57.0 - - [18/Jul/2026:00:16:34 -0400] "POST /wp-cron.php?doing_wp_cron=1784348194.6992061138153076171875 HTTP/1.1" 200 - info.revealmyway.com "-" "WordPress/7.0.1; https://info.revealmyway.com" "-"
52.21.62.0 - - [18/Jul/2026:00:16:34 -0400] "GET /the-meaning-and-significance-of-the-revealmyway-enrichment-tools-name/ HTTP/1.1" 200 172710 info.revealmyway.com "-" "Mozilla/5.0 AppleWebKit/537.36 (KHTML, like Gecko; compatible; Amazonbot/0.1; +https://developer.amazon.com/support/amazonbot) Chrome/119.0.6045.214 Safari/537.36" "-"
17.22.245.0 - - [18/Jul/2026:00:16:40 -0400] "GET /bitcoin-casino-with-no-deposit-required-and-bitcointalk/ HTTP/1.1" 200 41826 coaches.revealmyway.com "-" "Mozilla/5.0 (Macintosh; Intel Mac OS X 10_15_7) AppleWebKit/605.1.15 (KHTML, like Gecko) Version/17.4 Safari/605.1.15 (Applebot/0.1; +http://www.apple.com/go/applebot)" "-"
74.7.241.0 - - [18/Jul/2026:00:16:49 -0400] "GET /?lokasie=/usr/bin/crc32&loknya=/usr/bin HTTP/1.1" 200 5153 coaches.revealmyway.com "https://coaches.revealmyway.com/?loknya=/usr/bin" "Mozilla/5.0 AppleWebKit/537.36 (KHTML, like Gecko; compatible; GPTBot/1.4; +https://openai.com/gptbot)" "-"
2a03:2880:f800:: - - [18/Jul/2026:00:16:59 -0400] "GET /ja/shopping/watches/89097951253 HTTP/1.1" 404 21594 revealmyway.com "-" "Mozilla/5.0 (Macintosh; Intel Mac OS X 10_15_7) AppleWebKit/537.36 (KHTML, like Gecko) Chrome/145.0.0.0 Safari/537.36 (compatible; meta-externalagent/1.1 (+https://developers.facebook.com/docs/sharing/webmasters/crawler))" "-"
114.119.145.0 - - [18/Jul/2026:00:17:00 -0400] "GET /shop/technicians/neonatal/889761979267.shtml HTTP/1.1" 301 - www.revealmyway.com "https://www.revealmyway.com/sitemap-goods-5046.xml" "Mozilla/5.0 (Linux; Android 7.0;) AppleWebKit/537.36 (HTML, like Gecko) Mobile Safari/537.36 (compatible; PetalBot;+https://webmaster.petalsearch.com/site/petalbot)" "-"
114.119.145.0 - - [18/Jul/2026:00:17:02 -0400] "GET /shop/technicians/neonatal/889761979267.shtml HTTP/1.1" 404 21594 revealmyway.com "https://www.revealmyway.com/sitemap-goods-5046.xml" "Mozilla/5.0 (Linux; Android 7.0;) AppleWebKit/537.36 (HTML, like Gecko) Mobile Safari/537.36 (compatible; PetalBot;+https://webmaster.petalsearch.com/site/petalbot)" "-"
2a03:2880:f800:: - - [18/Jul/2026:00:17:28 -0400] "GET /ja/shopping/carry/890937631927 HTTP/1.1" 404 21594 revealmyway.com "-" "Mozilla/5.0 (Windows NT 10.0; Win64; x64) AppleWebKit/537.36 (KHTML, like Gecko) Chrome/145.0.0.0 Safari/537.36 (compatible; meta-externalagent/1.1 (+https://developers.facebook.com/docs/sharing/webmasters/crawler))" "-"
74.7.241.0 - - [18/Jul/2026:00:17:55 -0400] "GET /?lokasie=/kunden/bin/mariadb-dump&loknya=/kunden/bin HTTP/1.1" 200 5143114 coaches.revealmyway.com "https://coaches.revealmyway.com/?loknya=/kunden/bin" "Mozilla/5.0 AppleWebKit/537.36 (KHTML, like Gecko; compatible; GPTBot/1.4; +https://openai.com/gptbot)" "-"
2a03:2880:f800:: - - [18/Jul/2026:00:17:56 -0400] "GET /ja/shopping/pops/891153543339 HTTP/1.1" 404 21594 revealmyway.com "-" "Mozilla/5.0 (Windows NT 10.0; Win64; x64) AppleWebKit/537.36 (KHTML, like Gecko) Chrome/145.0.0.0 Safari/537.36 (compatible; meta-externalagent/1.1 (+https://developers.facebook.com/docs/sharing/webmasters/crawler))" "-"
17.246.19.0 - - [18/Jul/2026:00:18:07 -0400] "GET /10-free-no-deposit-bonus-australia/ HTTP/1.1" 200 41827 coaches.revealmyway.com "-" "Mozilla/5.0 (Macintosh; Intel Mac OS X 10_15_7) AppleWebKit/605.1.15 (KHTML, like Gecko) Version/17.4 Safari/605.1.15 (Applebot/0.1; +http://www.apple.com/go/applebot)" "-"
114.119.132.0 - - [18/Jul/2026:00:18:23 -0400] "GET /shop/subgroup/bulgarian/88932986033.shtml HTTP/1.1" 301 - www.revealmyway.com "https://www.revealmyway.com/sitemap-goods-7598.xml" "Mozilla/5.0 (Linux; Android 7.0;) AppleWebKit/537.36 (HTML, like Gecko) Mobile Safari/537.36 (compatible; PetalBot;+https://webmaster.petalsearch.com/site/petalbot)" "-"
2a03:2880:f800:: - - [18/Jul/2026:00:18:25 -0400] "GET /ja/shopping/remember/89063070095 HTTP/1.1" 301 - www.revealmyway.com "-" "Mozilla/5.0 (Windows NT 10.0; Win64; x64) AppleWebKit/537.36 (KHTML, like Gecko) Chrome/145.0.0.0 Safari/537.36 (compatible; meta-externalagent/1.1 (+https://developers.facebook.com/docs/sharing/webmasters/crawler))" "-"
114.119.132.0 - - [18/Jul/2026:00:18:25 -0400] "GET /shop/subgroup/bulgarian/88932986033.shtml HTTP/1.1" 404 21594 revealmyway.com "https://www.revealmyway.com/sitemap-goods-7598.xml" "Mozilla/5.0 (Linux; Android 7.0;) AppleWebKit/537.36 (HTML, like Gecko) Mobile Safari/537.36 (compatible; PetalBot;+https://webmaster.petalsearch.com/site/petalbot)" "-"
185.115.217.0 - - [18/Jul/2026:00:18:45 -0400] "GET /wp-login.php HTTP/1.1" 200 4669 revealmyway.com "-" "Mozilla/5.0 (Windows NT 10.0; Win64; x64) AppleWebKit/537.36 (KHTML, like Gecko) Chrome/133.0.0.0 Safari/537.36" "-"
2a03:2880:f800:: - - [18/Jul/2026:00:18:53 -0400] "GET /ja/shopping/abn/89084403580 HTTP/1.1" 404 21594 revealmyway.com "-" "Mozilla/5.0 (Windows NT 10.0; Win64; x64) AppleWebKit/537.36 (KHTML, like Gecko) Chrome/145.0.0.0 Safari/537.36 Edg/145.0.0.0 (compatible; meta-externalagent/1.1 (+https://developers.facebook.com/docs/sharing/webmasters/crawler))" "-"
74.7.241.0 - - [18/Jul/2026:00:18:54 -0400] "GET /?lokasie=/kunden/etc/adduser.conf&loknya=/kunden/etc HTTP/1.1" 200 7140 coaches.revealmyway.com "https://coaches.revealmyway.com/?loknya=/kunden/etc" "Mozilla/5.0 AppleWebKit/537.36 (KHTML, like Gecko; compatible; GPTBot/1.4; +https://openai.com/gptbot)" "-"
185.115.217.0 - - [18/Jul/2026:00:19:09 -0400] "POST /wp-login.php HTTP/1.1" 200 5058 revealmyway.com "https://revealmyway.com/wp-login.php" "Mozilla/5.0 (Windows NT 10.0; Win64; x64) AppleWebKit/537.36 (KHTML, like Gecko) Chrome/133.0.0.0 Safari/537.36" "-"
2a03:2880:f800:: - - [18/Jul/2026:00:19:18 -0400] "GET /ja/shopping/raleigh/89084155935 HTTP/1.1" 404 21594 revealmyway.com "-" "Mozilla/5.0 (Windows NT 10.0; Win64; x64) AppleWebKit/537.36 (KHTML, like Gecko) Chrome/145.0.0.0 Safari/537.36 (compatible; meta-externalagent/1.1 (+https://developers.facebook.com/docs/sharing/webmasters/crawler))" "-"
2a03:2880:f800:: - - [18/Jul/2026:00:19:43 -0400] "GET /ja/shopping/niger/890931719105 HTTP/1.1" 404 21594 revealmyway.com "-" "Mozilla/5.0 (Macintosh; Intel Mac OS X 10_15_7) AppleWebKit/537.36 (KHTML, like Gecko) Chrome/145.0.0.0 Safari/537.36 (compatible; meta-externalagent/1.1 (+https://developers.facebook.com/docs/sharing/webmasters/crawler))" "-"
114.119.145.0 - - [18/Jul/2026:00:19:46 -0400] "GET /shop/sorrow/pittsburgh/891039797845.shtml HTTP/1.1" 301 - www.revealmyway.com "https://www.revealmyway.com/sitemap-goods-6008.xml" "Mozilla/5.0 (Linux; Android 7.0;) AppleWebKit/537.36 (HTML, like Gecko) Mobile Safari/537.36 (compatible; PetalBot;+https://webmaster.petalsearch.com/site/petalbot)" "-"
74.7.241.0 - - [18/Jul/2026:00:19:47 -0400] "GET /?loknya=/lib/gcc/x86_64-linux-gnu/ HTTP/1.1" 200 6202 coaches.revealmyway.com "https://coaches.revealmyway.com/?loknya=/lib/gcc/x86_64-linux-gnu/10" "Mozilla/5.0 AppleWebKit/537.36 (KHTML, like Gecko; compatible; GPTBot/1.4; +https://openai.com/gptbot)" "-"
114.119.145.0 - - [18/Jul/2026:00:19:48 -0400] "GET /shop/sorrow/pittsburgh/891039797845.shtml HTTP/1.1" 404 21594 revealmyway.com "https://www.revealmyway.com/sitemap-goods-6008.xml" "Mozilla/5.0 (Linux; Android 7.0;) AppleWebKit/537.36 (HTML, like Gecko) Mobile Safari/537.36 (compatible; PetalBot;+https://webmaster.petalsearch.com/site/petalbot)" "-"
17.246.15.0 - - [18/Jul/2026:00:20:06 -0400] "GET /four-winds-casino-in-dowagiac-australia/ HTTP/1.1" 200 41827 coaches.revealmyway.com "-" "Mozilla/5.0 (Macintosh; Intel Mac OS X 10_15_7) AppleWebKit/605.1.15 (KHTML, like Gecko) Version/17.4 Safari/605.1.15 (Applebot/0.1; +http://www.apple.com/go/applebot)" "-"
2a03:2880:f800:: - - [18/Jul/2026:00:20:08 -0400] "GET /ja/shopping/odessa/891032227773 HTTP/1.1" 404 21594 revealmyway.com "-" "Mozilla/5.0 (Macintosh; Intel Mac OS X 10_15_7) AppleWebKit/537.36 (KHTML, like Gecko) Chrome/145.0.0.0 Safari/537.36 (compatible; meta-externalagent/1.1 (+https://developers.facebook.com/docs/sharing/webmasters/crawler))" "-"
74.7.241.0 - - [18/Jul/2026:00:20:32 -0400] "GET /?lokasie=/kunden/bin/mariadb-slap&loknya=/kunden/bin HTTP/1.1" 200 5028740 coaches.revealmyway.com "https://coaches.revealmyway.com/?loknya=/kunden/bin" "Mozilla/5.0 AppleWebKit/537.36 (KHTML, like Gecko; compatible; GPTBot/1.4; +https://openai.com/gptbot)" "-"
2a03:2880:f800:: - - [18/Jul/2026:00:20:33 -0400] "GET /ja/shopping/paz/89084029383 HTTP/1.1" 404 21594 revealmyway.com "-" "Mozilla/5.0 (Windows NT 10.0; Win64; x64) AppleWebKit/537.36 (KHTML, like Gecko) Chrome/145.0.0.0 Safari/537.36 (compatible; meta-externalagent/1.1 (+https://developers.facebook.com/docs/sharing/webmasters/crawler))" "-"
52.54.157.0 - - [18/Jul/2026:00:20:51 -0400] "GET /location/middle-east/?loknya=/home HTTP/1.1" 200 5014 coaches.revealmyway.com "-" "Mozilla/5.0 AppleWebKit/537.36 (KHTML, like Gecko; compatible; Amazonbot/0.1; +https://developer.amazon.com/support/amazonbot) Chrome/119.0.6045.214 Safari/537.36" "-"
34.196.237.0 - - [18/Jul/2026:00:20:58 -0400] "GET /list-tags/well-being/?loknya=/homepages/22 HTTP/1.1" 200 21667 coaches.revealmyway.com "-" "Mozilla/5.0 AppleWebKit/537.36 (KHTML, like Gecko; compatible; Amazonbot/0.1; +https://developer.amazon.com/support/amazonbot) Chrome/119.0.6045.214 Safari/537.36" "-"
2a03:2880:f800:: - - [18/Jul/2026:00:20:58 -0400] "GET /ja/shopping/repairing/89105004517 HTTP/1.1" 404 21594 revealmyway.com "-" "Mozilla/5.0 (Windows NT 10.0; Win64; x64) AppleWebKit/537.36 (KHTML, like Gecko) Chrome/145.0.0.0 Safari/537.36 (compatible; meta-externalagent/1.1 (+https://developers.facebook.com/docs/sharing/webmasters/crawler))" "-"
34.236.41.0 - - [18/Jul/2026:00:21:00 -0400] "GET /listing-category/life-coach/?loknya=/opt HTTP/1.1" 200 5011 coaches.revealmyway.com "-" "Mozilla/5.0 AppleWebKit/537.36 (KHTML, like Gecko; compatible; Amazonbot/0.1; +https://developer.amazon.com/support/amazonbot) Chrome/119.0.6045.214 Safari/537.36" "-"
52.3.26.0 - - [18/Jul/2026:00:21:03 -0400] "GET /location/europe/?loknya=/media HTTP/1.1" 200 5017 coaches.revealmyway.com "-" "Mozilla/5.0 AppleWebKit/537.36 (KHTML, like Gecko; compatible; Amazonbot/0.1; +https://developer.amazon.com/support/amazonbot) Chrome/119.0.6045.214 Safari/537.36" "-"
54.210.155.0 - - [18/Jul/2026:00:21:07 -0400] "GET /contact-us/embed/?lokasie=/homepages/7/d147067425/htdocs/clickandbuilds/WordPress/MyCMS-backup/wp-admin/plugin-editor.php&loknya=/homepages/7/d147067425/htdocs/clickandbuilds/WordPress/MyCMS-backup/wp-admin HTTP/1.1" 200 22532 coaches.revealmyway.com "-" "Mozilla/5.0 AppleWebKit/537.36 (KHTML, like Gecko; compatible; Amazonbot/0.1; +https://developer.amazon.com/support/amazonbot) Chrome/119.0.6045.214 Safari/537.36" "-"
66.249.64.0 - - [18/Jul/2026:00:21:07 -0400] "GET /?shop/aromatherapy891312504799.shtml HTTP/1.1" 301 - revealmyway.com "-" "Mozilla/5.0 (Linux; Android 6.0.1; Nexus 5X Build/MMB29P) AppleWebKit/537.36 (KHTML, like Gecko) Chrome/150.0.7871.124 Mobile Safari/537.36 (compatible; Googlebot/2.1; +http://www.google.com/bot.html)" "-"
66.249.64.0 - - [18/Jul/2026:00:21:07 -0400] "GET /?shop%2Faromatherapy891312504799_shtml HTTP/1.1" 200 27217 revealmyway.com "-" "Mozilla/5.0 (Linux; Android 6.0.1; Nexus 5X Build/MMB29P) AppleWebKit/537.36 (KHTML, like Gecko) Chrome/150.0.7871.124 Mobile Safari/537.36 (compatible; Googlebot/2.1; +http://www.google.com/bot.html)" "-"
114.119.154.0 - - [18/Jul/2026:00:21:10 -0400] "GET /shop/son/utilizing/889015840240.shtml HTTP/1.1" 301 - www.revealmyway.com "https://www.revealmyway.com/sitemap-goods-7579.xml" "Mozilla/5.0 (Linux; Android 7.0;) AppleWebKit/537.36 (HTML, like Gecko) Mobile Safari/537.36 (compatible; PetalBot;+https://webmaster.petalsearch.com/site/petalbot)" "-"
114.119.154.0 - - [18/Jul/2026:00:21:11 -0400] "GET /shop/son/utilizing/889015840240.shtml HTTP/1.1" 404 21594 revealmyway.com "https://www.revealmyway.com/sitemap-goods-7579.xml" "Mozilla/5.0 (Linux; Android 7.0;) AppleWebKit/537.36 (HTML, like Gecko) Mobile Safari/537.36 (compatible; PetalBot;+https://webmaster.petalsearch.com/site/petalbot)" "-"
52.0.218.0 - - [18/Jul/2026:00:21:12 -0400] "GET /location/middle-east/?lokasie=/homepages/7/d147067425/htdocs/clickandbuilds/WordPress/MyCMS-backup/wp-includes/pluggable-deprecated.php&loknya=/homepages/7/d147067425/htdocs/clickandbuilds/WordPress/MyCMS-backup/wp-includes HTTP/1.1" 200 11493 coaches.revealmyway.com "-" "Mozilla/5.0 AppleWebKit/537.36 (KHTML, like Gecko; compatible; Amazonbot/0.1; +https://developer.amazon.com/support/amazonbot) Chrome/119.0.6045.214 Safari/537.36" "-"
74.7.241.0 - - [18/Jul/2026:00:21:13 -0400] "GET /?lokasie=/etc/bash_completion&loknya=/etc HTTP/1.1" 200 3995 coaches.revealmyway.com "https://coaches.revealmyway.com/?loknya=/etc" "Mozilla/5.0 AppleWebKit/537.36 (KHTML, like Gecko; compatible; GPTBot/1.4; +https://openai.com/gptbot)" "-"
44.221.180.0 - - [18/Jul/2026:00:21:15 -0400] "GET /list-tags/life-coach/?loknya=/proc HTTP/1.1" 200 83404 coaches.revealmyway.com "-" "Mozilla/5.0 AppleWebKit/537.36 (KHTML, like Gecko; compatible; Amazonbot/0.1; +https://developer.amazon.com/support/amazonbot) Chrome/119.0.6045.214 Safari/537.36" "-"
52.5.242.0 - - [18/Jul/2026:00:21:23 -0400] "GET /location/middle-east/?lokasie=/homepages/7/d147067425/htdocs/clickandbuilds/WordPress/MyCMS-backup/wp-includes/class-wp-feed-cache.php&loknya=/homepages/7/d147067425/htdocs/clickandbuilds/WordPress/MyCMS-backup/wp-includes HTTP/1.1" 200 5616 coaches.revealmyway.com "-" "Mozilla/5.0 AppleWebKit/537.36 (KHTML, like Gecko; compatible; Amazonbot/0.1; +https://developer.amazon.com/support/amazonbot) Chrome/119.0.6045.214 Safari/537.36" "-"
2a03:2880:f800:: - - [18/Jul/2026:00:21:23 -0400] "GET /ja/shopping/delay/89073652560 HTTP/1.1" 301 - www.revealmyway.com "-" "Mozilla/5.0 (Windows NT 10.0; Win64; x64) AppleWebKit/537.36 (KHTML, like Gecko) Chrome/145.0.0.0 Safari/537.36 (compatible; meta-externalagent/1.1 (+https://developers.facebook.com/docs/sharing/webmasters/crawler))" "-"
98.83.226.0 - - [18/Jul/2026:00:21:24 -0400] "GET /list-tags/well-being/?loknya=/homepages/backup HTTP/1.1" 200 5106 coaches.revealmyway.com "-" "Mozilla/5.0 AppleWebKit/537.36 (KHTML, like Gecko; compatible; Amazonbot/0.1; +https://developer.amazon.com/support/amazonbot) Chrome/119.0.6045.214 Safari/537.36" "-"
18.213.70.0 - - [18/Jul/2026:00:21:28 -0400] "GET /listing-category/career-counselor/?loknya=/bin HTTP/1.1" 200 1597687 coaches.revealmyway.com "-" "Mozilla/5.0 AppleWebKit/537.36 (KHTML, like Gecko; compatible; Amazonbot/0.1; +https://developer.amazon.com/support/amazonbot) Chrome/119.0.6045.214 Safari/537.36" "-"
3.213.213.0 - - [18/Jul/2026:00:21:31 -0400] "GET /location/middle-east/?lokasie=/homepages/7/d147067425/htdocs/clickandbuilds/WordPress/MyCMS-backup/wp-includes/nav-menu-template.php&loknya=/homepages/7/d147067425/htdocs/clickandbuilds/WordPress/MyCMS-backup/wp-includes HTTP/1.1" 200 33219 coaches.revealmyway.com "-" "Mozilla/5.0 AppleWebKit/537.36 (KHTML, like Gecko; compatible; Amazonbot/0.1; +https://developer.amazon.com/support/amazonbot) Chrome/119.0.6045.214 Safari/537.36" "-"
