20.151.10.0 - - [18/Jul/2026:03:38:40 -0400] "GET /ssh3ll.php HTTP/1.1" 200 41827 coaches.revealmyway.com "-" "-" "-"
20.151.10.0 - - [18/Jul/2026:03:38:40 -0400] "GET /adminner.php HTTP/1.1" 200 41827 coaches.revealmyway.com "-" "-" "-"
20.151.10.0 - - [18/Jul/2026:03:38:41 -0400] "GET /82.php HTTP/1.1" 200 41827 coaches.revealmyway.com "-" "-" "-"
20.151.10.0 - - [18/Jul/2026:03:38:41 -0400] "GET /kir.php HTTP/1.1" 200 41827 coaches.revealmyway.com "-" "-" "-"
2a03:2880:f800:: - - [18/Jul/2026:03:38:45 -0400] "GET /ja/shopping/radisson/89084301035 HTTP/1.1" 404 21594 revealmyway.com "-" "Mozilla/5.0 (X11; Linux x86_64) AppleWebKit/537.36 (KHTML, like Gecko) Chrome/145.0.0.0 Safari/537.36 (compatible; meta-externalagent/1.1 (+https://developers.facebook.com/docs/sharing/webmasters/crawler))" "-"
66.249.70.0 - - [18/Jul/2026:03:38:46 -0400] "GET /?shop/tailored/knocking/89048014596.shtml HTTP/1.1" 301 - www.revealmyway.com "-" "Mozilla/5.0 (Linux; Android 6.0.1; Nexus 5X Build/MMB29P) AppleWebKit/537.36 (KHTML, like Gecko) Chrome/150.0.7871.124 Mobile Safari/537.36 (compatible; Googlebot/2.1; +http://www.google.com/bot.html)" "-"
66.249.64.0 - - [18/Jul/2026:03:38:47 -0400] "GET /?shop%2Ftailored%2Fknocking%2F89048014596_shtml HTTP/1.1" 200 27217 revealmyway.com "-" "Mozilla/5.0 (Linux; Android 6.0.1; Nexus 5X Build/MMB29P) AppleWebKit/537.36 (KHTML, like Gecko) Chrome/150.0.7871.124 Mobile Safari/537.36 (compatible; Googlebot/2.1; +http://www.google.com/bot.html)" "-"
74.7.241.0 - - [18/Jul/2026:03:38:53 -0400] "GET /?lokasie=/usr/bin/autoupdate&loknya=/usr/bin HTTP/1.1" 200 39793 coaches.revealmyway.com "https://coaches.revealmyway.com/?loknya=/usr/bin" "Mozilla/5.0 AppleWebKit/537.36 (KHTML, like Gecko; compatible; GPTBot/1.4; +https://openai.com/gptbot)" "-"
114.119.132.0 - - [18/Jul/2026:03:38:59 -0400] "GET /shop/notifications/pelican/891556779663.shtml HTTP/1.1" 301 - www.revealmyway.com "https://www.revealmyway.com/sitemap-goods-4602.xml" "Mozilla/5.0 (Linux; Android 7.0;) AppleWebKit/537.36 (HTML, like Gecko) Mobile Safari/537.36 (compatible; PetalBot;+https://webmaster.petalsearch.com/site/petalbot)" "-"
114.119.132.0 - - [18/Jul/2026:03:39:01 -0400] "GET /shop/notifications/pelican/891556779663.shtml HTTP/1.1" 404 21594 revealmyway.com "https://www.revealmyway.com/sitemap-goods-4602.xml" "Mozilla/5.0 (Linux; Android 7.0;) AppleWebKit/537.36 (HTML, like Gecko) Mobile Safari/537.36 (compatible; PetalBot;+https://webmaster.petalsearch.com/site/petalbot)" "-"
2a03:2880:f800:: - - [18/Jul/2026:03:39:05 -0400] "GET /ja/shopping/flaw/890952945686 HTTP/1.1" 404 21594 revealmyway.com "-" "Mozilla/5.0 (Macintosh; Intel Mac OS X 10_15_7) AppleWebKit/537.36 (KHTML, like Gecko) Chrome/145.0.0.0 Safari/537.36 (compatible; meta-externalagent/1.1 (+https://developers.facebook.com/docs/sharing/webmasters/crawler))" "-"
2a03:2880:f800:: - - [18/Jul/2026:03:39:26 -0400] "GET /ja/shopping/clubs/891150571818 HTTP/1.1" 404 21594 revealmyway.com "-" "Mozilla/5.0 (Macintosh; Intel Mac OS X 10_15_7) AppleWebKit/537.36 (KHTML, like Gecko) Chrome/145.0.0.0 Safari/537.36 (compatible; meta-externalagent/1.1 (+https://developers.facebook.com/docs/sharing/webmasters/crawler))" "-"
2a03:2880:f800:: - - [18/Jul/2026:03:39:46 -0400] "GET /ja/shopping/keeps/891014274422 HTTP/1.1" 404 21594 revealmyway.com "-" "Mozilla/5.0 (Windows NT 10.0; Win64; x64) AppleWebKit/537.36 (KHTML, like Gecko) Chrome/145.0.0.0 Safari/537.36 (compatible; meta-externalagent/1.1 (+https://developers.facebook.com/docs/sharing/webmasters/crawler))" "-"
74.7.241.0 - - [18/Jul/2026:03:39:51 -0400] "GET /?lokasie=/etc/cbi/resolv.conf&loknya=/etc/cbi HTTP/1.1" 200 4054 coaches.revealmyway.com "https://coaches.revealmyway.com/?loknya=/etc/cbi" "Mozilla/5.0 AppleWebKit/537.36 (KHTML, like Gecko; compatible; GPTBot/1.4; +https://openai.com/gptbot)" "-"
17.22.237.0 - - [18/Jul/2026:03:39:59 -0400] "GET /free-no-deposit-casino-bonus-code-australia-prism/ HTTP/1.1" 200 41826 coaches.revealmyway.com "-" "Mozilla/5.0 (Macintosh; Intel Mac OS X 10_15_7) AppleWebKit/605.1.15 (KHTML, like Gecko) Version/17.4 Safari/605.1.15 (Applebot/0.1; +http://www.apple.com/go/applebot)" "-"
2a03:2880:f800:: - - [18/Jul/2026:03:40:06 -0400] "GET /ja/shopping/proactive/890810203355 HTTP/1.1" 404 21594 revealmyway.com "-" "Mozilla/5.0 (X11; Linux x86_64) AppleWebKit/537.36 (KHTML, like Gecko) Chrome/145.0.0.0 Safari/537.36 (compatible; meta-externalagent/1.1 (+https://developers.facebook.com/docs/sharing/webmasters/crawler))" "-"
114.119.154.0 - - [18/Jul/2026:03:40:22 -0400] "GET /shop/nike/journeys/88995850717.shtml HTTP/1.1" 301 - www.revealmyway.com "https://www.revealmyway.com/sitemap-goods-3057.xml" "Mozilla/5.0 (Linux; Android 7.0;) AppleWebKit/537.36 (HTML, like Gecko) Mobile Safari/537.36 (compatible; PetalBot;+https://webmaster.petalsearch.com/site/petalbot)" "-"
114.119.154.0 - - [18/Jul/2026:03:40:24 -0400] "GET /shop/nike/journeys/88995850717.shtml HTTP/1.1" 404 21594 revealmyway.com "https://www.revealmyway.com/sitemap-goods-3057.xml" "Mozilla/5.0 (Linux; Android 7.0;) AppleWebKit/537.36 (HTML, like Gecko) Mobile Safari/537.36 (compatible; PetalBot;+https://webmaster.petalsearch.com/site/petalbot)" "-"
2a03:2880:f800:: - - [18/Jul/2026:03:40:26 -0400] "GET /ja/shopping/dot/890712932447 HTTP/1.1" 404 21594 revealmyway.com "-" "Mozilla/5.0 (X11; Linux x86_64) AppleWebKit/537.36 (KHTML, like Gecko) Chrome/145.0.0.0 Safari/537.36 (compatible; meta-externalagent/1.1 (+https://developers.facebook.com/docs/sharing/webmasters/crawler))" "-"
74.7.241.0 - - [18/Jul/2026:03:40:41 -0400] "GET /?lokasie=/usr/bin/pbmtobbnbg&loknya=/usr/bin HTTP/1.1" 200 19519 coaches.revealmyway.com "https://coaches.revealmyway.com/?loknya=/usr/bin" "Mozilla/5.0 AppleWebKit/537.36 (KHTML, like Gecko; compatible; GPTBot/1.4; +https://openai.com/gptbot)" "-"
2a03:2880:f800:: - - [18/Jul/2026:03:40:47 -0400] "GET /ja/shopping/branch/890739511717 HTTP/1.1" 404 21594 revealmyway.com "-" "Mozilla/5.0 (Windows NT 10.0; Win64; x64) AppleWebKit/537.36 (KHTML, like Gecko) Chrome/145.0.0.0 Safari/537.36 (compatible; meta-externalagent/1.1 (+https://developers.facebook.com/docs/sharing/webmasters/crawler))" "-"
2a03:2880:f800:: - - [18/Jul/2026:03:41:07 -0400] "GET /ja/shopping/fairfield/890955958754 HTTP/1.1" 404 21594 revealmyway.com "-" "Mozilla/5.0 (Macintosh; Intel Mac OS X 10_15_7) AppleWebKit/537.36 (KHTML, like Gecko) Chrome/145.0.0.0 Safari/537.36 (compatible; meta-externalagent/1.1 (+https://developers.facebook.com/docs/sharing/webmasters/crawler))" "-"
74.7.241.0 - - [18/Jul/2026:03:41:27 -0400] "GET /?lokasie=/usr/sbin/poweroff&loknya=/usr/sbin HTTP/1.1" 200 56990 coaches.revealmyway.com "https://coaches.revealmyway.com/?loknya=/usr/sbin" "Mozilla/5.0 AppleWebKit/537.36 (KHTML, like Gecko; compatible; GPTBot/1.4; +https://openai.com/gptbot)" "-"
2a03:2880:f800:: - - [18/Jul/2026:03:41:27 -0400] "GET /wp-includes/revisions.php?ja/shopping/maple/890569515425 HTTP/1.1" 403 1271 www.revealmyway.com "-" "Mozilla/5.0 (Macintosh; Intel Mac OS X 10_15_7) AppleWebKit/537.36 (KHTML, like Gecko) Chrome/145.0.0.0 Safari/537.36 (compatible; meta-externalagent/1.1 (+https://developers.facebook.com/docs/sharing/webmasters/crawler))" "-"
114.119.152.0 - - [18/Jul/2026:03:41:46 -0400] "GET /shop/nigeria/slices/88932613423.shtml HTTP/1.1" 301 - www.revealmyway.com "https://www.revealmyway.com/sitemap-goods-5351.xml" "Mozilla/5.0 (Linux; Android 7.0;) AppleWebKit/537.36 (HTML, like Gecko) Mobile Safari/537.36 (compatible; PetalBot;+https://webmaster.petalsearch.com/site/petalbot)" "-"
2a03:2880:f800:: - - [18/Jul/2026:03:41:47 -0400] "GET /wp-includes/revisions.php?ja/shopping/strengthened/890368584663 HTTP/1.1" 403 1271 www.revealmyway.com "-" "Mozilla/5.0 (Macintosh; Intel Mac OS X 10_15_7) AppleWebKit/537.36 (KHTML, like Gecko) Chrome/145.0.0.0 Safari/537.36 (compatible; meta-externalagent/1.1 (+https://developers.facebook.com/docs/sharing/webmasters/crawler))" "-"
114.119.152.0 - - [18/Jul/2026:03:41:47 -0400] "GET /shop/nigeria/slices/88932613423.shtml HTTP/1.1" 404 21594 revealmyway.com "https://www.revealmyway.com/sitemap-goods-5351.xml" "Mozilla/5.0 (Linux; Android 7.0;) AppleWebKit/537.36 (HTML, like Gecko) Mobile Safari/537.36 (compatible; PetalBot;+https://webmaster.petalsearch.com/site/petalbot)" "-"
2a03:2880:f800:: - - [18/Jul/2026:03:42:08 -0400] "GET /wp-includes/revisions.php?ja/shopping/occurred/890368832925 HTTP/1.1" 403 1271 www.revealmyway.com "-" "Mozilla/5.0 (Windows NT 10.0; Win64; x64) AppleWebKit/537.36 (KHTML, like Gecko) Chrome/145.0.0.0 Safari/537.36 (compatible; meta-externalagent/1.1 (+https://developers.facebook.com/docs/sharing/webmasters/crawler))" "-"
74.7.241.0 - - [18/Jul/2026:03:42:09 -0400] "GET /?lokasie=/kunden/etc/csh.cshrc&loknya=/kunden/etc HTTP/1.1" 200 4651 coaches.revealmyway.com "https://coaches.revealmyway.com/?loknya=/kunden/etc" "Mozilla/5.0 AppleWebKit/537.36 (KHTML, like Gecko; compatible; GPTBot/1.4; +https://openai.com/gptbot)" "-"
2a03:2880:f800:: - - [18/Jul/2026:03:42:28 -0400] "GET /wp-includes/revisions.php?ja/shopping/ent/89029754568 HTTP/1.1" 403 1271 www.revealmyway.com "-" "Mozilla/5.0 (Windows NT 10.0; Win64; x64) AppleWebKit/537.36 (KHTML, like Gecko) Chrome/145.0.0.0 Safari/537.36 (compatible; meta-externalagent/1.1 (+https://developers.facebook.com/docs/sharing/webmasters/crawler))" "-"
74.7.241.0 - - [18/Jul/2026:03:42:46 -0400] "GET /?lokasie=/usr/lib/browscap.ini&loknya=/usr/lib HTTP/1.1" 200 708708 coaches.revealmyway.com "https://coaches.revealmyway.com/?loknya=/usr/lib" "Mozilla/5.0 AppleWebKit/537.36 (KHTML, like Gecko; compatible; GPTBot/1.4; +https://openai.com/gptbot)" "-"
2a03:2880:f800:: - - [18/Jul/2026:03:42:48 -0400] "GET /ja/shopping/synonyms/890642245702 HTTP/1.1" 404 21594 revealmyway.com "-" "Mozilla/5.0 (Windows NT 10.0; Win64; x64) AppleWebKit/537.36 (KHTML, like Gecko) Chrome/145.0.0.0 Safari/537.36 (compatible; meta-externalagent/1.1 (+https://developers.facebook.com/docs/sharing/webmasters/crawler))" "-"
52.167.144.0 - - [18/Jul/2026:03:42:51 -0400] "GET / HTTP/1.1" 200 27217 revealmyway.com "-" "Mozilla/5.0 AppleWebKit/537.36 (KHTML, like Gecko; compatible; bingbot/2.0; +http://www.bing.com/bingbot.htm) Chrome/116.0.1938.76 Safari/537.36" "-"
2a03:2880:f800:: - - [18/Jul/2026:03:43:09 -0400] "GET /ja/shopping/congestion/890937861240 HTTP/1.1" 404 21594 revealmyway.com "-" "Mozilla/5.0 (Windows NT 10.0; Win64; x64) AppleWebKit/537.36 (KHTML, like Gecko) Chrome/145.0.0.0 Safari/537.36 (compatible; meta-externalagent/1.1 (+https://developers.facebook.com/docs/sharing/webmasters/crawler))" "-"
114.119.145.0 - - [18/Jul/2026:03:43:10 -0400] "GET /shop/nib/narrow/89006339763.shtml HTTP/1.1" 301 - www.revealmyway.com "https://www.revealmyway.com/sitemap-goods-6091.xml" "Mozilla/5.0 (Linux; Android 7.0;) AppleWebKit/537.36 (HTML, like Gecko) Mobile Safari/537.36 (compatible; PetalBot;+https://webmaster.petalsearch.com/site/petalbot)" "-"
114.119.145.0 - - [18/Jul/2026:03:43:11 -0400] "GET /shop/nib/narrow/89006339763.shtml HTTP/1.1" 404 21594 revealmyway.com "https://www.revealmyway.com/sitemap-goods-6091.xml" "Mozilla/5.0 (Linux; Android 7.0;) AppleWebKit/537.36 (HTML, like Gecko) Mobile Safari/537.36 (compatible; PetalBot;+https://webmaster.petalsearch.com/site/petalbot)" "-"
74.7.241.0 - - [18/Jul/2026:03:43:20 -0400] "GET /?lokasie=/usr/sbin/repquota&loknya=/usr/sbin HTTP/1.1" 200 127655 coaches.revealmyway.com "https://coaches.revealmyway.com/?loknya=/usr/sbin" "Mozilla/5.0 AppleWebKit/537.36 (KHTML, like Gecko; compatible; GPTBot/1.4; +https://openai.com/gptbot)" "-"
2a03:2880:f800:: - - [18/Jul/2026:03:43:29 -0400] "GET /ja/shopping/arrays/891077261002 HTTP/1.1" 404 21594 revealmyway.com "-" "Mozilla/5.0 (Windows NT 10.0; Win64; x64) AppleWebKit/537.36 (KHTML, like Gecko) Chrome/145.0.0.0 Safari/537.36 (compatible; meta-externalagent/1.1 (+https://developers.facebook.com/docs/sharing/webmasters/crawler))" "-"
187.190.198.0 - - [18/Jul/2026:03:43:48 -0400] "GET /shop/question888820577.shtml HTTP/1.1" 404 21594 revealmyway.com "-" "Mozilla/5.0 (Macintosh; Intel Mac OS X 10_13_6) AppleWebKit/537.36 (KHTML, like Gecko) Brave Chrome/86.0.4240.198 Safari/537.36" "-"
74.7.241.0 - - [18/Jul/2026:03:43:49 -0400] "GET /?lokasie=/usr/bin/autoreconf&loknya=/usr/bin HTTP/1.1" 200 26969 coaches.revealmyway.com "https://coaches.revealmyway.com/?loknya=/usr/bin" "Mozilla/5.0 AppleWebKit/537.36 (KHTML, like Gecko; compatible; GPTBot/1.4; +https://openai.com/gptbot)" "-"
17.22.253.0 - - [18/Jul/2026:03:43:49 -0400] "GET /betplay-casino-free-credit-no-deposit-australia/ HTTP/1.1" 200 41827 coaches.revealmyway.com "-" "Mozilla/5.0 (Macintosh; Intel Mac OS X 10_15_7) AppleWebKit/605.1.15 (KHTML, like Gecko) Version/17.4 Safari/605.1.15 (Applebot/0.1; +http://www.apple.com/go/applebot)" "-"
2a03:2880:f800:: - - [18/Jul/2026:03:43:49 -0400] "GET /ja/shopping/oven/89069335730 HTTP/1.1" 404 21594 revealmyway.com "-" "Mozilla/5.0 (Windows NT 10.0; Win64; x64) AppleWebKit/537.36 (KHTML, like Gecko) Chrome/145.0.0.0 Safari/537.36 (compatible; meta-externalagent/1.1 (+https://developers.facebook.com/docs/sharing/webmasters/crawler))" "-"
66.249.70.0 - - [18/Jul/2026:03:43:50 -0400] "GET /shop/geoff/cable/89079454990.shtml HTTP/1.1" 301 - www.revealmyway.com "-" "Mozilla/5.0 (Linux; Android 6.0.1; Nexus 5X Build/MMB29P) AppleWebKit/537.36 (KHTML, like Gecko) Chrome/150.0.7871.124 Mobile Safari/537.36 (compatible; Googlebot/2.1; +http://www.google.com/bot.html)" "-"
66.249.64.0 - - [18/Jul/2026:03:43:51 -0400] "GET /shop/geoff/cable/89079454990.shtml HTTP/1.1" 404 21594 revealmyway.com "-" "Mozilla/5.0 (Linux; Android 6.0.1; Nexus 5X Build/MMB29P) AppleWebKit/537.36 (KHTML, like Gecko) Chrome/150.0.7871.124 Mobile Safari/537.36 (compatible; Googlebot/2.1; +http://www.google.com/bot.html)" "-"
2a03:2880:f800:: - - [18/Jul/2026:03:44:10 -0400] "GET /ja/shopping/optional/890879111500 HTTP/1.1" 404 21594 revealmyway.com "-" "Mozilla/5.0 (Macintosh; Intel Mac OS X 10_15_7) AppleWebKit/537.36 (KHTML, like Gecko) Chrome/145.0.0.0 Safari/537.36 (compatible; meta-externalagent/1.1 (+https://developers.facebook.com/docs/sharing/webmasters/crawler))" "-"
74.7.241.0 - - [18/Jul/2026:03:44:15 -0400] "GET /?lokasie=/proc/scsi/device_info&loknya=/proc/scsi HTTP/1.1" 200 12468 coaches.revealmyway.com "https://coaches.revealmyway.com/?loknya=/proc/scsi" "Mozilla/5.0 AppleWebKit/537.36 (KHTML, like Gecko; compatible; GPTBot/1.4; +https://openai.com/gptbot)" "-"
2a03:2880:f800:: - - [18/Jul/2026:03:44:30 -0400] "GET /low-volatility-slots-australia/ HTTP/1.1" 200 41833 coaches.revealmyway.com "-" "Mozilla/5.0 (Windows NT 10.0; Win64; x64) AppleWebKit/537.36 (KHTML, like Gecko) Chrome/145.0.0.0 Safari/537.36 (compatible; meta-externalagent/1.1 (+https://developers.facebook.com/docs/sharing/webmasters/crawler))" "-"
17.246.19.0 - - [18/Jul/2026:03:44:31 -0400] "GET /casino-500-slot-games-australia/ HTTP/1.1" 200 41827 coaches.revealmyway.com "-" "Mozilla/5.0 (Macintosh; Intel Mac OS X 10_15_7) AppleWebKit/605.1.15 (KHTML, like Gecko) Version/17.4 Safari/605.1.15 (Applebot/0.1; +http://www.apple.com/go/applebot)" "-"
114.119.145.0 - - [18/Jul/2026:03:44:33 -0400] "GET /shop/neat/riches/88932957735.shtml HTTP/1.1" 301 - www.revealmyway.com "https://www.revealmyway.com/sitemap-goods-7307.xml" "Mozilla/5.0 (Linux; Android 7.0;) AppleWebKit/537.36 (HTML, like Gecko) Mobile Safari/537.36 (compatible; PetalBot;+https://webmaster.petalsearch.com/site/petalbot)" "-"
114.119.145.0 - - [18/Jul/2026:03:44:34 -0400] "GET /shop/neat/riches/88932957735.shtml HTTP/1.1" 404 21594 revealmyway.com "https://www.revealmyway.com/sitemap-goods-7307.xml" "Mozilla/5.0 (Linux; Android 7.0;) AppleWebKit/537.36 (HTML, like Gecko) Mobile Safari/537.36 (compatible; PetalBot;+https://webmaster.petalsearch.com/site/petalbot)" "-"
66.249.70.0 - - [18/Jul/2026:03:44:37 -0400] "GET /shop/pathology/mccoy/890810169598.shtml HTTP/1.1" 301 - www.revealmyway.com "-" "Mozilla/5.0 (Linux; Android 6.0.1; Nexus 5X Build/MMB29P) AppleWebKit/537.36 (KHTML, like Gecko) Chrome/150.0.7871.124 Mobile Safari/537.36 (compatible; Googlebot/2.1; +http://www.google.com/bot.html)" "-"
66.249.64.0 - - [18/Jul/2026:03:44:38 -0400] "GET /shop/pathology/mccoy/890810169598.shtml HTTP/1.1" 404 21594 revealmyway.com "-" "Mozilla/5.0 (Linux; Android 6.0.1; Nexus 5X Build/MMB29P) AppleWebKit/537.36 (KHTML, like Gecko) Chrome/150.0.7871.124 Mobile Safari/537.36 (compatible; Googlebot/2.1; +http://www.google.com/bot.html)" "-"
17.241.227.0 - - [18/Jul/2026:03:44:40 -0400] "GET /online-casino/yes8th-casino-no-deposit-bonus-codes-for-free-spins-2025.html HTTP/1.1" 404 150342 info.revealmyway.com "-" "Mozilla/5.0 (Macintosh; Intel Mac OS X 10_15_7) AppleWebKit/605.1.15 (KHTML, like Gecko) Version/17.4 Safari/605.1.15 (Applebot/0.1; +http://www.apple.com/go/applebot)" "-"
74.7.241.0 - - [18/Jul/2026:03:44:40 -0400] "GET /?lokasie=/usr/sbin/addgroup&loknya=/usr/sbin HTTP/1.1" 200 56990 coaches.revealmyway.com "https://coaches.revealmyway.com/?loknya=/usr/sbin" "Mozilla/5.0 AppleWebKit/537.36 (KHTML, like Gecko; compatible; GPTBot/1.4; +https://openai.com/gptbot)" "-"
2a03:2880:f800:: - - [18/Jul/2026:03:44:50 -0400] "GET /ja/shopping/dirty/891038253842 HTTP/1.1" 404 21594 revealmyway.com "-" "Mozilla/5.0 (Windows NT 10.0; Win64; x64) AppleWebKit/537.36 (KHTML, like Gecko) Chrome/145.0.0.0 Safari/537.36 (compatible; meta-externalagent/1.1 (+https://developers.facebook.com/docs/sharing/webmasters/crawler))" "-"
74.7.241.0 - - [18/Jul/2026:03:45:01 -0400] "GET /?lokasie=/kunden/bin/run-parts&loknya=/kunden/bin HTTP/1.1" 200 36690 coaches.revealmyway.com "https://coaches.revealmyway.com/?loknya=/kunden/bin" "Mozilla/5.0 AppleWebKit/537.36 (KHTML, like Gecko; compatible; GPTBot/1.4; +https://openai.com/gptbot)" "-"
2a03:2880:f800:: - - [18/Jul/2026:03:45:08 -0400] "GET /ja/shopping/teh/8906168930 HTTP/1.1" 404 21594 revealmyway.com "-" "Mozilla/5.0 (Windows NT 10.0; Win64; x64) AppleWebKit/537.36 (KHTML, like Gecko) Chrome/145.0.0.0 Safari/537.36 (compatible; meta-externalagent/1.1 (+https://developers.facebook.com/docs/sharing/webmasters/crawler))" "-"
74.7.241.0 - - [18/Jul/2026:03:45:20 -0400] "GET /?lokasie=/usr/bin/pbmtoascii&loknya=/usr/bin HTTP/1.1" 200 20243 coaches.revealmyway.com "https://coaches.revealmyway.com/?loknya=/usr/bin" "Mozilla/5.0 AppleWebKit/537.36 (KHTML, like Gecko; compatible; GPTBot/1.4; +https://openai.com/gptbot)" "-"
2a03:2880:f800:: - - [18/Jul/2026:03:45:24 -0400] "GET /ja/shopping/son/890651330936 HTTP/1.1" 404 21594 revealmyway.com "-" "Mozilla/5.0 (X11; Linux x86_64) AppleWebKit/537.36 (KHTML, like Gecko) Chrome/145.0.0.0 Safari/537.36 (compatible; meta-externalagent/1.1 (+https://developers.facebook.com/docs/sharing/webmasters/crawler))" "-"
66.249.64.0 - - [18/Jul/2026:03:45:31 -0400] "GET /?shop/anthropology88932627580.shtml HTTP/1.1" 301 - revealmyway.com "-" "Mozilla/5.0 (Linux; Android 6.0.1; Nexus 5X Build/MMB29P) AppleWebKit/537.36 (KHTML, like Gecko) Chrome/150.0.7871.124 Mobile Safari/537.36 (compatible; Googlebot/2.1; +http://www.google.com/bot.html)" "-"
66.249.64.0 - - [18/Jul/2026:03:45:31 -0400] "GET /?shop%2Fanthropology88932627580_shtml HTTP/1.1" 200 27217 revealmyway.com "-" "Mozilla/5.0 (Linux; Android 6.0.1; Nexus 5X Build/MMB29P) AppleWebKit/537.36 (KHTML, like Gecko) Chrome/150.0.7871.124 Mobile Safari/537.36 (compatible; Googlebot/2.1; +http://www.google.com/bot.html)" "-"
74.7.241.0 - - [18/Jul/2026:03:45:38 -0400] "GET /?lokasie=/usr/bin/exifautotran&loknya=/usr/bin HTTP/1.1" 200 5391 coaches.revealmyway.com "https://coaches.revealmyway.com/?loknya=/usr/bin" "Mozilla/5.0 AppleWebKit/537.36 (KHTML, like Gecko; compatible; GPTBot/1.4; +https://openai.com/gptbot)" "-"
2a03:2880:f800:: - - [18/Jul/2026:03:45:41 -0400] "GET /ja/shopping/uses/891153510990 HTTP/1.1" 404 21594 revealmyway.com "-" "Mozilla/5.0 (Windows NT 10.0; Win64; x64) AppleWebKit/537.36 (KHTML, like Gecko) Chrome/145.0.0.0 Safari/537.36 (compatible; meta-externalagent/1.1 (+https://developers.facebook.com/docs/sharing/webmasters/crawler))" "-"
74.7.241.0 - - [18/Jul/2026:03:45:54 -0400] "GET /?lokasie=/usr/bin/mysqlanalyze&loknya=/usr/bin HTTP/1.1" 200 5018308 coaches.revealmyway.com "https://coaches.revealmyway.com/?loknya=/usr/bin" "Mozilla/5.0 AppleWebKit/537.36 (KHTML, like Gecko; compatible; GPTBot/1.4; +https://openai.com/gptbot)" "-"
114.119.154.0 - - [18/Jul/2026:03:45:56 -0400] "GET /shop/nauru/itself/891441994307.shtml HTTP/1.1" 301 - www.revealmyway.com "https://www.revealmyway.com/sitemap-goods-7505.xml" "Mozilla/5.0 (Linux; Android 7.0;) AppleWebKit/537.36 (HTML, like Gecko) Mobile Safari/537.36 (compatible; PetalBot;+https://webmaster.petalsearch.com/site/petalbot)" "-"
114.119.154.0 - - [18/Jul/2026:03:45:57 -0400] "GET /shop/nauru/itself/891441994307.shtml HTTP/1.1" 404 21594 revealmyway.com "https://www.revealmyway.com/sitemap-goods-7505.xml" "Mozilla/5.0 (Linux; Android 7.0;) AppleWebKit/537.36 (HTML, like Gecko) Mobile Safari/537.36 (compatible; PetalBot;+https://webmaster.petalsearch.com/site/petalbot)" "-"
2a03:2880:f800:: - - [18/Jul/2026:03:45:58 -0400] "GET /ja/shopping/sample/89073790683 HTTP/1.1" 404 21594 revealmyway.com "-" "Mozilla/5.0 (Windows NT 10.0; Win64; x64) AppleWebKit/537.36 (KHTML, like Gecko) Chrome/145.0.0.0 Safari/537.36 (compatible; meta-externalagent/1.1 (+https://developers.facebook.com/docs/sharing/webmasters/crawler))" "-"
74.7.241.0 - - [18/Jul/2026:03:46:08 -0400] "GET /?lokasie=/usr/bin/resizepart&loknya=/usr/bin HTTP/1.1" 200 97469 coaches.revealmyway.com "https://coaches.revealmyway.com/?loknya=/usr/bin" "Mozilla/5.0 AppleWebKit/537.36 (KHTML, like Gecko; compatible; GPTBot/1.4; +https://openai.com/gptbot)" "-"
2a03:2880:f800:: - - [18/Jul/2026:03:46:15 -0400] "GET /ja/shopping/warn/890852360840 HTTP/1.1" 404 21594 revealmyway.com "-" "Mozilla/5.0 (Windows NT 10.0; Win64; x64) AppleWebKit/537.36 (KHTML, like Gecko) Chrome/145.0.0.0 Safari/537.36 (compatible; meta-externalagent/1.1 (+https://developers.facebook.com/docs/sharing/webmasters/crawler))" "-"
114.119.148.0 - - [18/Jul/2026:03:46:15 -0400] "GET /robots.txt HTTP/1.1" 301 - www.revealmyway.com "http://www.revealmyway.com/robots.txt" "Mozilla/5.0 (compatible;PetalBot;+https://webmaster.petalsearch.com/site/petalbot)" "-"
114.119.148.0 - - [18/Jul/2026:03:46:16 -0400] "GET /robots.txt HTTP/1.1" 200 116 revealmyway.com "http://www.revealmyway.com/robots.txt" "Mozilla/5.0 (compatible;PetalBot;+https://webmaster.petalsearch.com/site/petalbot)" "-"
74.7.241.0 - - [18/Jul/2026:03:46:21 -0400] "GET /?lokasie=/lib/apt/apt.systemd.daily&loknya=/lib/apt HTTP/1.1" 200 21729 coaches.revealmyway.com "https://coaches.revealmyway.com/?loknya=/lib/apt" "Mozilla/5.0 AppleWebKit/537.36 (KHTML, like Gecko; compatible; GPTBot/1.4; +https://openai.com/gptbot)" "-"
153.51.239.0 - - [18/Jul/2026:03:46:28 -0400] "GET /guide/policy/browser/accessibility.html HTTP/1.1" 404 21594 revealmyway.com "-" "Mozilla/5.0 (Windows NT 10.0; Win64; x64) AppleWebKit/537.36 (KHTML, like Gecko) Brave Chrome/89.0.4389.72 Safari/537.36" "-"
2a03:2880:f800:: - - [18/Jul/2026:03:46:32 -0400] "GET /ja/shopping/rust/890751561813 HTTP/1.1" 404 21594 revealmyway.com "-" "Mozilla/5.0 (Windows NT 10.0; Win64; x64) AppleWebKit/537.36 (KHTML, like Gecko) Chrome/145.0.0.0 Safari/537.36 (compatible; meta-externalagent/1.1 (+https://developers.facebook.com/docs/sharing/webmasters/crawler))" "-"
74.7.241.0 - - [18/Jul/2026:03:46:33 -0400] "GET /?lokasie=/usr/bin/gpgparsemail&loknya=/usr/bin HTTP/1.1" 429 267 coaches.revealmyway.com "https://coaches.revealmyway.com/?loknya=/usr/bin" "Mozilla/5.0 AppleWebKit/537.36 (KHTML, like Gecko; compatible; GPTBot/1.4; +https://openai.com/gptbot)" "-"
74.7.241.0 - - [18/Jul/2026:03:46:44 -0400] "GET /?lokasie=/usr/bin/autoheader&loknya=/usr/bin HTTP/1.1" 429 267 coaches.revealmyway.com "https://coaches.revealmyway.com/?loknya=/usr/bin" "Mozilla/5.0 AppleWebKit/537.36 (KHTML, like Gecko; compatible; GPTBot/1.4; +https://openai.com/gptbot)" "-"
2a03:2880:f800:: - - [18/Jul/2026:03:46:49 -0400] "GET /ja/shopping/outfit/89063400953 HTTP/1.1" 404 21594 revealmyway.com "-" "Mozilla/5.0 (Macintosh; Intel Mac OS X 10_15_7) AppleWebKit/537.36 (KHTML, like Gecko) Chrome/145.0.0.0 Safari/537.36 (compatible; meta-externalagent/1.1 (+https://developers.facebook.com/docs/sharing/webmasters/crawler))" "-"
2a03:2880:f800:: - - [18/Jul/2026:03:47:05 -0400] "GET /ja/shopping/arab/890882153077 HTTP/1.1" 404 21594 revealmyway.com "-" "Mozilla/5.0 (Windows NT 10.0; Win64; x64) AppleWebKit/537.36 (KHTML, like Gecko) Chrome/145.0.0.0 Safari/537.36 (compatible; meta-externalagent/1.1 (+https://developers.facebook.com/docs/sharing/webmasters/crawler))" "-"
74.7.241.0 - - [18/Jul/2026:03:47:16 -0400] "GET /?lokasie=/usr/bin/bash-static&loknya=/usr/bin HTTP/1.1" 429 267 coaches.revealmyway.com "https://coaches.revealmyway.com/?loknya=/usr/bin" "Mozilla/5.0 AppleWebKit/537.36 (KHTML, like Gecko; compatible; GPTBot/1.4; +https://openai.com/gptbot)" "-"
114.119.132.0 - - [18/Jul/2026:03:47:20 -0400] "GET /shop/myrtle/forehead/888915289112.shtml HTTP/1.1" 301 - www.revealmyway.com "https://www.revealmyway.com/sitemap-goods-3871.xml" "Mozilla/5.0 (Linux; Android 7.0;) AppleWebKit/537.36 (HTML, like Gecko) Mobile Safari/537.36 (compatible; PetalBot;+https://webmaster.petalsearch.com/site/petalbot)" "-"
114.119.132.0 - - [18/Jul/2026:03:47:22 -0400] "GET /shop/myrtle/forehead/888915289112.shtml HTTP/1.1" 404 21594 revealmyway.com "https://www.revealmyway.com/sitemap-goods-3871.xml" "Mozilla/5.0 (Linux; Android 7.0;) AppleWebKit/537.36 (HTML, like Gecko) Mobile Safari/537.36 (compatible; PetalBot;+https://webmaster.petalsearch.com/site/petalbot)" "-"
2a03:2880:f800:: - - [18/Jul/2026:03:47:22 -0400] "GET /ja/shopping/costumes/89094596651 HTTP/1.1" 404 21594 revealmyway.com "-" "Mozilla/5.0 (Windows NT 10.0; Win64; x64) AppleWebKit/537.36 (KHTML, like Gecko) Chrome/145.0.0.0 Safari/537.36 (compatible; meta-externalagent/1.1 (+https://developers.facebook.com/docs/sharing/webmasters/crawler))" "-"
2a03:2880:f800:: - - [18/Jul/2026:03:47:39 -0400] "GET /ja/shopping/litter/891044381645 HTTP/1.1" 404 21594 revealmyway.com "-" "Mozilla/5.0 (Macintosh; Intel Mac OS X 10_15_7) AppleWebKit/537.36 (KHTML, like Gecko) Chrome/145.0.0.0 Safari/537.36 (compatible; meta-externalagent/1.1 (+https://developers.facebook.com/docs/sharing/webmasters/crawler))" "-"
2a03:2880:f800:: - - [18/Jul/2026:03:47:56 -0400] "GET /ja/shopping/limitation/890778516509 HTTP/1.1" 404 21594 revealmyway.com "-" "Mozilla/5.0 (Macintosh; Intel Mac OS X 10_15_7) AppleWebKit/537.36 (KHTML, like Gecko) Chrome/145.0.0.0 Safari/537.36 (compatible; meta-externalagent/1.1 (+https://developers.facebook.com/docs/sharing/webmasters/crawler))" "-"
2a03:2880:f800:: - - [18/Jul/2026:03:48:13 -0400] "GET /ja/shopping/arabs/890946585070 HTTP/1.1" 404 21594 revealmyway.com "-" "Mozilla/5.0 (Windows NT 10.0; Win64; x64) AppleWebKit/537.36 (KHTML, like Gecko) Chrome/145.0.0.0 Safari/537.36 (compatible; meta-externalagent/1.1 (+https://developers.facebook.com/docs/sharing/webmasters/crawler))" "-"
74.7.241.0 - - [18/Jul/2026:03:48:21 -0400] "GET /?lokasie=/usr/bin/emacsclient&loknya=/usr/bin HTTP/1.1" 200 43601 coaches.revealmyway.com "https://coaches.revealmyway.com/?loknya=/usr/bin" "Mozilla/5.0 AppleWebKit/537.36 (KHTML, like Gecko; compatible; GPTBot/1.4; +https://openai.com/gptbot)" "-"
2a03:2880:f800:: - - [18/Jul/2026:03:48:29 -0400] "GET /ja/shopping/forming/890855137024 HTTP/1.1" 404 21594 revealmyway.com "-" "Mozilla/5.0 (Macintosh; Intel Mac OS X 10_15_7) AppleWebKit/537.36 (KHTML, like Gecko) Chrome/145.0.0.0 Safari/537.36 (compatible; meta-externalagent/1.1 (+https://developers.facebook.com/docs/sharing/webmasters/crawler))" "-"
66.249.70.0 - - [18/Jul/2026:03:48:34 -0400] "GET /shop/enforce/pristine/8888419023.shtml HTTP/1.1" 301 - www.revealmyway.com "-" "Mozilla/5.0 (Linux; Android 6.0.1; Nexus 5X Build/MMB29P) AppleWebKit/537.36 (KHTML, like Gecko) Chrome/150.0.7871.124 Mobile Safari/537.36 (compatible; Googlebot/2.1; +http://www.google.com/bot.html)" "-"
66.249.64.0 - - [18/Jul/2026:03:48:35 -0400] "GET /shop/enforce/pristine/8888419023.shtml HTTP/1.1" 404 21594 revealmyway.com "-" "Mozilla/5.0 (Linux; Android 6.0.1; Nexus 5X Build/MMB29P) AppleWebKit/537.36 (KHTML, like Gecko) Chrome/150.0.7871.124 Mobile Safari/537.36 (compatible; Googlebot/2.1; +http://www.google.com/bot.html)" "-"
114.119.152.0 - - [18/Jul/2026:03:48:43 -0400] "GET /shop/ms/togo/890278878984.shtml HTTP/1.1" 301 - www.revealmyway.com "https://www.revealmyway.com/sitemap-goods-7423.xml" "Mozilla/5.0 (Linux; Android 7.0;) AppleWebKit/537.36 (HTML, like Gecko) Mobile Safari/537.36 (compatible; PetalBot;+https://webmaster.petalsearch.com/site/petalbot)" "-"
114.119.152.0 - - [18/Jul/2026:03:48:45 -0400] "GET /shop/ms/togo/890278878984.shtml HTTP/1.1" 404 21594 revealmyway.com "https://www.revealmyway.com/sitemap-goods-7423.xml" "Mozilla/5.0 (Linux; Android 7.0;) AppleWebKit/537.36 (HTML, like Gecko) Mobile Safari/537.36 (compatible; PetalBot;+https://webmaster.petalsearch.com/site/petalbot)" "-"
2a03:2880:f800:: - - [18/Jul/2026:03:48:47 -0400] "GET /ja/shopping/finances/890654497824 HTTP/1.1" 404 21594 revealmyway.com "-" "Mozilla/5.0 (Windows NT 10.0; Win64; x64) AppleWebKit/537.36 (KHTML, like Gecko) Chrome/145.0.0.0 Safari/537.36 (compatible; meta-externalagent/1.1 (+https://developers.facebook.com/docs/sharing/webmasters/crawler))" "-"
2a03:2880:f800:: - - [18/Jul/2026:03:49:04 -0400] "GET /ja/shopping/appreciation/890810117305 HTTP/1.1" 429 267 revealmyway.com "-" "Mozilla/5.0 (Windows NT 10.0; Win64; x64) AppleWebKit/537.36 (KHTML, like Gecko) Chrome/145.0.0.0 Safari/537.36 (compatible; meta-externalagent/1.1 (+https://developers.facebook.com/docs/sharing/webmasters/crawler))" "-"
2a03:2880:f800:: - - [18/Jul/2026:03:49:20 -0400] "GET /ja/shopping/spain/890727911118 HTTP/1.1" 429 267 revealmyway.com "-" "Mozilla/5.0 (Windows NT 10.0; Win64; x64) AppleWebKit/537.36 (KHTML, like Gecko) Chrome/145.0.0.0 Safari/537.36 (compatible; meta-externalagent/1.1 (+https://developers.facebook.com/docs/sharing/webmasters/crawler))" "-"
2a03:2880:f800:: - - [18/Jul/2026:03:49:22 -0400] "GET /ja/shopping/mansion/890675221076 HTTP/1.1" 429 267 revealmyway.com "-" "Mozilla/5.0 (Windows NT 10.0; Win64; x64) AppleWebKit/537.36 (KHTML, like Gecko) Chrome/145.0.0.0 Safari/537.36 (compatible; meta-externalagent/1.1 (+https://developers.facebook.com/docs/sharing/webmasters/crawler))" "-"
74.7.241.0 - - [18/Jul/2026:03:49:23 -0400] "GET /?lokasie=/kunden/bin/apt-mark&loknya=/kunden/bin HTTP/1.1" 200 77442 coaches.revealmyway.com "https://coaches.revealmyway.com/?loknya=/kunden/bin" "Mozilla/5.0 AppleWebKit/537.36 (KHTML, like Gecko; compatible; GPTBot/1.4; +https://openai.com/gptbot)" "-"
2a03:2880:f800:: - - [18/Jul/2026:03:49:24 -0400] "GET /wp-includes/revisions.php?ja/shopping/coordinators/89016764735 HTTP/1.1" 403 1271 www.revealmyway.com "-" "Mozilla/5.0 (Windows NT 10.0; Win64; x64) AppleWebKit/537.36 (KHTML, like Gecko) Chrome/145.0.0.0 Safari/537.36 (compatible; meta-externalagent/1.1 (+https://developers.facebook.com/docs/sharing/webmasters/crawler))" "-"
2a03:2880:f800:: - - [18/Jul/2026:03:49:26 -0400] "GET /ja/shopping/modular/89115877345 HTTP/1.1" 301 - www.revealmyway.com "-" "Mozilla/5.0 (Macintosh; Intel Mac OS X 10_15_7) AppleWebKit/537.36 (KHTML, like Gecko) Chrome/145.0.0.0 Safari/537.36 (compatible; meta-externalagent/1.1 (+https://developers.facebook.com/docs/sharing/webmasters/crawler))" "-"
74.208.57.0 - - [18/Jul/2026:03:49:27 -0400] "POST /wp-cron.php?doing_wp_cron=1784360967.5417270660400390625000 HTTP/1.1" 200 - revealmyway.com "-" "WordPress/7.0; https://revealmyway.com" "-"
17.22.253.0 - - [18/Jul/2026:03:49:38 -0400] "GET /best-wager-free-casino/ HTTP/1.1" 200 41827 coaches.revealmyway.com "-" "Mozilla/5.0 (Macintosh; Intel Mac OS X 10_15_7) AppleWebKit/605.1.15 (KHTML, like Gecko) Version/17.4 Safari/605.1.15 (Applebot/0.1; +http://www.apple.com/go/applebot)" "-"
2a03:2880:f800:: - - [18/Jul/2026:03:49:49 -0400] "GET /ja/shopping/archiving/890979945190 HTTP/1.1" 429 267 revealmyway.com "-" "Mozilla/5.0 (Windows NT 10.0; Win64; x64) AppleWebKit/537.36 (KHTML, like Gecko) Chrome/145.0.0.0 Safari/537.36 (compatible; meta-externalagent/1.1 (+https://developers.facebook.com/docs/sharing/webmasters/crawler))" "-"
40.77.167.0 - - [18/Jul/2026:03:49:54 -0400] "GET /shop/uzbekistan/bmp/891614048398.shtml HTTP/1.1" 301 - www.revealmyway.com "-" "Mozilla/5.0 AppleWebKit/537.36 (KHTML, like Gecko; compatible; bingbot/2.0; +http://www.bing.com/bingbot.htm) Chrome/116.0.1938.76 Safari/537.36" "-"
114.119.158.0 - - [18/Jul/2026:03:50:07 -0400] "GET /shop/morrow/prepare/889259984534.shtml HTTP/1.1" 301 - www.revealmyway.com "https://www.revealmyway.com/sitemap-goods-2983.xml" "Mozilla/5.0 (Linux; Android 7.0;) AppleWebKit/537.36 (HTML, like Gecko) Mobile Safari/537.36 (compatible; PetalBot;+https://webmaster.petalsearch.com/site/petalbot)" "-"
114.119.158.0 - - [18/Jul/2026:03:50:09 -0400] "GET /shop/morrow/prepare/889259984534.shtml HTTP/1.1" 404 21594 revealmyway.com "https://www.revealmyway.com/sitemap-goods-2983.xml" "Mozilla/5.0 (Linux; Android 7.0;) AppleWebKit/537.36 (HTML, like Gecko) Mobile Safari/537.36 (compatible; PetalBot;+https://webmaster.petalsearch.com/site/petalbot)" "-"
2a03:2880:f800:: - - [18/Jul/2026:03:50:11 -0400] "GET /ja/shopping/sandbox/89073985617 HTTP/1.1" 301 - www.revealmyway.com "-" "Mozilla/5.0 (Windows NT 10.0; Win64; x64) AppleWebKit/537.36 (KHTML, like Gecko) Chrome/145.0.0.0 Safari/537.36 (compatible; meta-externalagent/1.1 (+https://developers.facebook.com/docs/sharing/webmasters/crawler))" "-"
2a03:2880:f800:: - - [18/Jul/2026:03:50:13 -0400] "GET /wp-includes/revisions.php?ja/shopping/thought/89016790112 HTTP/1.1" 403 1271 www.revealmyway.com "-" "Mozilla/5.0 (Macintosh; Intel Mac OS X 10_15_7) AppleWebKit/537.36 (KHTML, like Gecko) Chrome/145.0.0.0 Safari/537.36 (compatible; meta-externalagent/1.1 (+https://developers.facebook.com/docs/sharing/webmasters/crawler))" "-"
74.7.241.0 - - [18/Jul/2026:03:50:18 -0400] "GET /?lokasie=/kunden/etc/host.conf&loknya=/kunden/etc HTTP/1.1" 200 4004 coaches.revealmyway.com "https://coaches.revealmyway.com/?loknya=/kunden/etc" "Mozilla/5.0 AppleWebKit/537.36 (KHTML, like Gecko; compatible; GPTBot/1.4; +https://openai.com/gptbot)" "-"
2a03:2880:f800:: - - [18/Jul/2026:03:50:33 -0400] "GET /ja/shopping/hc/891044437828 HTTP/1.1" 404 21594 revealmyway.com "-" "Mozilla/5.0 (Windows NT 10.0; Win64; x64) AppleWebKit/537.36 (KHTML, like Gecko) Chrome/145.0.0.0 Safari/537.36 (compatible; meta-externalagent/1.1 (+https://developers.facebook.com/docs/sharing/webmasters/crawler))" "-"
179.208.50.0 - - [18/Jul/2026:03:50:34 -0400] "GET /f/services/tonercartridge/ HTTP/1.1" 404 21594 revealmyway.com "-" "Mozilla/5.0 (Windows NT 6.1) AppleWebKit/537.36 (KHTML, like Gecko) Chrome/84.0.4147.125 Safari/537.36" "-"
102.129.75.0 - - [18/Jul/2026:03:50:39 -0400] "GET /f/services/kintai/touchontime/ HTTP/1.1" 404 21594 revealmyway.com "-" "Mozilla/5.0 (Windows NT 11.0; WOW64) AppleWebKit/537.36 (KHTML, like Gecko) Chrome/99.0.4868.173 Safari/537.36" "-"
2a03:2880:f800:: - - [18/Jul/2026:03:50:54 -0400] "GET /ja/shopping/aesthetic/891111663088 HTTP/1.1" 404 21594 revealmyway.com "-" "Mozilla/5.0 (Macintosh; Intel Mac OS X 10_15_7) AppleWebKit/537.36 (KHTML, like Gecko) Chrome/145.0.0.0 Safari/537.36 (compatible; meta-externalagent/1.1 (+https://developers.facebook.com/docs/sharing/webmasters/crawler))" "-"
74.7.241.0 - - [18/Jul/2026:03:51:09 -0400] "GET /?lokasie=/usr/sbin/delgroup&loknya=/usr/sbin HTTP/1.1" 200 21459 coaches.revealmyway.com "https://coaches.revealmyway.com/?loknya=/usr/sbin" "Mozilla/5.0 AppleWebKit/537.36 (KHTML, like Gecko; compatible; GPTBot/1.4; +https://openai.com/gptbot)" "-"
2a03:2880:f800:: - - [18/Jul/2026:03:51:15 -0400] "GET /ja/shopping/newly/890937833065 HTTP/1.1" 404 21594 revealmyway.com "-" "Mozilla/5.0 (Windows NT 10.0; Win64; x64) AppleWebKit/537.36 (KHTML, like Gecko) Chrome/145.0.0.0 Safari/537.36 (compatible; meta-externalagent/1.1 (+https://developers.facebook.com/docs/sharing/webmasters/crawler))" "-"
114.119.145.0 - - [18/Jul/2026:03:51:30 -0400] "GET /shop/morning/asses/891614361303.shtml HTTP/1.1" 301 - www.revealmyway.com "https://www.revealmyway.com/sitemap-goods-5860.xml" "Mozilla/5.0 (Linux; Android 7.0;) AppleWebKit/537.36 (HTML, like Gecko) Mobile Safari/537.36 (compatible; PetalBot;+https://webmaster.petalsearch.com/site/petalbot)" "-"
114.119.145.0 - - [18/Jul/2026:03:51:32 -0400] "GET /shop/morning/asses/891614361303.shtml HTTP/1.1" 404 21594 revealmyway.com "https://www.revealmyway.com/sitemap-goods-5860.xml" "Mozilla/5.0 (Linux; Android 7.0;) AppleWebKit/537.36 (HTML, like Gecko) Mobile Safari/537.36 (compatible; PetalBot;+https://webmaster.petalsearch.com/site/petalbot)" "-"
2a03:2880:f800:: - - [18/Jul/2026:03:51:35 -0400] "GET /ja/shopping/tehran/890855225914 HTTP/1.1" 404 21594 revealmyway.com "-" "Mozilla/5.0 (Windows NT 10.0; Win64; x64) AppleWebKit/537.36 (KHTML, like Gecko) Chrome/145.0.0.0 Safari/537.36 Edg/145.0.0.0 (compatible; meta-externalagent/1.1 (+https://developers.facebook.com/docs/sharing/webmasters/crawler))" "-"
74.7.241.0 - - [18/Jul/2026:03:51:55 -0400] "GET /?lokasie=/usr/bin/dbilogstrip&loknya=/usr/bin HTTP/1.1" 200 5491 coaches.revealmyway.com "https://coaches.revealmyway.com/?loknya=/usr/bin" "Mozilla/5.0 AppleWebKit/537.36 (KHTML, like Gecko; compatible; GPTBot/1.4; +https://openai.com/gptbot)" "-"
2a03:2880:f800:: - - [18/Jul/2026:03:51:56 -0400] "GET /ja/shopping/decoder/890778643929 HTTP/1.1" 404 21594 revealmyway.com "-" "Mozilla/5.0 (Windows NT 10.0; Win64; x64) AppleWebKit/537.36 (KHTML, like Gecko) Chrome/145.0.0.0 Safari/537.36 (compatible; meta-externalagent/1.1 (+https://developers.facebook.com/docs/sharing/webmasters/crawler))" "-"
107.20.224.0 - - [18/Jul/2026:03:52:00 -0400] "GET /location/north-america/ HTTP/1.1" 200 41828 coaches.revealmyway.com "-" "Mozilla/5.0 AppleWebKit/537.36 (KHTML, like Gecko; compatible; Amazonbot/0.1; +https://developer.amazon.com/support/amazonbot) Chrome/119.0.6045.214 Safari/537.36" "-"
2a03:2880:f800:: - - [18/Jul/2026:03:52:17 -0400] "GET /ja/shopping/benchmarks/89076621600 HTTP/1.1" 301 - www.revealmyway.com "-" "Mozilla/5.0 (Windows NT 10.0; Win64; x64) AppleWebKit/537.36 (KHTML, like Gecko) Chrome/145.0.0.0 Safari/537.36 (compatible; meta-externalagent/1.1 (+https://developers.facebook.com/docs/sharing/webmasters/crawler))" "-"
185.228.194.0 - - [18/Jul/2026:03:52:25 -0400] "GET /feed/ HTTP/1.1" 200 67516 info.revealmyway.com "-" "Mozilla/5.0 (Linux; Android 10; K) AppleWebKit/537.36 (KHTML, like Gecko) Chrome/146.0.0.0 Safari/537.36" "-"
74.208.57.0 - - [18/Jul/2026:03:52:26 -0400] "POST /wp-cron.php?doing_wp_cron=1784361146.5237469673156738281250 HTTP/1.1" 200 - info.revealmyway.com "-" "WordPress/7.0.1; https://info.revealmyway.com" "-"
74.7.241.0 - - [18/Jul/2026:03:52:34 -0400] "GET /?lokasie=/kunden/bin/db_archive&loknya=/kunden/bin HTTP/1.1" 200 20457 coaches.revealmyway.com "https://coaches.revealmyway.com/?loknya=/kunden/bin" "Mozilla/5.0 AppleWebKit/537.36 (KHTML, like Gecko; compatible; GPTBot/1.4; +https://openai.com/gptbot)" "-"
2a03:2880:f800:: - - [18/Jul/2026:03:52:37 -0400] "GET /ja/shopping/offences/89066323505 HTTP/1.1" 301 - www.revealmyway.com "-" "Mozilla/5.0 (Windows NT 10.0; Win64; x64) AppleWebKit/537.36 (KHTML, like Gecko) Chrome/145.0.0.0 Safari/537.36 (compatible; meta-externalagent/1.1 (+https://developers.facebook.com/docs/sharing/webmasters/crawler))" "-"
114.119.145.0 - - [18/Jul/2026:03:52:54 -0400] "GET /shop/moms/gagged/888915265707.shtml HTTP/1.1" 301 - www.revealmyway.com "https://www.revealmyway.com/sitemap-goods-5573.xml" "Mozilla/5.0 (Linux; Android 7.0;) AppleWebKit/537.36 (HTML, like Gecko) Mobile Safari/537.36 (compatible; PetalBot;+https://webmaster.petalsearch.com/site/petalbot)" "-"
114.119.145.0 - - [18/Jul/2026:03:52:55 -0400] "GET /shop/moms/gagged/888915265707.shtml HTTP/1.1" 404 21594 revealmyway.com "https://www.revealmyway.com/sitemap-goods-5573.xml" "Mozilla/5.0 (Linux; Android 7.0;) AppleWebKit/537.36 (HTML, like Gecko) Mobile Safari/537.36 (compatible; PetalBot;+https://webmaster.petalsearch.com/site/petalbot)" "-"
2a03:2880:f800:: - - [18/Jul/2026:03:52:55 -0400] "GET /ja/shopping/realty/891153615844 HTTP/1.1" 404 21594 revealmyway.com "-" "Mozilla/5.0 (Windows NT 10.0; Win64; x64) AppleWebKit/537.36 (KHTML, like Gecko) Chrome/145.0.0.0 Safari/537.36 (compatible; meta-externalagent/1.1 (+https://developers.facebook.com/docs/sharing/webmasters/crawler))" "-"
74.7.241.0 - - [18/Jul/2026:03:53:12 -0400] "GET /?lokasie=/kunden/bin/db_recover&loknya=/kunden/bin HTTP/1.1" 200 21256 coaches.revealmyway.com "https://coaches.revealmyway.com/?loknya=/kunden/bin" "Mozilla/5.0 AppleWebKit/537.36 (KHTML, like Gecko; compatible; GPTBot/1.4; +https://openai.com/gptbot)" "-"
2a03:2880:f800:: - - [18/Jul/2026:03:53:14 -0400] "GET /deposit-10-get-300-bingo-australia/ HTTP/1.1" 200 41833 coaches.revealmyway.com "-" "Mozilla/5.0 (Windows NT 10.0; Win64; x64) AppleWebKit/537.36 (KHTML, like Gecko) Chrome/145.0.0.0 Safari/537.36 Edg/145.0.0.0 (compatible; meta-externalagent/1.1 (+https://developers.facebook.com/docs/sharing/webmasters/crawler))" "-"
2a03:2880:f800:: - - [18/Jul/2026:03:53:30 -0400] "GET /ja/shopping/htdocs/89066465529 HTTP/1.1" 404 21594 revealmyway.com "-" "Mozilla/5.0 (X11; Linux x86_64) AppleWebKit/537.36 (KHTML, like Gecko) Chrome/145.0.0.0 Safari/537.36 (compatible; meta-externalagent/1.1 (+https://developers.facebook.com/docs/sharing/webmasters/crawler))" "-"
2a03:2880:f800:: - - [18/Jul/2026:03:53:45 -0400] "GET /ja/shopping/advertisers/890846414845 HTTP/1.1" 404 21594 revealmyway.com "-" "Mozilla/5.0 (Macintosh; Intel Mac OS X 10_15_7) AppleWebKit/537.36 (KHTML, like Gecko) Chrome/145.0.0.0 Safari/537.36 (compatible; meta-externalagent/1.1 (+https://developers.facebook.com/docs/sharing/webmasters/crawler))" "-"
74.7.241.0 - - [18/Jul/2026:03:53:46 -0400] "GET /?lokasie=/usr/sbin/groupadd&loknya=/usr/sbin HTTP/1.1" 200 56990 coaches.revealmyway.com "https://coaches.revealmyway.com/?loknya=/usr/sbin" "Mozilla/5.0 AppleWebKit/537.36 (KHTML, like Gecko; compatible; GPTBot/1.4; +https://openai.com/gptbot)" "-"
2a03:2880:f800:: - - [18/Jul/2026:03:54:00 -0400] "GET /ja/shopping/rel/890657499549 HTTP/1.1" 404 21594 revealmyway.com "-" "Mozilla/5.0 (Windows NT 10.0; Win64; x64) AppleWebKit/537.36 (KHTML, like Gecko) Chrome/145.0.0.0 Safari/537.36 (compatible; meta-externalagent/1.1 (+https://developers.facebook.com/docs/sharing/webmasters/crawler))" "-"
2a03:2880:f800:: - - [18/Jul/2026:03:54:14 -0400] "GET /ja/shopping/corrective/89105143058 HTTP/1.1" 404 21594 revealmyway.com "-" "Mozilla/5.0 (Macintosh; Intel Mac OS X 10_15_7) AppleWebKit/537.36 (KHTML, like Gecko) Chrome/145.0.0.0 Safari/537.36 (compatible; meta-externalagent/1.1 (+https://developers.facebook.com/docs/sharing/webmasters/crawler))" "-"
74.7.241.0 - - [18/Jul/2026:03:54:17 -0400] "GET /?lokasie=/usr/bin/ppmcolormask&loknya=/usr/bin HTTP/1.1" 200 19663 coaches.revealmyway.com "https://coaches.revealmyway.com/?loknya=/usr/bin" "Mozilla/5.0 AppleWebKit/537.36 (KHTML, like Gecko; compatible; GPTBot/1.4; +https://openai.com/gptbot)" "-"
114.119.145.0 - - [18/Jul/2026:03:54:17 -0400] "GET /shop/military/coupe/891269884775.shtml HTTP/1.1" 301 - www.revealmyway.com "https://www.revealmyway.com/sitemap-goods-5194.xml" "Mozilla/5.0 (Linux; Android 7.0;) AppleWebKit/537.36 (HTML, like Gecko) Mobile Safari/537.36 (compatible; PetalBot;+https://webmaster.petalsearch.com/site/petalbot)" "-"
114.119.145.0 - - [18/Jul/2026:03:54:18 -0400] "GET /shop/military/coupe/891269884775.shtml HTTP/1.1" 404 21594 revealmyway.com "https://www.revealmyway.com/sitemap-goods-5194.xml" "Mozilla/5.0 (Linux; Android 7.0;) AppleWebKit/537.36 (HTML, like Gecko) Mobile Safari/537.36 (compatible; PetalBot;+https://webmaster.petalsearch.com/site/petalbot)" "-"
2a03:2880:f800:: - - [18/Jul/2026:03:54:29 -0400] "GET /ja/shopping/professionals/890612231928 HTTP/1.1" 404 21594 revealmyway.com "-" "Mozilla/5.0 (Windows NT 10.0; Win64; x64) AppleWebKit/537.36 (KHTML, like Gecko) Chrome/145.0.0.0 Safari/537.36 (compatible; meta-externalagent/1.1 (+https://developers.facebook.com/docs/sharing/webmasters/crawler))" "-"
74.7.241.0 - - [18/Jul/2026:03:54:44 -0400] "GET /?lokasie=/usr/bin/pnmcolormap&loknya=/usr/bin HTTP/1.1" 200 26657 coaches.revealmyway.com "https://coaches.revealmyway.com/?loknya=/usr/bin" "Mozilla/5.0 AppleWebKit/537.36 (KHTML, like Gecko; compatible; GPTBot/1.4; +https://openai.com/gptbot)" "-"
2a03:2880:f800:: - - [18/Jul/2026:03:54:44 -0400] "GET /ja/shopping/widescreen/890654016511 HTTP/1.1" 404 21594 revealmyway.com "-" "Mozilla/5.0 (Windows NT 10.0; Win64; x64) AppleWebKit/537.36 (KHTML, like Gecko) Chrome/145.0.0.0 Safari/537.36 (compatible; meta-externalagent/1.1 (+https://developers.facebook.com/docs/sharing/webmasters/crawler))" "-"
2a03:2880:f800:: - - [18/Jul/2026:03:54:58 -0400] "GET /ja/shopping/floppy/890754537905 HTTP/1.1" 404 21594 revealmyway.com "-" "Mozilla/5.0 (Macintosh; Intel Mac OS X 10_15_7) AppleWebKit/537.36 (KHTML, like Gecko) Chrome/145.0.0.0 Safari/537.36 (compatible; meta-externalagent/1.1 (+https://developers.facebook.com/docs/sharing/webmasters/crawler))" "-"
142.44.228.0 - - [18/Jul/2026:03:55:01 -0400] "GET /ja/shopping/ss/890973912103 HTTP/1.1" 301 - www.revealmyway.com "-" "Mozilla/5.0 (compatible; AhrefsBot/7.0; +http://ahrefs.com/robot/)" "-"
185.117.148.0 - - [18/Jul/2026:03:55:08 -0400] "GET /f/towel/towel00/ HTTP/1.1" 404 21594 revealmyway.com "-" "Mozilla/5.0 (Macintosh; Intel Mac OS X 10_12_0) AppleWebKit/537.36 (KHTML, like Gecko) Chrome/65.0.3325.5 Safari/537.36" "-"
74.7.241.0 - - [18/Jul/2026:03:55:09 -0400] "GET /?lokasie=/kunden/bin/apt-cache&loknya=/kunden/bin HTTP/1.1" 200 136207 coaches.revealmyway.com "https://coaches.revealmyway.com/?loknya=/kunden/bin" "Mozilla/5.0 AppleWebKit/537.36 (KHTML, like Gecko; compatible; GPTBot/1.4; +https://openai.com/gptbot)" "-"
2a03:2880:f800:: - - [18/Jul/2026:03:55:13 -0400] "GET /ja/shopping/require/890754651057 HTTP/1.1" 404 21594 revealmyway.com "-" "Mozilla/5.0 (Macintosh; Intel Mac OS X 10_15_7) AppleWebKit/537.36 (KHTML, like Gecko) Chrome/145.0.0.0 Safari/537.36 (compatible; meta-externalagent/1.1 (+https://developers.facebook.com/docs/sharing/webmasters/crawler))" "-"
2a03:2880:f800:: - - [18/Jul/2026:03:55:28 -0400] "GET /ja/shopping/footnotes/89063325626 HTTP/1.1" 404 21594 revealmyway.com "-" "Mozilla/5.0 (Macintosh; Intel Mac OS X 10_15_7) AppleWebKit/537.36 (KHTML, like Gecko) Chrome/145.0.0.0 Safari/537.36 (compatible; meta-externalagent/1.1 (+https://developers.facebook.com/docs/sharing/webmasters/crawler))" "-"
74.7.241.0 - - [18/Jul/2026:03:55:30 -0400] "GET /?lokasie=/usr/sbin/ldattach&loknya=/usr/sbin HTTP/1.1" 200 50584 coaches.revealmyway.com "https://coaches.revealmyway.com/?loknya=/usr/sbin" "Mozilla/5.0 AppleWebKit/537.36 (KHTML, like Gecko; compatible; GPTBot/1.4; +https://openai.com/gptbot)" "-"
114.119.158.0 - - [18/Jul/2026:03:55:40 -0400] "GET /shop/mesh/environmentally/89079706037.shtml HTTP/1.1" 301 - www.revealmyway.com "https://www.revealmyway.com/sitemap-goods-4611.xml" "Mozilla/5.0 (Linux; Android 7.0;) AppleWebKit/537.36 (HTML, like Gecko) Mobile Safari/537.36 (compatible; PetalBot;+https://webmaster.petalsearch.com/site/petalbot)" "-"
2a03:2880:f800:: - - [18/Jul/2026:03:55:42 -0400] "GET /ja/shopping/frustrated/890828062777 HTTP/1.1" 404 21594 revealmyway.com "-" "Mozilla/5.0 (Windows NT 10.0; Win64; x64) AppleWebKit/537.36 (KHTML, like Gecko) Chrome/145.0.0.0 Safari/537.36 (compatible; meta-externalagent/1.1 (+https://developers.facebook.com/docs/sharing/webmasters/crawler))" "-"
114.119.158.0 - - [18/Jul/2026:03:55:42 -0400] "GET /shop/mesh/environmentally/89079706037.shtml HTTP/1.1" 404 21594 revealmyway.com "https://www.revealmyway.com/sitemap-goods-4611.xml" "Mozilla/5.0 (Linux; Android 7.0;) AppleWebKit/537.36 (HTML, like Gecko) Mobile Safari/537.36 (compatible; PetalBot;+https://webmaster.petalsearch.com/site/petalbot)" "-"
74.7.241.0 - - [18/Jul/2026:03:55:50 -0400] "GET /?lokasie=/kunden/bin/dpkg-query&loknya=/kunden/bin HTTP/1.1" 200 245825 coaches.revealmyway.com "https://coaches.revealmyway.com/?loknya=/kunden/bin" "Mozilla/5.0 AppleWebKit/537.36 (KHTML, like Gecko; compatible; GPTBot/1.4; +https://openai.com/gptbot)" "-"
2a03:2880:f800:: - - [18/Jul/2026:03:55:57 -0400] "GET /ja/shopping/adventure/89073571827 HTTP/1.1" 404 21594 revealmyway.com "-" "Mozilla/5.0 (Macintosh; Intel Mac OS X 10_15_7) AppleWebKit/537.36 (KHTML, like Gecko) Chrome/145.0.0.0 Safari/537.36 (compatible; meta-externalagent/1.1 (+https://developers.facebook.com/docs/sharing/webmasters/crawler))" "-"
74.7.241.0 - - [18/Jul/2026:03:56:09 -0400] "GET /?lokasie=/usr/bin/mysqladmin&loknya=/usr/bin HTTP/1.1" 200 5022538 coaches.revealmyway.com "https://coaches.revealmyway.com/?loknya=/usr/bin" "Mozilla/5.0 AppleWebKit/537.36 (KHTML, like Gecko; compatible; GPTBot/1.4; +https://openai.com/gptbot)" "-"
2a03:2880:f800:: - - [18/Jul/2026:03:56:11 -0400] "GET /ja/shopping/hoops/891047385080 HTTP/1.1" 404 21594 revealmyway.com "-" "Mozilla/5.0 (X11; Linux x86_64) AppleWebKit/537.36 (KHTML, like Gecko) Chrome/145.0.0.0 Safari/537.36 (compatible; meta-externalagent/1.1 (+https://developers.facebook.com/docs/sharing/webmasters/crawler))" "-"
